-- Data for Name: item_barcodes; Type: TABLE DATA; Schema: public; Owner: postgres
--

COPY public.item_barcodes (id, item_id, barcode, barcode_label, is_active, created_at, scan_mode) FROM stdin;
\.


--
-- Data for Name: item_line_discounts; Type: TABLE DATA; Schema: public; Owner: postgres
--

COPY public.item_line_discounts (id, item_id, discount_type, discount_value, is_active, starts_at, expires_at, created_at, updated_at) FROM stdin;
\.


--
-- Data for Name: item_modifier_group_assignments; Type: TABLE DATA; Schema: public; Owner: postgres
--

COPY public.item_modifier_group_assignments (id, item_id, modifier_group_id, is_required, sort_order, created_at) FROM stdin;
\.


--
-- Data for Name: item_modifier_groups; Type: TABLE DATA; Schema: public; Owner: postgres
--

COPY public.item_modifier_groups (id, name, display_name, description, is_required, is_multiple_choice, max_selections, min_selections, is_active, sort_order, created_at, updated_at) FROM stdin;
\.


--
-- Data for Name: item_modifiers; Type: TABLE DATA; Schema: public; Owner: postgres
--

COPY public.item_modifiers (id, name, short_name, price_adjustment, cost_adjustment, is_default, is_active, sort_order, prep_time_adjustment, created_at, updated_at) FROM stdin;
\.


--
-- Data for Name: item_serial_transactions; Type: TABLE DATA; Schema: public; Owner: postgres
--

COPY public.item_serial_transactions (id, serial_id, item_id, trans_type, doc_type, doc_id, header_id, branch_id, user_id, remarks, created_at) FROM stdin;
\.


--
-- Data for Name: item_serials; Type: TABLE DATA; Schema: public; Owner: postgres
--

COPY public.item_serials (id, item_id, serial_no, details, cost_price, selling_price, warranty_name, warranty_expiry, status_code, branch_id, supplier_id, created_at, updated_at) FROM stdin;
\.


--
-- Data for Name: items; Type: TABLE DATA; Schema: public; Owner: postgres
--

COPY public.items (id, item_code, sku_number, name, description, retail_price, wholesale_price, cost_price, reorder_quantity, reorder_level, tax_type, tax_rate_id, category_id, sub_category_id, bulk_qty, bulk_price, pkg_qty, uom_id, item_type, product_image, display_color, item_role, is_serialized, is_third_schedule, is_active, supplier_id, prep_time, fbr_uom, fbr_sale_type) FROM stdin;
1	ITM001	SKU001	Bihari Rolls 6 pieces	\N	799.00	\N	0.00	50	10	nil	0	1	1	0	0.00	0	1	single	\N	\N	stock	f	f	t	\N	\N	\N	\N
4	ITM004	SKU004	Bitesa special Cheese Burger	\N	899.00	\N	0.00	50	10	nil	0	1	4	0	0.00	0	1	single	\N	\N	stock	f	f	t	\N	\N	\N	\N
5	ITM005	SKU005	LOADED FRIES	\N	700.00	\N	0.00	50	10	nil	0	1	1	0	0.00	0	1	single	\N	\N	stock	f	f	t	\N	\N	\N	\N
6	ITM006	SKU006	BITESA SPECIAL OFFER	\N	3499.00	\N	0.00	50	10	nil	0	3	5	0	0.00	0	1	single	\N	\N	stock	f	f	t	\N	\N	\N	\N
10	ITM010	SKU010	Buy 1 Get 1 Free	\N	1650.00	\N	10.00	50	10	nil	0	3	6	0	0.00	0	1	single	\N	\N	stock	f	f	t	\N	\N	\N	\N
12	ITM012	SKU012	1 LTR	\N	170.00	\N	10.00	50	10	nil	0	4	7	0	0.00	0	1	single	\N	\N	stock	f	f	t	\N	\N	\N	\N
13	ITM013	SKU013	1.5 LTR	\N	200.00	\N	1.00	50	10	nil	0	4	7	0	0.00	0	1	single	\N	\N	stock	f	f	t	\N	\N	\N	\N
15	ITM015	SKU015	FRIES LARGE	\N	390.00	\N	1.00	50	10	nil	0	1	1	0	0.00	0	1	single	\N	\N	stock	f	f	t	\N	\N	\N	\N
16	ITM016	SKU016	FRIES MEDIUM	\N	290.00	\N	1.00	50	10	nil	0	1	1	0	0.00	0	1	single	\N	\N	stock	f	f	t	\N	\N	\N	\N
18	ITM018	SKU018	CHICKEN PCS 5	\N	1150.00	\N	1.00	50	10	nil	0	1	1	0	0.00	0	1	single	\N	\N	stock	f	f	t	\N	\N	\N	\N
19	ITM019	SKU019	CHICKEN PCS 3	\N	699.00	\N	1.00	50	10	nil	0	1	1	0	0.00	0	1	single	\N	\N	stock	f	f	t	\N	\N	\N	\N
20	ITM020	SKU020	CHICKEN PCS 1	\N	250.00	\N	1.00	50	10	nil	0	1	1	0	0.00	0	1	single	\N	\N	stock	f	f	t	\N	\N	\N	\N
21	ITM021	SKU021	CRISPY CHICKEN WINGS 10	\N	699.00	\N	1.00	50	10	nil	0	1	1	0	0.00	0	1	single	\N	\N	stock	f	f	t	\N	\N	\N	\N
22	ITM022	SKU022	CRISPY CHICKEN WINGS 5	\N	399.00	\N	1.00	50	10	nil	0	1	1	0	0.00	0	1	single	\N	\N	stock	f	f	t	\N	\N	\N	\N
23	ITM023	SKU023	CHICKEN NUGGETS 5 PCS	\N	399.00	\N	1.00	50	10	nil	0	1	1	0	0.00	0	1	single	\N	\N	stock	f	f	t	\N	\N	\N	\N
28	ITM028	SKU028	CALZONE STICKS	\N	650.00	\N	1.00	50	10	nil	0	1	1	0	0.00	0	1	single	\N	\N	stock	f	f	t	\N	\N	\N	\N
29	ITM029	SKU029	Mayo Dip	\N	80.00	\N	1.00	50	10	nil	0	5	8	0	0.00	0	1	single	\N	\N	stock	f	f	t	\N	\N	\N	\N
30	ITM030	SKU030	Extra Chicken Patty	\N	299.00	\N	1.00	50	10	nil	0	5	8	0	0.00	0	1	single	\N	\N	stock	f	f	t	\N	\N	\N	\N
31	ITM031	SKU031	Extra Cheese & Chicken	\N	299.00	\N	1.00	50	10	nil	0	5	9	0	0.00	0	1	single	\N	\N	stock	f	f	t	\N	\N	\N	\N
32	ITM032	SKU032	Extra Cheese & Chicken	\N	199.00	\N	1.00	50	10	nil	0	5	10	0	0.00	0	1	single	\N	\N	stock	f	f	t	\N	\N	\N	\N
33	ITM033	SKU033	Extra Cheese & Chicken	\N	150.00	\N	1.00	50	10	nil	0	5	11	0	0.00	0	1	single	\N	\N	stock	f	f	t	\N	\N	\N	\N
34	ITM034	SKU034	Extra Cheese & Chicken	\N	90.00	\N	1.00	50	10	nil	0	5	8	0	0.00	0	1	single	\N	\N	stock	f	f	t	\N	\N	\N	\N
35	ITM035	SKU035	ZINGER BUREGR (COMBO)	\N	699.00	\N	1.00	50	10	nil	0	1	4	0	0.00	0	1	single	\N	\N	stock	f	f	t	\N	\N	\N	\N
36	ITM036	SKU036	ZINGER BUREGR	\N	499.00	\N	1.00	50	10	nil	0	1	4	0	0.00	0	1	single	\N	\N	stock	f	f	t	\N	\N	\N	\N
37	ITM037	SKU037	CRUNCH BURGER (COMBO)	\N	599.00	\N	1.00	50	10	nil	0	1	4	0	0.00	0	1	single	\N	\N	stock	f	f	t	\N	\N	\N	\N
38	ITM038	SKU038	CRUNCH BURGER	\N	399.00	\N	1.00	50	10	nil	0	1	4	0	0.00	0	1	single	\N	\N	stock	f	f	t	\N	\N	\N	\N
39	ITM039	SKU039	Firebull Sandwich	\N	580.00	\N	1.00	50	10	nil	0	1	12	0	0.00	0	1	single	\N	\N	stock	f	f	t	\N	\N	\N	\N
40	ITM040	SKU040	Cheezy Sandwich	\N	750.00	\N	1.00	50	10	nil	0	1	12	0	0.00	0	1	single	\N	\N	stock	f	f	t	\N	\N	\N	\N
52	ITM052	SKU052	Bitesa Cheezy Flavors	\N	2399.00	\N	1.00	50	10	nil	0	2	13	0	0.00	0	1	single	\N	\N	stock	f	f	t	\N	\N	\N	\N
53	ITM053	SKU053	Bitesa Cheezy Flavors	\N	1699.00	\N	1.00	50	10	nil	0	2	3	0	0.00	0	1	single	\N	\N	stock	f	f	t	\N	\N	\N	\N
54	ITM054	SKU054	Bitesa Cheezy Flavors	\N	1350.00	\N	1.00	50	10	nil	0	2	2	0	0.00	0	1	single	\N	\N	stock	f	f	t	\N	\N	\N	\N
58	ITM058	SKU058	ROYAL SPECIAL DELIGHT DEAL	\N	1950.00	\N	1.00	50	10	nil	0	3	15	0	0.00	0	1	single	\N	\N	stock	f	f	t	\N	\N	\N	\N
26	ITM026	SKU026	FIRE BAKED WINGS 06	\N	400.00	0.00	1.00	50	10	nil	\N	1	1	\N	\N	\N	1	loose	\N	\N	stock	f	f	t	\N	\N	\N	\N
25	ITM025	SKU025	PERI PERI WINGS 06	\N	450.00	0.00	1.00	50	10	nil	\N	1	1	\N	\N	\N	1	loose	\N	\N	stock	f	f	t	\N	\N	\N	\N
9	ITM009	SKU009	CRUNCHY  PASTA	\N	850.00	0.00	0.00	50	10	nil	\N	1	1	\N	\N	\N	1	loose	\N	\N	stock	f	f	t	\N	\N	\N	\N
14	ITM014	SKU014	CAN	\N	120.00	0.00	1.00	50	10	nil	\N	4	7	\N	\N	\N	1	loose	\N	\N	stock	f	f	t	\N	\N	\N	\N
27	ITM027	SKU027	CHUNKS WITH FRESHLY SAUCE	\N	999.00	0.00	1.00	50	10	nil	\N	1	1	\N	\N	\N	1	loose	\N	\N	stock	f	f	t	\N	\N	\N	\N
47	ITM047	SKU047	Pizza Head Medium	\N	1199.00	0.00	1.00	50	10	nil	\N	2	2	\N	\N	\N	1	loose	\N	\N	stock	f	f	t	\N	\N	\N	\N
57	ITM057	SKU057	The Crown Pizza Regular	\N	1399.00	0.00	1.00	50	10	nil	\N	2	2	\N	\N	\N	1	loose	\N	\N	stock	f	f	t	\N	\N	\N	\N
56	ITM056	SKU056	The Crown Pizza Large	\N	1699.00	0.00	1.00	50	10	nil	\N	2	3	\N	\N	\N	1	loose	\N	\N	stock	f	f	t	\N	\N	\N	\N
51	ITM051	SKU051	Kebab-E-Crust Pizza Rgular	\N	1450.00	0.00	1.00	50	10	nil	\N	2	2	\N	\N	\N	1	loose	\N	\N	stock	f	f	t	\N	\N	\N	\N
50	ITM050	SKU050	Kebab-E-Crust Pizza Large	\N	1899.00	0.00	1.00	50	10	nil	\N	2	3	\N	\N	\N	1	loose	\N	\N	stock	f	f	t	\N	\N	\N	\N
49	ITM049	SKU049	Kebab-E-Crust Pizza Party	\N	2750.00	0.00	1.00	50	10	nil	\N	2	13	\N	\N	\N	1	loose	\N	\N	stock	f	f	t	\N	\N	\N	\N
42	ITM042	SKU042	Other Flavours Large	\N	1599.00	0.00	1.00	50	10	nil	\N	2	3	\N	\N	\N	1	loose	\N	\N	stock	f	f	t	\N	\N	\N	\N
41	ITM041	SKU041	Other Flavours Party	\N	2399.00	0.00	1.00	50	10	nil	\N	2	13	\N	\N	\N	1	loose	\N	\N	stock	f	f	t	\N	\N	\N	\N
46	ITM046	SKU046	Pizza Head Large	\N	1599.00	0.00	1.00	50	10	nil	\N	2	3	\N	\N	\N	1	loose	\N	\N	stock	f	f	t	\N	\N	\N	\N
45	ITM045	SKU045	Pizza Head Party	\N	2299.00	0.00	1.00	50	10	nil	\N	2	13	\N	\N	\N	1	loose	\N	\N	stock	f	f	t	\N	\N	\N	\N
3	ITM003	SKU003	Deep Dish Pizza large	\N	1899.00	0.00	0.00	50	10	nil	\N	2	3	\N	\N	\N	1	loose	\N	\N	stock	f	f	t	\N	\N	\N	\N
2	ITM002	SKU002	Deep Dish Pizza Regular	\N	1449.00	0.00	0.00	50	10	nil	\N	2	2	\N	\N	\N	1	loose	\N	\N	stock	f	f	t	\N	\N	\N	\N
11	ITM011	SKU011	NR  DRINKS	\N	100.00	0.00	1.00	50	10	nil	\N	4	7	\N	\N	\N	1	loose	\N	\N	stock	f	f	t	\N	\N	\N	\N
7	ITM007	SKU007	ZINGER  SHAWARMA	\N	320.00	0.00	0.00	50	10	nil	\N	1	1	\N	\N	\N	1	loose	\N	\N	stock	f	f	t	\N	\N	\N	\N
8	ITM008	SKU008	CHICKEN  SHAWARMA	\N	220.00	0.00	0.00	50	10	nil	\N	1	1	\N	\N	\N	1	loose	\N	\N	stock	f	f	t	\N	\N	\N	\N
17	ITM017	SKU017	FRIES SMALL	\N	190.00	0.00	1.00	50	10	nil	\N	1	1	\N	\N	\N	1	loose	\N	\N	stock	f	f	t	\N	\N	\N	\N
44	ITM044	SKU044	Other Flavours Small Pizaa	\N	599.00	0.00	1.00	50	10	nil	\N	2	14	\N	\N	\N	1	loose	\N	\N	stock	f	f	t	\N	\N	\N	\N
48	ITM048	SKU048	Pizza Head Small Pizza	\N	599.00	0.00	1.00	50	10	nil	\N	2	14	\N	\N	\N	1	loose	\N	\N	stock	f	f	t	\N	\N	\N	\N
43	ITM043	SKU043	Other Flavours Regular Pizza	\N	1199.00	0.00	1.00	50	10	nil	\N	2	2	\N	\N	\N	1	loose	\N	\N	stock	f	f	t	\N	\N	\N	\N
59	ITM059	SKU059	CROWN CRAVING COMBO	\N	2550.00	\N	1.00	50	10	nil	0	3	15	0	0.00	0	1	single	\N	\N	stock	f	f	t	\N	\N	\N	\N
60	ITM060	SKU060	MEGA COMBO DELIGHT	\N	2699.00	\N	1.00	50	10	nil	0	3	15	0	0.00	0	1	single	\N	\N	stock	f	f	t	\N	\N	\N	\N
61	ITM061	SKU061	ZINGER MIX MAGIC	\N	1699.00	\N	1.00	50	10	nil	0	3	15	0	0.00	0	1	single	\N	\N	stock	f	f	t	\N	\N	\N	\N
62	ITM062	SKU062	ROYAL ROASTED PLATTER	\N	1099.00	\N	1.00	50	10	nil	0	3	15	0	0.00	0	1	single	\N	\N	stock	f	f	t	\N	\N	\N	\N
63	ITM063	SKU063	SPECIAL DELIGHT PLATTER	\N	1099.00	\N	1.00	50	10	nil	0	3	15	0	0.00	0	1	single	\N	\N	stock	f	f	t	\N	\N	\N	\N
64	ITM064	SKU064	TRIO DEAL 2	\N	1499.00	\N	1.00	50	10	nil	0	3	16	0	0.00	0	1	single	\N	\N	stock	f	f	t	\N	\N	\N	\N
65	ITM065	SKU065	TRIO DEAL	\N	1650.00	\N	1.00	50	10	nil	0	3	16	0	0.00	0	1	single	\N	\N	stock	f	f	t	\N	\N	\N	\N
67	ITM067	SKU067	CRISY BAE DEAL	\N	750.00	\N	1.00	50	10	nil	0	3	17	0	0.00	0	1	single	\N	\N	stock	f	f	t	\N	\N	\N	\N
68	ITM068	SKU068	DEAL 3	\N	2099.00	\N	1.00	50	10	nil	0	3	5	0	0.00	0	1	single	\N	\N	stock	f	f	t	\N	\N	\N	\N
69	ITM069	SKU069	FAMILY FEST 2	\N	2250.00	\N	1.00	50	10	nil	0	3	5	0	0.00	0	1	single	\N	\N	stock	f	f	t	\N	\N	\N	\N
70	ITM070	SKU070	FAMILY FEST	\N	2650.00	\N	1.00	50	10	nil	0	3	5	0	0.00	0	1	single	\N	\N	stock	f	f	t	\N	\N	\N	\N
71	ITM071	SKU071	LARGE PIZZA DEAL	\N	2650.00	\N	1.00	50	10	nil	0	3	6	0	0.00	0	1	single	\N	\N	stock	f	f	t	\N	\N	\N	\N
72	ITM072	SKU072	MEDIUM PIZZA DEAL	\N	2150.00	\N	1.00	50	10	nil	0	3	6	0	0.00	0	1	single	\N	\N	stock	f	f	t	\N	\N	\N	\N
73	ITM073	SKU073	SMALL PIZZA DEAL	\N	1150.00	\N	1.00	50	10	nil	0	3	6	0	0.00	0	1	single	\N	\N	stock	f	f	t	\N	\N	\N	\N
74	ITM074	SKU074	DUO BOX	\N	1150.00	\N	1.00	50	10	nil	0	3	18	0	0.00	0	1	single	\N	\N	stock	f	f	t	\N	\N	\N	\N
75	ITM075	SKU075	CRUNCH DEAL	\N	1599.00	\N	1.00	50	10	nil	0	3	18	0	0.00	0	1	single	\N	\N	stock	f	f	t	\N	\N	\N	\N
76	ITM076	SKU076	TWIN BOX	\N	1299.00	\N	1.00	50	10	nil	0	3	18	0	0.00	0	1	single	\N	\N	stock	f	f	t	\N	\N	\N	\N
77	10010	10010	FIRE BAKED WINGS 10	\N	700.00	0.00	0.00	0	0	nil	\N	1	1	\N	\N	\N	1	loose	\N	\N	non_stock	f	f	t	\N	\N	\N	\N
78	10011	10011	PERI PERI WINGS 10	\N	750.00	0.00	0.00	0	0	nil	\N	1	1	\N	\N	\N	1	loose	\N	\N	non_stock	f	f	t	\N	\N	\N	\N
66	ITM066	SKU066	SUPER VALUE  DEAL	\N	799.00	0.00	1.00	50	10	nil	\N	3	17	\N	\N	\N	1	loose	\N	\N	stock	f	f	t	\N	\N	\N	\N
55	ITM055	SKU055	The Crown Pizza Party	\N	2399.00	0.00	1.00	50	10	nil	\N	2	13	\N	\N	\N	1	loose	\N	\N	stock	f	f	t	\N	\N	\N	\N
80	1FREE0013	10013	BY 1 GET 1 FREE	\N	1650.00	0.00	0.00	0	0	nil	\N	2	3	\N	\N	\N	4	loose	\N	\N	non_stock	f	f	t	\N	\N	\N	\N
24	ITM024	SKU024	CHEEZY ROLLS 6 PCS	\N	799.00	0.00	1.00	50	10	nil	\N	1	1	\N	\N	\N	1	loose	\N	\N	stock	f	f	t	\N	\N	\N	\N
81	10013	10014	CHEEZY ROLLS 4 PCS	\N	550.00	0.00	0.00	0	0	nil	\N	1	1	\N	\N	\N	1	loose	\N	\N	non_stock	f	f	t	\N	\N	\N	\N
79	10012	10012	BITESA SPECIAL OFFER	\N	3499.00	0.00	0.00	0	0	nil	\N	1	1	\N	\N	\N	3	loose	\N	\N	non_stock	f	f	t	\N	\N	\N	\N
\.


--
-- Data for Name: journal_entries; Type: TABLE DATA; Schema: public; Owner: postgres
--

COPY public.journal_entries (id, entry_number, entry_date, period_id, transaction_date, source_type, reference_id, description, total_debit, total_credit, status, store_id, branch_id, user_id, posted_at, created_at, updated_at) FROM stdin;
\.


--
-- Data for Name: journal_entry_lines; Type: TABLE DATA; Schema: public; Owner: postgres
--

COPY public.journal_entry_lines (id, journal_entry_id, account_id, debit_amount, credit_amount, description, created_at) FROM stdin;
\.


--
-- Data for Name: kds_activity_log; Type: TABLE DATA; Schema: public; Owner: postgres
--

COPY public.kds_activity_log (id, store_id, kds_order_id, kds_order_item_id, action, details, description, user_id, created_at) FROM stdin;
\.


--
-- Data for Name: kds_cleanup_log; Type: TABLE DATA; Schema: public; Owner: postgres
--

COPY public.kds_cleanup_log (id, cleanup_date, retention_days, orders_deleted, order_items_deleted, activity_logs_deleted, total_records_deleted, execution_time_ms, status, message, created_at) FROM stdin;
\.


--
-- Data for Name: kds_order_items; Type: TABLE DATA; Schema: public; Owner: postgres
--

COPY public.kds_order_items (id, store_id, kds_order_id, sale_item_id, hold_item_id, item_id, item_name, quantity, unit_price, total_price, item_status, special_instructions, preparation_notes, prepared_at, served_at, prepared_by, served_by, sort_order, created_at, item_status_type, served_quantity, total_quantity) FROM stdin;
3	\N	2	1	\N	40	Cheezy Sandwich	1.000	750.00	750.00	pending		\N	\N	\N	\N	\N	0	2026-06-20 12:29:58.75718	original	0.000	1.000
4	\N	2	2	\N	36	ZINGER BUREGR	1.000	499.00	499.00	pending		\N	\N	\N	\N	\N	0	2026-06-20 12:29:58.75718	original	0.000	1.000
5	\N	3	3	\N	71	LARGE PIZZA DEAL	1.000	2650.00	2650.00	pending		\N	\N	\N	\N	\N	0	2026-06-20 12:43:19.541854	original	0.000	1.000
6	\N	4	4	\N	10	Buy 1 Get 1 Free	1.000	1650.00	1650.00	pending		\N	\N	\N	\N	\N	0	2026-06-20 13:04:08.928182	original	0.000	1.000
7	\N	5	5	\N	71	LARGE PIZZA DEAL	1.000	2650.00	2650.00	pending		\N	\N	\N	\N	\N	0	2026-06-20 13:10:11.754477	original	0.000	1.000
8	\N	5	6	\N	36	ZINGER BUREGR	1.000	499.00	499.00	pending		\N	\N	\N	\N	\N	0	2026-06-20 13:10:11.754477	original	0.000	1.000
19	\N	9	7	\N	40	Cheezy Sandwich	1.000	750.00	750.00	pending		\N	\N	\N	\N	\N	0	2026-06-20 13:14:00.346878	original	0.000	1.000
20	\N	9	8	\N	14	CAN	1.000	100.00	100.00	pending		\N	\N	\N	\N	\N	0	2026-06-20 13:14:00.346878	original	0.000	1.000
21	\N	9	9	\N	13	1.5 LTR	1.000	200.00	200.00	pending		\N	\N	\N	\N	\N	0	2026-06-20 13:14:00.346878	original	0.000	1.000
28	\N	12	10	\N	11	WATER	1.000	100.00	100.00	pending		\N	\N	\N	\N	\N	0	2026-06-20 13:17:41.276416	original	0.000	1.000
29	\N	13	11	\N	14	CAN	1.000	100.00	100.00	pending		\N	\N	\N	\N	\N	0	2026-06-20 15:11:56.550459	original	0.000	1.000
30	\N	14	12	\N	11	WATER	1.000	100.00	100.00	pending		\N	\N	\N	\N	\N	0	2026-06-20 15:23:24.061965	original	0.000	1.000
31	\N	15	13	\N	26	FIRE BAKED WINGS	1.000	400.00	400.00	pending		\N	\N	\N	\N	\N	0	2026-06-20 15:33:38.383041	original	0.000	1.000
32	\N	16	14	\N	68	DEAL 3	1.000	2099.00	2099.00	pending		\N	\N	\N	\N	\N	0	2026-06-20 16:04:07.34436	original	0.000	1.000
33	\N	17	15	\N	11	WATER	1.000	100.00	100.00	pending		\N	\N	\N	\N	\N	0	2026-06-20 16:11:00.48111	original	0.000	1.000
34	\N	18	16	\N	5	LOADED FRIES	1.000	700.00	700.00	pending		\N	\N	\N	\N	\N	0	2026-06-20 16:51:18.910034	original	0.000	1.000
35	\N	19	17	\N	11	AINNAR	1.000	100.00	100.00	pending		\N	\N	\N	\N	\N	0	2026-06-20 17:32:47.922753	original	0.000	1.000
36	\N	20	18	\N	56	The Crown Pizza	1.000	1699.00	1699.00	pending		\N	\N	\N	\N	\N	0	2026-06-20 17:39:24.491649	original	0.000	1.000
37	\N	21	19	\N	17	FRIES SMALL	1.000	190.00	190.00	pending		\N	\N	\N	\N	\N	0	2026-06-20 17:48:56.463754	original	0.000	1.000
38	\N	21	20	\N	28	CALZONE STICKS	1.000	650.00	650.00	pending		\N	\N	\N	\N	\N	0	2026-06-20 17:48:56.463754	original	0.000	1.000
39	\N	22	21	\N	10	Buy 1 Get 1 Free	1.000	1650.00	1650.00	pending		\N	\N	\N	\N	\N	0	2026-06-20 18:15:24.665003	original	0.000	1.000
40	\N	23	22	\N	47	Pizza Head	1.000	1199.00	1199.00	pending		\N	\N	\N	\N	\N	0	2026-06-20 18:57:51.113544	original	0.000	1.000
41	\N	24	23	\N	1	Bihari Rolls 6 pieces	1.000	799.00	799.00	pending		\N	\N	\N	\N	\N	0	2026-06-20 19:19:06.724157	original	0.000	1.000
42	\N	24	24	\N	47	Pizza Head	1.000	1199.00	1199.00	pending		\N	\N	\N	\N	\N	0	2026-06-20 19:19:06.724157	original	0.000	1.000
43	\N	25	25	\N	11	AINNAR	2.000	100.00	200.00	pending		\N	\N	\N	\N	\N	0	2026-06-20 19:40:25.44298	original	0.000	2.000
44	\N	25	26	\N	17	FRIES SMALL	1.000	190.00	190.00	pending		\N	\N	\N	\N	\N	0	2026-06-20 19:40:25.44298	original	0.000	1.000
45	\N	25	27	\N	8	CHICKEN SHAWARMA	1.000	220.00	220.00	pending		\N	\N	\N	\N	\N	0	2026-06-20 19:40:25.44298	original	0.000	1.000
46	\N	26	28	\N	16	FRIES MEDIUM	1.000	290.00	290.00	pending		\N	\N	\N	\N	\N	0	2026-06-20 19:45:37.60733	original	0.000	1.000
47	\N	26	29	\N	26	FIRE BAKED WINGS 06	1.000	400.00	400.00	pending		\N	\N	\N	\N	\N	0	2026-06-20 19:45:37.60733	original	0.000	1.000
48	\N	27	30	\N	43	Other Flavours Regular	1.000	1199.00	1199.00	pending		\N	\N	\N	\N	\N	0	2026-06-20 19:53:44.815005	original	0.000	1.000
49	\N	28	31	\N	13	1.5 LTR	1.000	200.00	200.00	pending		\N	\N	\N	\N	\N	0	2026-06-20 20:07:42.273198	original	0.000	1.000
50	\N	28	32	\N	65	TRIO DEAL	1.000	1650.00	1650.00	pending		\N	\N	\N	\N	\N	0	2026-06-20 20:07:42.273198	original	0.000	1.000
51	\N	28	33	\N	26	FIRE BAKED WINGS 06	1.000	400.00	400.00	pending		\N	\N	\N	\N	\N	0	2026-06-20 20:07:42.273198	original	0.000	1.000
52	\N	28	34	\N	71	LARGE PIZZA DEAL	1.000	2650.00	2650.00	pending		\N	\N	\N	\N	\N	0	2026-06-20 20:07:42.273198	original	0.000	1.000
53	\N	29	35	\N	68	DEAL 3	1.000	2099.00	2099.00	pending		\N	\N	\N	\N	\N	0	2026-06-20 20:09:11.329223	original	0.000	1.000
54	\N	30	36	\N	76	TWIN BOX	1.000	1299.00	1299.00	pending		\N	\N	\N	\N	\N	0	2026-06-20 20:29:14.915057	original	0.000	1.000
55	\N	31	37	\N	76	TWIN BOX	1.000	1299.00	1299.00	pending		\N	\N	\N	\N	\N	0	2026-06-20 20:29:50.93186	original	0.000	1.000
56	\N	32	38	\N	56	The Crown Pizza Large	1.000	1699.00	1699.00	pending		\N	\N	\N	\N	\N	0	2026-06-20 20:40:14.750888	original	0.000	1.000
57	\N	33	39	\N	13	1.5 LTR	1.000	200.00	200.00	pending		\N	\N	\N	\N	\N	0	2026-06-20 21:09:11.440163	original	0.000	1.000
58	\N	33	40	\N	16	FRIES MEDIUM	1.000	290.00	290.00	pending		\N	\N	\N	\N	\N	0	2026-06-20 21:09:11.440163	original	0.000	1.000
59	\N	33	41	\N	47	Pizza Head Medium	1.000	1199.00	1199.00	pending		\N	\N	\N	\N	\N	0	2026-06-20 21:09:11.440163	original	0.000	1.000
60	\N	34	42	\N	62	ROYAL ROASTED PLATTER	2.000	1099.00	2198.00	pending		\N	\N	\N	\N	\N	0	2026-06-20 21:17:51.482706	original	0.000	2.000
61	\N	35	43	\N	64	TRIO DEAL 2	1.000	1499.00	1499.00	pending		\N	\N	\N	\N	\N	0	2026-06-20 21:35:14.918518	original	0.000	1.000
62	\N	36	44	\N	11	AINNAR	1.000	100.00	100.00	pending		\N	\N	\N	\N	\N	0	2026-06-20 21:39:03.917544	original	0.000	1.000
63	\N	37	45	\N	58	ROYAL SPECIAL DELIGHT DEAL	1.000	1950.00	1950.00	pending		\N	\N	\N	\N	\N	0	2026-06-20 21:58:49.105483	original	0.000	1.000
64	\N	38	46	\N	13	1.5 LTR	1.000	200.00	200.00	pending		\N	\N	\N	\N	\N	0	2026-06-20 22:28:45.467064	original	0.000	1.000
65	\N	39	47	\N	47	Pizza Head Medium	1.000	1199.00	1199.00	pending		\N	\N	\N	\N	\N	0	2026-06-20 22:49:36.504951	original	0.000	1.000
66	\N	40	48	\N	12	1 LTR	1.000	170.00	170.00	pending		\N	\N	\N	\N	\N	0	2026-06-20 22:50:01.238408	original	0.000	1.000
67	\N	41	49	\N	76	TWIN BOX	1.000	1299.00	1299.00	pending		\N	\N	\N	\N	\N	0	2026-06-20 22:50:24.070837	original	0.000	1.000
68	\N	42	50	\N	13	1.5 LTR	1.000	200.00	200.00	pending		\N	\N	\N	\N	\N	0	2026-06-21 00:04:40.639969	original	0.000	1.000
69	\N	42	51	\N	56	The Crown Pizza Large	1.000	1699.00	1699.00	pending		\N	\N	\N	\N	\N	0	2026-06-21 00:04:40.639969	original	0.000	1.000
70	\N	43	52	\N	76	TWIN BOX	1.000	1299.00	1299.00	pending		\N	\N	\N	\N	\N	0	2026-06-21 00:11:30.826491	original	0.000	1.000
71	\N	44	53	\N	8	CHICKEN  SHAWARMA	3.000	220.00	660.00	pending		\N	\N	\N	\N	\N	0	2026-06-21 00:23:45.28498	original	0.000	3.000
72	\N	45	54	\N	11	NR  DRINKS	2.000	100.00	200.00	pending		\N	\N	\N	\N	\N	0	2026-06-21 00:41:25.916368	original	0.000	2.000
73	\N	46	55	\N	13	1.5 LTR	5.000	200.00	1000.00	pending		\N	\N	\N	\N	\N	0	2026-06-21 00:56:52.287704	original	0.000	5.000
74	\N	47	56	\N	11	NR  DRINKS	1.000	100.00	100.00	pending		\N	\N	\N	\N	\N	0	2026-06-21 01:05:18.031112	original	0.000	1.000
75	\N	47	57	\N	24	CHEEZY ROLLS 5 PCS	1.000	670.00	670.00	pending		\N	\N	\N	\N	\N	0	2026-06-21 01:05:18.031112	original	0.000	1.000
76	\N	47	58	\N	17	FRIES SMALL	1.000	100.00	100.00	pending		\N	\N	\N	\N	\N	0	2026-06-21 01:05:18.031112	original	0.000	1.000
77	\N	48	59	\N	61	ZINGER MIX MAGIC	1.000	1699.00	1699.00	pending		\N	\N	\N	\N	\N	0	2026-06-21 01:10:59.557131	original	0.000	1.000
78	\N	49	60	\N	36	ZINGER BUREGR	1.000	499.00	499.00	pending		\N	\N	\N	\N	\N	0	2026-06-21 01:29:25.163414	original	0.000	1.000
79	\N	50	61	\N	80	BY 1 GET 1 FREE	2.000	1650.00	3300.00	pending		\N	\N	\N	\N	\N	0	2026-06-21 15:18:52.83988	original	0.000	2.000
80	\N	50	62	\N	1	Bihari Rolls 6 pieces	2.000	799.00	1598.00	pending		\N	\N	\N	\N	\N	0	2026-06-21 15:18:52.83988	original	0.000	2.000
81	\N	51	63	\N	11	NR  DRINKS	1.000	100.00	100.00	pending		\N	\N	\N	\N	\N	0	2026-06-21 15:25:16.310126	original	0.000	1.000
82	\N	52	64	\N	53	Bitesa Cheezy Flavors	1.000	1699.00	1699.00	pending		\N	\N	\N	\N	\N	0	2026-06-21 15:34:37.158079	original	0.000	1.000
83	\N	53	65	\N	9	CRUNCHY  PASTA	1.000	850.00	850.00	pending		\N	\N	\N	\N	\N	0	2026-06-21 15:49:33.2696	original	0.000	1.000
84	\N	54	66	\N	14	CAN	1.000	120.00	120.00	pending		\N	\N	\N	\N	\N	0	2026-06-21 16:03:13.940382	original	0.000	1.000
85	\N	54	67	\N	24	CHEEZY ROLLS 4 PCS	1.000	550.00	550.00	pending		\N	\N	\N	\N	\N	0	2026-06-21 16:03:13.940382	original	0.000	1.000
86	\N	55	68	\N	21	CRISPY CHICKEN WINGS 10	1.000	699.00	699.00	pending		\N	\N	\N	\N	\N	0	2026-06-21 16:48:14.14639	original	0.000	1.000
87	\N	56	69	\N	21	CRISPY CHICKEN WINGS 10	1.000	699.00	699.00	pending		\N	\N	\N	\N	\N	0	2026-06-21 16:49:22.001119	original	0.000	1.000
88	\N	57	70	\N	73	SMALL PIZZA DEAL	1.000	1150.00	1150.00	pending		\N	\N	\N	\N	\N	0	2026-06-21 17:02:22.005054	original	0.000	1.000
89	\N	58	71	\N	12	1 LTR	1.000	170.00	170.00	pending		\N	\N	\N	\N	\N	0	2026-06-21 18:48:18.755921	original	0.000	1.000
90	\N	59	72	\N	12	1 LTR	1.000	170.00	170.00	pending		\N	\N	\N	\N	\N	0	2026-06-21 18:49:00.257856	original	0.000	1.000
91	\N	60	73	\N	36	ZINGER BUREGR	1.000	499.00	499.00	pending		\N	\N	\N	\N	\N	0	2026-06-21 19:18:05.561173	original	0.000	1.000
92	\N	61	74	\N	50	Kebab-E-Crust Pizza Large	1.000	1899.00	1899.00	pending		\N	\N	\N	\N	\N	0	2026-06-21 20:32:47.85695	original	0.000	1.000
93	\N	62	75	\N	10	Buy 1 Get 1 Free	1.000	1650.00	1650.00	pending		\N	\N	\N	\N	\N	0	2026-06-21 20:51:01.520655	original	0.000	1.000
94	\N	63	76	\N	48	Pizza Head Small	1.000	599.00	599.00	pending		\N	\N	\N	\N	\N	0	2026-06-21 21:23:07.54238	original	0.000	1.000
95	\N	64	77	\N	8	CHICKEN  SHAWARMA	1.000	220.00	220.00	pending		\N	\N	\N	\N	\N	0	2026-06-21 21:28:55.46377	original	0.000	1.000
96	\N	64	78	\N	38	CRUNCH BURGER	1.000	399.00	399.00	pending		\N	\N	\N	\N	\N	0	2026-06-21 21:28:55.46377	original	0.000	1.000
97	\N	65	79	\N	68	DEAL 3	1.000	2099.00	2099.00	pending		\N	\N	\N	\N	\N	0	2026-06-21 21:50:41.966925	original	0.000	1.000
98	\N	66	80	\N	13	1.5 LTR	1.000	200.00	200.00	pending		\N	\N	\N	\N	\N	0	2026-06-21 22:41:50.400846	original	0.000	1.000
99	\N	67	81	\N	11	NR  DRINKS	1.000	100.00	100.00	pending		\N	\N	\N	\N	\N	0	2026-06-21 23:12:10.285816	original	0.000	1.000
100	\N	67	82	\N	13	1.5 LTR	1.000	200.00	200.00	pending		\N	\N	\N	\N	\N	0	2026-06-21 23:12:10.285816	original	0.000	1.000
101	\N	67	83	\N	57	The Crown Pizza Regular	1.000	1399.00	1399.00	pending		\N	\N	\N	\N	\N	0	2026-06-21 23:12:10.285816	original	0.000	1.000
102	\N	68	84	\N	11	NR  DRINKS	1.000	100.00	100.00	pending		\N	\N	\N	\N	\N	0	2026-06-21 23:43:32.926591	original	0.000	1.000
103	\N	68	85	\N	73	SMALL PIZZA DEAL	1.000	1150.00	1150.00	pending		\N	\N	\N	\N	\N	0	2026-06-21 23:43:32.926591	original	0.000	1.000
104	\N	69	86	\N	71	LARGE PIZZA DEAL	1.000	2650.00	2650.00	pending		\N	\N	\N	\N	\N	0	2026-06-21 23:55:03.001583	original	0.000	1.000
105	\N	70	87	\N	57	The Crown Pizza Regular	1.000	1399.00	1399.00	pending		\N	\N	\N	\N	\N	0	2026-06-22 00:16:18.922913	original	0.000	1.000
106	\N	71	88	\N	66	SUPER VALUE  DEAL	1.000	799.00	799.00	pending		\N	\N	\N	\N	\N	0	2026-06-22 00:51:50.229043	original	0.000	1.000
107	\N	72	89	\N	20	CHICKEN PCS 1	1.000	250.00	250.00	pending		\N	\N	\N	\N	\N	0	2026-06-22 02:09:32.356636	original	0.000	1.000
108	\N	72	90	\N	26	FIRE BAKED WINGS 06	1.000	400.00	400.00	pending		\N	\N	\N	\N	\N	0	2026-06-22 02:09:32.356636	original	0.000	1.000
109	\N	72	91	\N	5	LOADED FRIES	1.000	700.00	700.00	pending		\N	\N	\N	\N	\N	0	2026-06-22 02:09:32.356636	original	0.000	1.000
110	\N	72	92	\N	12	1 LTR	1.000	170.00	170.00	pending		\N	\N	\N	\N	\N	0	2026-06-22 02:09:32.356636	original	0.000	1.000
111	\N	72	93	\N	38	CRUNCH BURGER	2.000	399.00	798.00	pending		\N	\N	\N	\N	\N	0	2026-06-22 02:09:32.356636	original	0.000	2.000
112	\N	73	94	\N	9	CRUNCHY  PASTA	1.000	850.00	850.00	pending		\N	\N	\N	\N	\N	0	2026-06-22 02:14:16.997999	original	0.000	1.000
113	\N	74	95	\N	13	1.5 LTR	1.000	200.00	200.00	pending		\N	\N	\N	\N	\N	0	2026-06-22 15:05:29.018911	original	0.000	1.000
114	\N	74	96	\N	10	Buy 1 Get 1 Free	2.000	1650.00	3300.00	pending		\N	\N	\N	\N	\N	0	2026-06-22 15:05:29.018911	original	0.000	2.000
115	\N	75	97	\N	12	1 LTR	1.000	170.00	170.00	pending		\N	\N	\N	\N	\N	0	2026-06-22 16:34:14.905355	original	0.000	1.000
116	\N	75	98	\N	17	FRIES SMALL	1.000	190.00	190.00	pending		\N	\N	\N	\N	\N	0	2026-06-22 16:34:14.905355	original	0.000	1.000
117	\N	75	99	\N	36	ZINGER BUREGR	3.000	499.00	1497.00	pending		\N	\N	\N	\N	\N	0	2026-06-22 16:34:14.905355	original	0.000	3.000
118	\N	76	100	\N	73	SMALL PIZZA DEAL	1.000	1150.00	1150.00	pending		\N	\N	\N	\N	\N	0	2026-06-22 17:59:50.610952	original	0.000	1.000
119	\N	77	101	\N	9	CRUNCHY  PASTA	1.000	850.00	850.00	pending		\N	\N	\N	\N	\N	0	2026-06-22 18:10:29.039575	original	0.000	1.000
120	\N	78	102	\N	10	Buy 1 Get 1 Free	1.000	1650.00	1650.00	pending		\N	\N	\N	\N	\N	0	2026-06-22 19:27:09.313776	original	0.000	1.000
121	\N	79	103	\N	17	FRIES SMALL	1.000	190.00	190.00	pending		\N	\N	\N	\N	\N	0	2026-06-22 20:12:21.642631	original	0.000	1.000
122	\N	79	104	\N	73	SMALL PIZZA DEAL	1.000	1150.00	1150.00	pending		\N	\N	\N	\N	\N	0	2026-06-22 20:12:21.642631	original	0.000	1.000
123	\N	80	105	\N	10	Buy 1 Get 1 Free	1.000	1650.00	1650.00	pending		\N	\N	\N	\N	\N	0	2026-06-22 20:33:01.352117	original	0.000	1.000
124	\N	81	106	\N	43	Other Flavours Regular	1.000	1199.00	1199.00	pending		\N	\N	\N	\N	\N	0	2026-06-22 21:38:54.040756	original	0.000	1.000
125	\N	81	107	\N	77	FIRE BAKED WINGS 10	1.000	700.00	700.00	pending		\N	\N	\N	\N	\N	0	2026-06-22 21:38:54.040756	original	0.000	1.000
126	\N	82	108	\N	43	Other Flavours Regular	1.000	1199.00	1199.00	pending		\N	\N	\N	\N	\N	0	2026-06-22 21:41:13.976765	original	0.000	1.000
127	\N	83	109	\N	17	FRIES SMALL	1.000	190.00	190.00	pending		\N	\N	\N	\N	\N	0	2026-06-22 22:00:32.866334	original	0.000	1.000
128	\N	83	110	\N	13	1.5 LTR	1.000	200.00	200.00	pending		\N	\N	\N	\N	\N	0	2026-06-22 22:00:32.866334	original	0.000	1.000
129	\N	83	111	\N	68	DEAL 3	1.000	2099.00	2099.00	pending		\N	\N	\N	\N	\N	0	2026-06-22 22:00:32.866334	original	0.000	1.000
130	\N	83	112	\N	10	Buy 1 Get 1 Free	1.000	1650.00	1650.00	pending		\N	\N	\N	\N	\N	0	2026-06-22 22:00:32.866334	original	0.000	1.000
131	\N	83	113	\N	21	CRISPY CHICKEN WINGS 10	2.000	699.00	1398.00	pending		\N	\N	\N	\N	\N	0	2026-06-22 22:00:32.866334	original	0.000	2.000
132	\N	84	114	\N	48	Pizza Head Small	1.000	599.00	599.00	pending		\N	\N	\N	\N	\N	0	2026-06-22 22:01:17.3652	original	0.000	1.000
133	\N	85	115	\N	73	SMALL PIZZA DEAL	1.000	1150.00	1150.00	pending		\N	\N	\N	\N	\N	0	2026-06-22 22:03:45.507081	original	0.000	1.000
134	\N	86	116	\N	58	ROYAL SPECIAL DELIGHT DEAL	1.000	1950.00	1950.00	pending		\N	\N	\N	\N	\N	0	2026-06-22 22:14:28.025962	original	0.000	1.000
135	\N	87	117	\N	9	CRUNCHY  PASTA	1.000	850.00	850.00	pending		\N	\N	\N	\N	\N	0	2026-06-22 22:20:55.759661	original	0.000	1.000
136	\N	88	118	\N	61	ZINGER MIX MAGIC	1.000	1699.00	1699.00	pending		\N	\N	\N	\N	\N	0	2026-06-22 22:45:00.968768	original	0.000	1.000
137	\N	89	119	\N	21	CRISPY CHICKEN WINGS 10	1.000	699.00	699.00	pending		\N	\N	\N	\N	\N	0	2026-06-22 22:46:04.681402	original	0.000	1.000
138	\N	90	120	\N	76	TWIN BOX	1.000	1299.00	1299.00	pending		\N	\N	\N	\N	\N	0	2026-06-22 22:56:35.086511	original	0.000	1.000
139	\N	91	121	\N	9	CRUNCHY  PASTA	1.000	850.00	850.00	pending		\N	\N	\N	\N	\N	0	2026-06-22 23:13:04.205419	original	0.000	1.000
140	\N	92	122	\N	60	MEGA COMBO DELIGHT	1.000	2699.00	2699.00	pending		\N	\N	\N	\N	\N	0	2026-06-22 23:15:30.582745	original	0.000	1.000
141	\N	92	123	\N	62	ROYAL ROASTED PLATTER	1.000	1099.00	1099.00	pending		\N	\N	\N	\N	\N	0	2026-06-22 23:15:30.582745	original	0.000	1.000
142	\N	93	124	\N	10	Buy 1 Get 1 Free	1.000	1650.00	1650.00	pending		\N	\N	\N	\N	\N	0	2026-06-22 23:23:39.520958	original	0.000	1.000
143	\N	94	125	\N	76	TWIN BOX	1.000	1299.00	1299.00	pending		\N	\N	\N	\N	\N	0	2026-06-22 23:59:24.064419	original	0.000	1.000
144	\N	95	126	\N	10	Buy 1 Get 1 Free	1.000	1650.00	1650.00	pending		\N	\N	\N	\N	\N	0	2026-06-23 12:12:52.480144	original	0.000	1.000
145	\N	96	127	\N	13	1.5 LTR	1.000	200.00	200.00	pending		\N	\N	\N	\N	\N	0	2026-06-23 13:54:07.09401	original	0.000	1.000
146	\N	97	128	\N	8	CHICKEN  SHAWARMA	1.000	220.00	220.00	pending		\N	\N	\N	\N	\N	0	2026-06-23 14:39:14.104477	original	0.000	1.000
147	\N	98	129	\N	62	ROYAL ROASTED PLATTER	1.000	1099.00	1099.00	pending		\N	\N	\N	\N	\N	0	2026-06-23 17:02:45.424513	original	0.000	1.000
148	\N	99	130	\N	13	1.5 LTR	1.000	200.00	200.00	pending		\N	\N	\N	\N	\N	0	2026-06-23 17:07:05.225819	original	0.000	1.000
149	\N	99	131	\N	17	FRIES SMALL	1.000	190.00	190.00	pending		\N	\N	\N	\N	\N	0	2026-06-23 17:07:05.225819	original	0.000	1.000
150	\N	99	132	\N	23	CHICKEN NUGGETS 5 PCS	1.000	399.00	399.00	pending		\N	\N	\N	\N	\N	0	2026-06-23 17:07:05.225819	original	0.000	1.000
151	\N	99	133	\N	9	CRUNCHY  PASTA	1.000	850.00	850.00	pending		\N	\N	\N	\N	\N	0	2026-06-23 17:07:05.225819	original	0.000	1.000
152	\N	100	134	\N	14	CAN	1.000	120.00	120.00	pending		\N	\N	\N	\N	\N	0	2026-06-23 17:16:37.309199	original	0.000	1.000
153	\N	100	135	\N	36	ZINGER BUREGR	1.000	499.00	499.00	pending		\N	\N	\N	\N	\N	0	2026-06-23 17:16:37.309199	original	0.000	1.000
154	\N	101	136	\N	1	Bihari Rolls 6 pieces	1.000	799.00	799.00	pending		\N	\N	\N	\N	\N	0	2026-06-23 18:22:30.660052	original	0.000	1.000
155	\N	101	137	\N	10	Buy 1 Get 1 Free	1.000	1650.00	1650.00	pending		\N	\N	\N	\N	\N	0	2026-06-23 18:22:30.660052	original	0.000	1.000
156	\N	102	138	\N	58	ROYAL SPECIAL DELIGHT DEAL	1.000	1950.00	1950.00	pending		\N	\N	\N	\N	\N	0	2026-06-23 18:29:14.96974	original	0.000	1.000
157	\N	103	139	\N	48	Pizza Head Small	1.000	599.00	599.00	pending		\N	\N	\N	\N	\N	0	2026-06-23 18:35:37.704272	original	0.000	1.000
158	\N	104	140	\N	11	NR  DRINKS	1.000	100.00	100.00	pending		\N	\N	\N	\N	\N	0	2026-06-23 19:04:50.188865	original	0.000	1.000
159	\N	104	141	\N	48	Pizza Head Small	1.000	599.00	599.00	pending		\N	\N	\N	\N	\N	0	2026-06-23 19:04:50.188865	original	0.000	1.000
160	\N	105	142	\N	76	TWIN BOX	1.000	1299.00	1299.00	pending		\N	\N	\N	\N	\N	0	2026-06-23 19:18:15.637949	original	0.000	1.000
161	\N	106	143	\N	38	CRUNCH BURGER	2.000	399.00	798.00	pending		\N	\N	\N	\N	\N	0	2026-06-23 20:35:06.081193	original	0.000	2.000
162	\N	106	144	\N	44	Other Flavours Small	2.000	599.00	1198.00	pending		\N	\N	\N	\N	\N	0	2026-06-23 20:35:06.081193	original	0.000	2.000
163	\N	107	145	\N	24	CHEEZY ROLLS 4 PCS	1.000	550.00	550.00	pending		\N	\N	\N	\N	\N	0	2026-06-23 20:46:21.19597	original	0.000	1.000
164	\N	108	146	\N	9	CRUNCHY  PASTA	1.000	850.00	850.00	pending		\N	\N	\N	\N	\N	0	2026-06-23 20:51:17.778977	original	0.000	1.000
165	\N	109	147	\N	73	SMALL PIZZA DEAL	1.000	1150.00	1150.00	pending		\N	\N	\N	\N	\N	0	2026-06-23 21:35:57.180324	original	0.000	1.000
166	\N	110	148	\N	65	TRIO DEAL	1.000	1650.00	1650.00	pending		\N	\N	\N	\N	\N	0	2026-06-23 21:44:53.96792	original	0.000	1.000
167	\N	111	149	\N	11	NR  DRINKS	2.000	100.00	200.00	pending		\N	\N	\N	\N	\N	0	2026-06-23 22:23:29.339507	original	0.000	2.000
168	\N	112	150	\N	12	1 LTR	1.000	170.00	170.00	pending		\N	\N	\N	\N	\N	0	2026-06-23 22:26:29.020562	original	0.000	1.000
169	\N	112	151	\N	48	Pizza Head Small	1.000	599.00	599.00	pending		\N	\N	\N	\N	\N	0	2026-06-23 22:26:29.020562	original	0.000	1.000
170	\N	113	152	\N	10	Buy 1 Get 1 Free	1.000	1650.00	1650.00	pending		\N	\N	\N	\N	\N	0	2026-06-23 22:50:47.608215	original	0.000	1.000
171	\N	114	153	\N	13	1.5 LTR	1.000	200.00	200.00	pending		\N	\N	\N	\N	\N	0	2026-06-23 22:56:04.209379	original	0.000	1.000
172	\N	114	154	\N	63	SPECIAL DELIGHT PLATTER	1.000	1099.00	1099.00	pending		\N	\N	\N	\N	\N	0	2026-06-23 22:56:04.209379	original	0.000	1.000
173	\N	114	155	\N	27	CHUNKS WITH FRESHLY SAUCE	1.000	999.00	999.00	pending		\N	\N	\N	\N	\N	0	2026-06-23 22:56:04.209379	original	0.000	1.000
174	\N	115	156	\N	56	The Crown Pizza Large	1.000	1699.00	1699.00	pending		\N	\N	\N	\N	\N	0	2026-06-23 22:57:20.040518	original	0.000	1.000
175	\N	116	157	\N	12	1 LTR	1.000	170.00	170.00	pending		\N	\N	\N	\N	\N	0	2026-06-23 22:59:59.461713	original	0.000	1.000
176	\N	116	158	\N	63	SPECIAL DELIGHT PLATTER	1.000	1099.00	1099.00	pending		\N	\N	\N	\N	\N	0	2026-06-23 22:59:59.461713	original	0.000	1.000
177	\N	117	159	\N	13	1.5 LTR	1.000	200.00	200.00	pending		\N	\N	\N	\N	\N	0	2026-06-23 23:19:08.304192	original	0.000	1.000
178	\N	117	160	\N	9	CRUNCHY  PASTA	1.000	850.00	850.00	pending		\N	\N	\N	\N	\N	0	2026-06-23 23:19:08.304192	original	0.000	1.000
179	\N	117	161	\N	1	Bihari Rolls 6 pieces	1.000	799.00	799.00	pending		\N	\N	\N	\N	\N	0	2026-06-23 23:19:08.304192	original	0.000	1.000
180	\N	118	162	\N	76	TWIN BOX	1.000	1299.00	1299.00	pending		\N	\N	\N	\N	\N	0	2026-06-23 23:19:56.676264	original	0.000	1.000
181	\N	119	163	\N	10	Buy 1 Get 1 Free	1.000	1650.00	1650.00	pending		\N	\N	\N	\N	\N	0	2026-06-23 23:29:29.387103	original	0.000	1.000
182	\N	120	164	\N	13	1.5 LTR	1.000	200.00	200.00	pending		\N	\N	\N	\N	\N	0	2026-06-23 23:38:09.222203	original	0.000	1.000
183	\N	120	165	\N	57	The Crown Pizza Regular	1.000	1399.00	1399.00	pending		\N	\N	\N	\N	\N	0	2026-06-23 23:38:09.222203	original	0.000	1.000
184	\N	121	166	\N	65	TRIO DEAL	1.000	1650.00	1650.00	pending		\N	\N	\N	\N	\N	0	2026-06-23 23:51:37.808193	original	0.000	1.000
185	\N	122	167	\N	13	1.5 LTR	1.000	200.00	200.00	pending		\N	\N	\N	\N	\N	0	2026-06-23 23:56:53.768964	original	0.000	1.000
186	\N	123	168	\N	66	SUPER VALUE  DEAL	1.000	799.00	799.00	pending		\N	\N	\N	\N	\N	0	2026-06-23 23:57:59.371047	original	0.000	1.000
187	\N	124	169	\N	14	CAN	2.000	120.00	240.00	pending		\N	\N	\N	\N	\N	0	2026-06-24 00:34:09.797358	original	0.000	2.000
188	\N	124	170	\N	26	FIRE BAKED WINGS 06	1.000	400.00	400.00	pending		\N	\N	\N	\N	\N	0	2026-06-24 00:34:09.797358	original	0.000	1.000
189	\N	124	171	\N	27	CHUNKS WITH FRESHLY SAUCE	1.000	999.00	999.00	pending		\N	\N	\N	\N	\N	0	2026-06-24 00:34:09.797358	original	0.000	1.000
190	\N	125	172	\N	13	1.5 LTR	1.000	200.00	200.00	pending		\N	\N	\N	\N	\N	0	2026-06-24 01:28:44.689714	original	0.000	1.000
191	\N	125	173	\N	53	Bitesa Cheezy Flavors	1.000	1699.00	1699.00	pending		\N	\N	\N	\N	\N	0	2026-06-24 01:28:44.689714	original	0.000	1.000
192	\N	126	174	\N	27	CHUNKS WITH FRESHLY SAUCE	1.000	999.00	999.00	pending		\N	\N	\N	\N	\N	0	2026-06-24 02:08:23.079579	original	0.000	1.000
193	\N	127	175	\N	12	1 LTR	1.000	170.00	170.00	pending		\N	\N	\N	\N	\N	0	2026-06-24 02:18:16.327069	original	0.000	1.000
194	\N	128	176	\N	68	DEAL 3	1.000	2099.00	2099.00	pending		\N	\N	\N	\N	\N	0	2026-06-24 14:23:34.156169	original	0.000	1.000
195	\N	129	177	\N	28	CALZONE STICKS	1.000	650.00	650.00	pending		\N	\N	\N	\N	\N	0	2026-06-24 16:31:40.983713	original	0.000	1.000
196	\N	130	178	\N	13	1.5 LTR	1.000	200.00	200.00	pending		\N	\N	\N	\N	\N	0	2026-06-24 17:25:09.695397	original	0.000	1.000
197	\N	130	179	\N	77	FIRE BAKED WINGS 10	1.000	700.00	700.00	pending		\N	\N	\N	\N	\N	0	2026-06-24 17:25:09.695397	original	0.000	1.000
198	\N	130	180	\N	56	The Crown Pizza Large	2.000	1699.00	3398.00	pending		\N	\N	\N	\N	\N	0	2026-06-24 17:25:09.695397	original	0.000	2.000
199	\N	131	181	\N	8	CHICKEN  SHAWARMA	5.000	220.00	1100.00	pending		\N	\N	\N	\N	\N	0	2026-06-24 18:06:06.810333	original	0.000	5.000
200	\N	131	182	\N	56	The Crown Pizza Large	1.000	1699.00	1699.00	pending		\N	\N	\N	\N	\N	0	2026-06-24 18:06:06.810333	original	0.000	1.000
201	\N	132	183	\N	13	1.5 LTR	1.000	200.00	200.00	pending		\N	\N	\N	\N	\N	0	2026-06-24 18:53:34.3681	original	0.000	1.000
202	\N	132	184	\N	10	Buy 1 Get 1 Free	2.000	1650.00	3300.00	pending		\N	\N	\N	\N	\N	0	2026-06-24 18:53:34.3681	original	0.000	2.000
203	\N	133	185	\N	13	1.5 LTR	1.000	200.00	200.00	pending		\N	\N	\N	\N	\N	0	2026-06-24 20:19:41.607789	original	0.000	1.000
204	\N	133	186	\N	10	Buy 1 Get 1 Free	1.000	1650.00	1650.00	pending		\N	\N	\N	\N	\N	0	2026-06-24 20:19:41.607789	original	0.000	1.000
205	\N	134	187	\N	20	CHICKEN PCS 1	2.000	250.00	500.00	pending		\N	\N	\N	\N	\N	0	2026-06-24 21:32:48.268759	original	0.000	2.000
206	\N	135	188	\N	14	CAN	1.000	120.00	120.00	pending		\N	\N	\N	\N	\N	0	2026-06-24 21:47:18.695064	original	0.000	1.000
207	\N	135	189	\N	17	FRIES SMALL	1.000	190.00	190.00	pending		\N	\N	\N	\N	\N	0	2026-06-24 21:47:18.695064	original	0.000	1.000
208	\N	135	190	\N	67	CRISY BAE DEAL	1.000	750.00	750.00	pending		\N	\N	\N	\N	\N	0	2026-06-24 21:47:18.695064	original	0.000	1.000
209	\N	136	191	\N	10	Buy 1 Get 1 Free	1.000	1650.00	1650.00	pending		\N	\N	\N	\N	\N	0	2026-06-24 21:52:49.143805	original	0.000	1.000
210	\N	137	192	\N	67	CRISY BAE DEAL	1.000	750.00	750.00	pending		\N	\N	\N	\N	\N	0	2026-06-24 22:06:06.960155	original	0.000	1.000
211	\N	138	193	\N	48	Pizza Head Small	1.000	599.00	599.00	pending		\N	\N	\N	\N	\N	0	2026-06-24 22:28:00.176581	original	0.000	1.000
212	\N	139	194	\N	48	Pizza Head Small	1.000	599.00	599.00	pending		\N	\N	\N	\N	\N	0	2026-06-24 22:35:10.741542	original	0.000	1.000
213	\N	140	195	\N	72	MEDIUM PIZZA DEAL	1.000	2150.00	2150.00	pending		\N	\N	\N	\N	\N	0	2026-06-24 22:55:59.117675	original	0.000	1.000
214	\N	141	196	\N	36	ZINGER BUREGR	1.000	499.00	499.00	pending		\N	\N	\N	\N	\N	0	2026-06-24 23:11:44.515399	original	0.000	1.000
215	\N	141	197	\N	38	CRUNCH BURGER	1.000	399.00	399.00	pending		\N	\N	\N	\N	\N	0	2026-06-24 23:11:44.515399	original	0.000	1.000
216	\N	142	198	\N	20	CHICKEN PCS 1	1.000	250.00	250.00	pending		\N	\N	\N	\N	\N	0	2026-06-24 23:16:27.385542	original	0.000	1.000
217	\N	143	199	\N	41	Other Flavours Party	1.000	2399.00	2399.00	pending		\N	\N	\N	\N	\N	0	2026-06-24 23:19:51.78049	original	0.000	1.000
218	\N	144	200	\N	13	1.5 LTR	1.000	200.00	200.00	pending		\N	\N	\N	\N	\N	0	2026-06-24 23:34:59.344586	original	0.000	1.000
219	\N	144	201	\N	10	Buy 1 Get 1 Free	1.000	1650.00	1650.00	pending		\N	\N	\N	\N	\N	0	2026-06-24 23:34:59.344586	original	0.000	1.000
220	\N	145	202	\N	12	1 LTR	1.000	170.00	170.00	pending		\N	\N	\N	\N	\N	0	2026-06-24 23:41:17.348775	original	0.000	1.000
221	\N	146	203	\N	36	ZINGER BUREGR	1.000	499.00	499.00	pending		\N	\N	\N	\N	\N	0	2026-06-25 01:31:33.279373	original	0.000	1.000
222	\N	147	204	\N	77	FIRE BAKED WINGS 10	1.000	700.00	700.00	pending		\N	\N	\N	\N	\N	0	2026-06-25 01:38:49.104134	original	0.000	1.000
223	\N	148	205	\N	16	FRIES MEDIUM	1.000	290.00	290.00	pending		\N	\N	\N	\N	\N	0	2026-06-25 01:48:40.668398	original	0.000	1.000
224	\N	148	206	\N	61	ZINGER MIX MAGIC	1.000	1699.00	1699.00	pending		\N	\N	\N	\N	\N	0	2026-06-25 01:48:40.668398	original	0.000	1.000
225	\N	149	207	\N	5	LOADED FRIES	1.000	700.00	700.00	pending		\N	\N	\N	\N	\N	0	2026-06-25 15:58:16.265179	original	0.000	1.000
226	\N	150	208	\N	73	SMALL PIZZA DEAL	1.000	1150.00	1150.00	pending		\N	\N	\N	\N	\N	0	2026-06-25 17:06:24.581846	original	0.000	1.000
227	\N	151	209	\N	11	NR  DRINKS	1.000	100.00	100.00	pending		\N	\N	\N	\N	\N	0	2026-06-25 17:13:18.692193	original	0.000	1.000
228	\N	151	210	\N	16	FRIES MEDIUM	2.000	290.00	580.00	pending		\N	\N	\N	\N	\N	0	2026-06-25 17:13:18.692193	original	0.000	2.000
229	\N	151	211	\N	20	CHICKEN PCS 1	2.000	250.00	500.00	pending		\N	\N	\N	\N	\N	0	2026-06-25 17:13:18.692193	original	0.000	2.000
230	\N	152	212	\N	17	FRIES SMALL	2.000	190.00	380.00	pending		\N	\N	\N	\N	\N	0	2026-06-25 18:05:59.834804	original	0.000	2.000
231	\N	153	213	\N	62	ROYAL ROASTED PLATTER	1.000	1099.00	1099.00	pending		\N	\N	\N	\N	\N	0	2026-06-25 18:26:37.169349	original	0.000	1.000
232	\N	154	214	\N	72	MEDIUM PIZZA DEAL	1.000	2150.00	2150.00	pending		\N	\N	\N	\N	\N	0	2026-06-25 19:14:46.537091	original	0.000	1.000
233	\N	155	215	\N	72	MEDIUM PIZZA DEAL	1.000	2150.00	2150.00	pending		\N	\N	\N	\N	\N	0	2026-06-25 19:15:52.100897	original	0.000	1.000
234	\N	156	216	\N	66	SUPER VALUE  DEAL	1.000	799.00	799.00	pending		\N	\N	\N	\N	\N	0	2026-06-25 19:42:34.978474	original	0.000	1.000
235	\N	157	217	\N	68	DEAL 3	1.000	2099.00	2099.00	pending		\N	\N	\N	\N	\N	0	2026-06-25 19:49:54.315637	original	0.000	1.000
236	\N	158	218	\N	76	TWIN BOX	1.000	1299.00	1299.00	pending		\N	\N	\N	\N	\N	0	2026-06-25 19:50:25.264407	original	0.000	1.000
\.


--
-- Data for Name: kds_orders; Type: TABLE DATA; Schema: public; Owner: postgres
--

COPY public.kds_orders (id, store_id, sale_id, hold_id, invoice_number, order_number, table_number, customer_name, order_type, order_status, priority, estimated_time, notes, created_at, updated_at, prepared_at, served_at, created_by, prepared_by, served_by, order_taker_id, order_sequence, parent_order_id) FROM stdin;
2	\N	1	\N	INV-001736	SALE-000001	5	Walk-in Customer	dine_in	pending	normal	\N	\N	2026-06-20 12:29:58.75718	2026-06-20 12:29:58.75718	\N	\N	\N	\N	\N	\N	1	\N
3	\N	2	\N	INV-001740	SALE-000002	\N	Walk-in Customer	take_away	pending	normal	\N	\N	2026-06-20 12:43:19.541854	2026-06-20 12:43:19.541854	\N	\N	\N	\N	\N	\N	2	\N
4	\N	3	\N	INV-001743	SALE-000003	\N	Walk-in Customer	take_away	pending	normal	\N	\N	2026-06-20 13:04:08.928182	2026-06-20 13:04:08.928182	\N	\N	\N	\N	\N	\N	3	\N
5	\N	4	\N	INV-001745	SALE-000004	\N	Walk-in Customer	take_away	pending	normal	\N	\N	2026-06-20 13:10:11.754477	2026-06-20 13:10:11.754477	\N	\N	\N	\N	\N	\N	4	\N
9	\N	5	\N	INV-001750	SALE-000005	\N	Walk-in Customer	take_away	pending	normal	\N	\N	2026-06-20 13:14:00.346878	2026-06-20 13:14:00.346878	\N	\N	\N	\N	\N	\N	5	\N
12	\N	7	\N	INV-001755	SALE-000007	\N	Walk-in Customer	delivery	pending	normal	\N	\N	2026-06-20 13:17:41.276416	2026-06-20 13:17:41.276416	\N	\N	\N	\N	\N	\N	7	\N
13	\N	8	\N	INV-001763	SALE-000008	\N	Walk-in Customer	take_away	pending	normal	\N	\N	2026-06-20 15:11:56.550459	2026-06-20 15:11:56.550459	\N	\N	\N	\N	\N	\N	8	\N
14	\N	9	\N	INV-001774	SALE-000009	\N	Walk-in Customer	take_away	pending	normal	\N	\N	2026-06-20 15:23:24.061965	2026-06-20 15:23:24.061965	\N	\N	\N	\N	\N	\N	9	\N
15	\N	10	\N	INV-001778	SALE-000010	\N	Walk-in Customer	take_away	pending	normal	\N	\N	2026-06-20 15:33:38.383041	2026-06-20 15:33:38.383041	\N	\N	\N	\N	\N	\N	10	\N
16	\N	11	\N	INV-001779	SALE-000011	\N	Walk-in Customer	take_away	pending	normal	\N	\N	2026-06-20 16:04:07.34436	2026-06-20 16:04:07.34436	\N	\N	\N	\N	\N	\N	11	\N
17	\N	12	\N	INV-001782	SALE-000012	\N	Walk-in Customer	take_away	pending	normal	\N	\N	2026-06-20 16:11:00.48111	2026-06-20 16:11:00.48111	\N	\N	\N	\N	\N	\N	12	\N
18	\N	13	\N	INV-001790	SALE-000013	\N	Walk-in Customer	take_away	pending	normal	\N	\N	2026-06-20 16:51:18.910034	2026-06-20 16:51:18.910034	\N	\N	\N	\N	\N	\N	13	\N
19	\N	14	\N	INV-001798	SALE-000014	\N	Walk-in Customer	take_away	pending	normal	\N	\N	2026-06-20 17:32:47.922753	2026-06-20 17:32:47.922753	\N	\N	\N	\N	\N	\N	14	\N
20	\N	15	\N	INV-001799	SALE-000015	\N	Walk-in Customer	take_away	pending	normal	\N	\N	2026-06-20 17:39:24.491649	2026-06-20 17:39:24.491649	\N	\N	\N	\N	\N	\N	15	\N
21	\N	16	\N	INV-001800	SALE-000016	\N	Walk-in Customer	take_away	pending	normal	\N	\N	2026-06-20 17:48:56.463754	2026-06-20 17:48:56.463754	\N	\N	\N	\N	\N	\N	16	\N
22	\N	17	\N	INV-001801	SALE-000017	\N	Walk-in Customer	take_away	pending	normal	\N	\N	2026-06-20 18:15:24.665003	2026-06-20 18:15:24.665003	\N	\N	\N	\N	\N	\N	17	\N
23	\N	18	\N	INV-001806	SALE-000018	\N	Walk-in Customer	take_away	pending	normal	\N	\N	2026-06-20 18:57:51.113544	2026-06-20 18:57:51.113544	\N	\N	\N	\N	\N	\N	18	\N
24	\N	19	\N	INV-001807	SALE-000019	\N	Walk-in Customer	take_away	pending	normal	\N	\N	2026-06-20 19:19:06.724157	2026-06-20 19:19:06.724157	\N	\N	\N	\N	\N	\N	19	\N
25	\N	20	\N	INV-001811	SALE-000020	\N	Walk-in Customer	take_away	pending	normal	\N	\N	2026-06-20 19:40:25.44298	2026-06-20 19:40:25.44298	\N	\N	\N	\N	\N	\N	20	\N
26	\N	21	\N	INV-001812	SALE-000021	\N	Walk-in Customer	take_away	pending	normal	\N	\N	2026-06-20 19:45:37.60733	2026-06-20 19:45:37.60733	\N	\N	\N	\N	\N	\N	21	\N
27	\N	22	\N	INV-001813	SALE-000022	\N	Walk-in Customer	take_away	pending	normal	\N	\N	2026-06-20 19:53:44.815005	2026-06-20 19:53:44.815005	\N	\N	\N	\N	\N	\N	22	\N
28	\N	23	\N	INV-001814	SALE-000023	\N	Walk-in Customer	take_away	pending	normal	\N	\N	2026-06-20 20:07:42.273198	2026-06-20 20:07:42.273198	\N	\N	\N	\N	\N	\N	23	\N
29	\N	24	\N	INV-001815	SALE-000024	\N	Walk-in Customer	take_away	pending	normal	\N	\N	2026-06-20 20:09:11.329223	2026-06-20 20:09:11.329223	\N	\N	\N	\N	\N	\N	24	\N
30	\N	25	\N	INV-001816	SALE-000025	\N	Walk-in Customer	take_away	pending	normal	\N	\N	2026-06-20 20:29:14.915057	2026-06-20 20:29:14.915057	\N	\N	\N	\N	\N	\N	25	\N
31	\N	26	\N	INV-001817	SALE-000026	\N	Walk-in Customer	take_away	pending	normal	\N	\N	2026-06-20 20:29:50.93186	2026-06-20 20:29:50.93186	\N	\N	\N	\N	\N	\N	26	\N
32	\N	27	\N	INV-001818	SALE-000027	1	Walk-in Customer	dine_in	pending	normal	\N	\N	2026-06-20 20:40:14.750888	2026-06-20 20:40:14.750888	\N	\N	\N	\N	\N	\N	27	\N
33	\N	28	\N	INV-001820	SALE-000028	\N	Walk-in Customer	take_away	pending	normal	\N	\N	2026-06-20 21:09:11.440163	2026-06-20 21:09:11.440163	\N	\N	\N	\N	\N	\N	28	\N
34	\N	29	\N	INV-001821	SALE-000029	\N	Walk-in Customer	take_away	pending	normal	\N	\N	2026-06-20 21:17:51.482706	2026-06-20 21:17:51.482706	\N	\N	\N	\N	\N	\N	29	\N
35	\N	30	\N	INV-001822	SALE-000030	\N	Walk-in Customer	take_away	pending	normal	\N	\N	2026-06-20 21:35:14.918518	2026-06-20 21:35:14.918518	\N	\N	\N	\N	\N	\N	30	\N
36	\N	31	\N	INV-001823	SALE-000031	\N	Walk-in Customer	take_away	pending	normal	\N	\N	2026-06-20 21:39:03.917544	2026-06-20 21:39:03.917544	\N	\N	\N	\N	\N	\N	31	\N
37	\N	32	\N	INV-001826	SALE-000032	\N	Walk-in Customer	take_away	pending	normal	\N	\N	2026-06-20 21:58:49.105483	2026-06-20 21:58:49.105483	\N	\N	\N	\N	\N	\N	32	\N
38	\N	33	\N	INV-001829	SALE-000033	\N	Walk-in Customer	take_away	pending	normal	\N	\N	2026-06-20 22:28:45.467064	2026-06-20 22:28:45.467064	\N	\N	\N	\N	\N	\N	33	\N
39	\N	34	\N	INV-001830	SALE-000034	\N	Walk-in Customer	take_away	pending	normal	\N	\N	2026-06-20 22:49:36.504951	2026-06-20 22:49:36.504951	\N	\N	\N	\N	\N	\N	34	\N
40	\N	35	\N	INV-001831	SALE-000035	\N	Walk-in Customer	take_away	pending	normal	\N	\N	2026-06-20 22:50:01.238408	2026-06-20 22:50:01.238408	\N	\N	\N	\N	\N	\N	35	\N
41	\N	36	\N	INV-001832	SALE-000036	\N	Walk-in Customer	take_away	pending	normal	\N	\N	2026-06-20 22:50:24.070837	2026-06-20 22:50:24.070837	\N	\N	\N	\N	\N	\N	36	\N
42	\N	37	\N	INV-001835	SALE-000037	\N	Walk-in Customer	take_away	pending	normal	\N	\N	2026-06-21 00:04:40.639969	2026-06-21 00:04:40.639969	\N	\N	\N	\N	\N	\N	37	\N
43	\N	38	\N	INV-001836	SALE-000038	\N	Walk-in Customer	take_away	pending	normal	\N	\N	2026-06-21 00:11:30.826491	2026-06-21 00:11:30.826491	\N	\N	\N	\N	\N	\N	38	\N
44	\N	39	\N	INV-001839	SALE-000039	\N	Walk-in Customer	take_away	pending	normal	\N	\N	2026-06-21 00:23:45.28498	2026-06-21 00:23:45.28498	\N	\N	\N	\N	\N	\N	39	\N
45	\N	40	\N	INV-001842	SALE-000040	\N	Walk-in Customer	take_away	pending	normal	\N	\N	2026-06-21 00:41:25.916368	2026-06-21 00:41:25.916368	\N	\N	\N	\N	\N	\N	40	\N
46	\N	41	\N	INV-001843	SALE-000041	\N	Walk-in Customer	take_away	pending	normal	\N	\N	2026-06-21 00:56:52.287704	2026-06-21 00:56:52.287704	\N	\N	\N	\N	\N	\N	41	\N
47	\N	42	\N	INV-001845	SALE-000042	\N	Walk-in Customer	take_away	pending	normal	\N	\N	2026-06-21 01:05:18.031112	2026-06-21 01:05:18.031112	\N	\N	\N	\N	\N	\N	42	\N
48	\N	43	\N	INV-001846	SALE-000043	\N	Walk-in Customer	take_away	pending	normal	\N	\N	2026-06-21 01:10:59.557131	2026-06-21 01:10:59.557131	\N	\N	\N	\N	\N	\N	43	\N
49	\N	44	\N	INV-001847	SALE-000044	\N	Walk-in Customer	take_away	pending	normal	\N	\N	2026-06-21 01:29:25.163414	2026-06-21 01:29:25.163414	\N	\N	\N	\N	\N	\N	44	\N
50	\N	45	\N	INV-001856	SALE-000045	\N	Walk-in Customer	take_away	pending	normal	\N	\N	2026-06-21 15:18:52.83988	2026-06-21 15:18:52.83988	\N	\N	\N	\N	\N	\N	45	\N
51	\N	46	\N	INV-001857	SALE-000046	\N	Walk-in Customer	take_away	pending	normal	\N	\N	2026-06-21 15:25:16.310126	2026-06-21 15:25:16.310126	\N	\N	\N	\N	\N	\N	46	\N
52	\N	47	\N	INV-001858	SALE-000047	\N	Walk-in Customer	take_away	pending	normal	\N	\N	2026-06-21 15:34:37.158079	2026-06-21 15:34:37.158079	\N	\N	\N	\N	\N	\N	47	\N
53	\N	48	\N	INV-001859	SALE-000048	\N	Walk-in Customer	take_away	pending	normal	\N	\N	2026-06-21 15:49:33.2696	2026-06-21 15:49:33.2696	\N	\N	\N	\N	\N	\N	48	\N
54	\N	49	\N	INV-001861	SALE-000049	\N	Walk-in Customer	take_away	pending	normal	\N	\N	2026-06-21 16:03:13.940382	2026-06-21 16:03:13.940382	\N	\N	\N	\N	\N	\N	49	\N
55	\N	50	\N	INV-001862	SALE-000050	1	Walk-in Customer	dine_in	pending	normal	\N	\N	2026-06-21 16:48:14.14639	2026-06-21 16:48:14.14639	\N	\N	\N	\N	\N	\N	50	\N
56	\N	51	\N	INV-001863	SALE-000051	1	Walk-in Customer	dine_in	pending	normal	\N	\N	2026-06-21 16:49:22.001119	2026-06-21 16:49:22.001119	\N	\N	\N	\N	\N	\N	51	\N
57	\N	52	\N	INV-001864	SALE-000052	\N	Walk-in Customer	take_away	pending	normal	\N	\N	2026-06-21 17:02:22.005054	2026-06-21 17:02:22.005054	\N	\N	\N	\N	\N	\N	52	\N
58	\N	53	\N	INV-001865	SALE-000053	1	Walk-in Customer	dine_in	pending	normal	\N	\N	2026-06-21 18:48:18.755921	2026-06-21 18:48:18.755921	\N	\N	\N	\N	\N	\N	53	\N
59	\N	54	\N	INV-001866	SALE-000054	1	Walk-in Customer	dine_in	pending	normal	\N	\N	2026-06-21 18:49:00.257856	2026-06-21 18:49:00.257856	\N	\N	\N	\N	\N	\N	54	\N
60	\N	55	\N	INV-001867	SALE-000055	1	Walk-in Customer	dine_in	pending	normal	\N	\N	2026-06-21 19:18:05.561173	2026-06-21 19:18:05.561173	\N	\N	\N	\N	\N	\N	55	\N
61	\N	56	\N	INV-001868	SALE-000056	\N	Walk-in Customer	take_away	pending	normal	\N	\N	2026-06-21 20:32:47.85695	2026-06-21 20:32:47.85695	\N	\N	\N	\N	\N	\N	56	\N
62	\N	57	\N	INV-001870	SALE-000057	\N	Walk-in Customer	take_away	pending	normal	\N	\N	2026-06-21 20:51:01.520655	2026-06-21 20:51:01.520655	\N	\N	\N	\N	\N	\N	57	\N
63	\N	58	\N	INV-001871	SALE-000058	\N	Walk-in Customer	take_away	pending	normal	\N	\N	2026-06-21 21:23:07.54238	2026-06-21 21:23:07.54238	\N	\N	\N	\N	\N	\N	58	\N
64	\N	59	\N	INV-001872	SALE-000059	\N	Walk-in Customer	take_away	pending	normal	\N	\N	2026-06-21 21:28:55.46377	2026-06-21 21:28:55.46377	\N	\N	\N	\N	\N	\N	59	\N
65	\N	60	\N	INV-001873	SALE-000060	\N	Walk-in Customer	take_away	pending	normal	\N	\N	2026-06-21 21:50:41.966925	2026-06-21 21:50:41.966925	\N	\N	\N	\N	\N	\N	60	\N
66	\N	61	\N	INV-001874	SALE-000061	\N	Walk-in Customer	take_away	pending	normal	\N	\N	2026-06-21 22:41:50.400846	2026-06-21 22:41:50.400846	\N	\N	\N	\N	\N	\N	61	\N
67	\N	62	\N	INV-001875	SALE-000062	\N	Walk-in Customer	take_away	pending	normal	\N	\N	2026-06-21 23:12:10.285816	2026-06-21 23:12:10.285816	\N	\N	\N	\N	\N	\N	62	\N
68	\N	63	\N	INV-001876	SALE-000063	\N	Walk-in Customer	take_away	pending	normal	\N	\N	2026-06-21 23:43:32.926591	2026-06-21 23:43:32.926591	\N	\N	\N	\N	\N	\N	63	\N
69	\N	64	\N	INV-001877	SALE-000064	\N	Walk-in Customer	take_away	pending	normal	\N	\N	2026-06-21 23:55:03.001583	2026-06-21 23:55:03.001583	\N	\N	\N	\N	\N	\N	64	\N
70	\N	65	\N	INV-001878	SALE-000065	\N	Walk-in Customer	take_away	pending	normal	\N	\N	2026-06-22 00:16:18.922913	2026-06-22 00:16:18.922913	\N	\N	\N	\N	\N	\N	65	\N
71	\N	66	\N	INV-001879	SALE-000066	\N	Walk-in Customer	take_away	pending	normal	\N	\N	2026-06-22 00:51:50.229043	2026-06-22 00:51:50.229043	\N	\N	\N	\N	\N	\N	66	\N
72	\N	67	\N	INV-001883	SALE-000067	\N	Walk-in Customer	take_away	pending	normal	\N	\N	2026-06-22 02:09:32.356636	2026-06-22 02:09:32.356636	\N	\N	\N	\N	\N	\N	67	\N
73	\N	68	\N	INV-001885	SALE-000068	\N	Walk-in Customer	take_away	pending	normal	\N	\N	2026-06-22 02:14:16.997999	2026-06-22 02:14:16.997999	\N	\N	\N	\N	\N	\N	68	\N
74	\N	69	\N	INV-001887	SALE-000069	\N	Walk-in Customer	take_away	pending	normal	\N	\N	2026-06-22 15:05:29.018911	2026-06-22 15:05:29.018911	\N	\N	\N	\N	\N	\N	69	\N
75	\N	70	\N	INV-001889	SALE-000070	1	Walk-in Customer	dine_in	pending	normal	\N	\N	2026-06-22 16:34:14.905355	2026-06-22 16:34:14.905355	\N	\N	\N	\N	\N	\N	70	\N
76	\N	71	\N	INV-001890	SALE-000071	\N	Walk-in Customer	take_away	pending	normal	\N	\N	2026-06-22 17:59:50.610952	2026-06-22 17:59:50.610952	\N	\N	\N	\N	\N	\N	71	\N
77	\N	72	\N	INV-001891	SALE-000072	\N	Walk-in Customer	take_away	pending	normal	\N	\N	2026-06-22 18:10:29.039575	2026-06-22 18:10:29.039575	\N	\N	\N	\N	\N	\N	72	\N
78	\N	73	\N	INV-001892	SALE-000073	\N	Walk-in Customer	take_away	pending	normal	\N	\N	2026-06-22 19:27:09.313776	2026-06-22 19:27:09.313776	\N	\N	\N	\N	\N	\N	73	\N
79	\N	74	\N	INV-001893	SALE-000074	\N	Walk-in Customer	take_away	pending	normal	\N	\N	2026-06-22 20:12:21.642631	2026-06-22 20:12:21.642631	\N	\N	\N	\N	\N	\N	74	\N
80	\N	75	\N	INV-001896	SALE-000075	\N	Walk-in Customer	take_away	pending	normal	\N	\N	2026-06-22 20:33:01.352117	2026-06-22 20:33:01.352117	\N	\N	\N	\N	\N	\N	75	\N
81	\N	76	\N	INV-001898	SALE-000076	\N	Walk-in Customer	take_away	pending	normal	\N	\N	2026-06-22 21:38:54.040756	2026-06-22 21:38:54.040756	\N	\N	\N	\N	\N	\N	76	\N
82	\N	77	\N	INV-001899	SALE-000077	\N	Walk-in Customer	take_away	pending	normal	\N	\N	2026-06-22 21:41:13.976765	2026-06-22 21:41:13.976765	\N	\N	\N	\N	\N	\N	77	\N
83	\N	78	\N	INV-001900	SALE-000078	\N	Walk-in Customer	take_away	pending	normal	\N	\N	2026-06-22 22:00:32.866334	2026-06-22 22:00:32.866334	\N	\N	\N	\N	\N	\N	78	\N
84	\N	79	\N	INV-001901	SALE-000079	1	Walk-in Customer	dine_in	pending	normal	\N	\N	2026-06-22 22:01:17.3652	2026-06-22 22:01:17.3652	\N	\N	\N	\N	\N	\N	79	\N
85	\N	80	\N	INV-001902	SALE-000080	\N	Walk-in Customer	take_away	pending	normal	\N	\N	2026-06-22 22:03:45.507081	2026-06-22 22:03:45.507081	\N	\N	\N	\N	\N	\N	80	\N
86	\N	81	\N	INV-001903	SALE-000081	\N	Walk-in Customer	take_away	pending	normal	\N	\N	2026-06-22 22:14:28.025962	2026-06-22 22:14:28.025962	\N	\N	\N	\N	\N	\N	81	\N
87	\N	82	\N	INV-001904	SALE-000082	\N	Walk-in Customer	take_away	pending	normal	\N	\N	2026-06-22 22:20:55.759661	2026-06-22 22:20:55.759661	\N	\N	\N	\N	\N	\N	82	\N
88	\N	83	\N	INV-001906	SALE-000083	\N	Walk-in Customer	take_away	pending	normal	\N	\N	2026-06-22 22:45:00.968768	2026-06-22 22:45:00.968768	\N	\N	\N	\N	\N	\N	83	\N
89	\N	84	\N	INV-001907	SALE-000084	\N	Walk-in Customer	take_away	pending	normal	\N	\N	2026-06-22 22:46:04.681402	2026-06-22 22:46:04.681402	\N	\N	\N	\N	\N	\N	84	\N
90	\N	85	\N	INV-001908	SALE-000085	\N	Walk-in Customer	take_away	pending	normal	\N	\N	2026-06-22 22:56:35.086511	2026-06-22 22:56:35.086511	\N	\N	\N	\N	\N	\N	85	\N
91	\N	86	\N	INV-001909	SALE-000086	\N	Walk-in Customer	take_away	pending	normal	\N	\N	2026-06-22 23:13:04.205419	2026-06-22 23:13:04.205419	\N	\N	\N	\N	\N	\N	86	\N
92	\N	87	\N	INV-001910	SALE-000087	\N	Walk-in Customer	take_away	pending	normal	\N	\N	2026-06-22 23:15:30.582745	2026-06-22 23:15:30.582745	\N	\N	\N	\N	\N	\N	87	\N
93	\N	88	\N	INV-001911	SALE-000088	\N	Walk-in Customer	take_away	pending	normal	\N	\N	2026-06-22 23:23:39.520958	2026-06-22 23:23:39.520958	\N	\N	\N	\N	\N	\N	88	\N
94	\N	89	\N	INV-001915	SALE-000089	\N	Walk-in Customer	take_away	pending	normal	\N	\N	2026-06-22 23:59:24.064419	2026-06-22 23:59:24.064419	\N	\N	\N	\N	\N	\N	89	\N
95	\N	90	\N	INV-001923	SALE-000090	\N	Walk-in Customer	take_away	pending	normal	\N	\N	2026-06-23 12:12:52.480144	2026-06-23 12:12:52.480144	\N	\N	\N	\N	\N	\N	90	\N
96	\N	91	\N	INV-001926	SALE-000091	\N	Walk-in Customer	take_away	pending	normal	\N	\N	2026-06-23 13:54:07.09401	2026-06-23 13:54:07.09401	\N	\N	\N	\N	\N	\N	91	\N
97	\N	92	\N	INV-001931	SALE-000092	\N	Walk-in Customer	take_away	pending	normal	\N	\N	2026-06-23 14:39:14.104477	2026-06-23 14:39:14.104477	\N	\N	\N	\N	\N	\N	92	\N
98	\N	93	\N	INV-001933	SALE-000093	\N	Walk-in Customer	take_away	pending	normal	\N	\N	2026-06-23 17:02:45.424513	2026-06-23 17:02:45.424513	\N	\N	\N	\N	\N	\N	93	\N
99	\N	94	\N	INV-001936	SALE-000094	\N	Walk-in Customer	take_away	pending	normal	\N	\N	2026-06-23 17:07:05.225819	2026-06-23 17:07:05.225819	\N	\N	\N	\N	\N	\N	94	\N
100	\N	95	\N	INV-001937	SALE-000095	\N	Walk-in Customer	take_away	pending	normal	\N	\N	2026-06-23 17:16:37.309199	2026-06-23 17:16:37.309199	\N	\N	\N	\N	\N	\N	95	\N
101	\N	96	\N	INV-001938	SALE-000096	\N	Walk-in Customer	take_away	pending	normal	\N	\N	2026-06-23 18:22:30.660052	2026-06-23 18:22:30.660052	\N	\N	\N	\N	\N	\N	96	\N
102	\N	97	\N	INV-001939	SALE-000097	\N	Walk-in Customer	take_away	pending	normal	\N	\N	2026-06-23 18:29:14.96974	2026-06-23 18:29:14.96974	\N	\N	\N	\N	\N	\N	97	\N
103	\N	98	\N	INV-001940	SALE-000098	\N	Walk-in Customer	take_away	pending	normal	\N	\N	2026-06-23 18:35:37.704272	2026-06-23 18:35:37.704272	\N	\N	\N	\N	\N	\N	98	\N
104	\N	99	\N	INV-001941	SALE-000099	\N	Walk-in Customer	take_away	pending	normal	\N	\N	2026-06-23 19:04:50.188865	2026-06-23 19:04:50.188865	\N	\N	\N	\N	\N	\N	99	\N
105	\N	100	\N	INV-001942	SALE-000100	\N	Walk-in Customer	take_away	pending	normal	\N	\N	2026-06-23 19:18:15.637949	2026-06-23 19:18:15.637949	\N	\N	\N	\N	\N	\N	100	\N
106	\N	101	\N	INV-001946	SALE-000101	1	Walk-in Customer	dine_in	pending	normal	\N	\N	2026-06-23 20:35:06.081193	2026-06-23 20:35:06.081193	\N	\N	\N	\N	\N	\N	101	\N
107	\N	102	\N	INV-001950	SALE-000102	\N	Walk-in Customer	take_away	pending	normal	\N	\N	2026-06-23 20:46:21.19597	2026-06-23 20:46:21.19597	\N	\N	\N	\N	\N	\N	102	\N
108	\N	103	\N	INV-001955	SALE-000103	\N	Walk-in Customer	take_away	pending	normal	\N	\N	2026-06-23 20:51:17.778977	2026-06-23 20:51:17.778977	\N	\N	\N	\N	\N	\N	103	\N
109	\N	104	\N	INV-001959	SALE-000104	\N	Walk-in Customer	take_away	pending	normal	\N	\N	2026-06-23 21:35:57.180324	2026-06-23 21:35:57.180324	\N	\N	\N	\N	\N	\N	104	\N
110	\N	105	\N	INV-001960	SALE-000105	\N	Walk-in Customer	take_away	pending	normal	\N	\N	2026-06-23 21:44:53.96792	2026-06-23 21:44:53.96792	\N	\N	\N	\N	\N	\N	105	\N
111	\N	106	\N	INV-001961	SALE-000106	\N	Walk-in Customer	take_away	pending	normal	\N	\N	2026-06-23 22:23:29.339507	2026-06-23 22:23:29.339507	\N	\N	\N	\N	\N	\N	106	\N
112	\N	107	\N	INV-001962	SALE-000107	\N	Walk-in Customer	take_away	pending	normal	\N	\N	2026-06-23 22:26:29.020562	2026-06-23 22:26:29.020562	\N	\N	\N	\N	\N	\N	107	\N
113	\N	108	\N	INV-001963	SALE-000108	\N	Walk-in Customer	take_away	pending	normal	\N	\N	2026-06-23 22:50:47.608215	2026-06-23 22:50:47.608215	\N	\N	\N	\N	\N	\N	108	\N
114	\N	109	\N	INV-001964	SALE-000109	\N	Walk-in Customer	take_away	pending	normal	\N	\N	2026-06-23 22:56:04.209379	2026-06-23 22:56:04.209379	\N	\N	\N	\N	\N	\N	109	\N
115	\N	110	\N	INV-001965	SALE-000110	\N	Walk-in Customer	take_away	pending	normal	\N	\N	2026-06-23 22:57:20.040518	2026-06-23 22:57:20.040518	\N	\N	\N	\N	\N	\N	110	\N
116	\N	111	\N	INV-001966	SALE-000111	\N	Walk-in Customer	take_away	pending	normal	\N	\N	2026-06-23 22:59:59.461713	2026-06-23 22:59:59.461713	\N	\N	\N	\N	\N	\N	111	\N
117	\N	112	\N	INV-001967	SALE-000112	\N	Walk-in Customer	take_away	pending	normal	\N	\N	2026-06-23 23:19:08.304192	2026-06-23 23:19:08.304192	\N	\N	\N	\N	\N	\N	112	\N
118	\N	113	\N	INV-001968	SALE-000113	\N	Walk-in Customer	take_away	pending	normal	\N	\N	2026-06-23 23:19:56.676264	2026-06-23 23:19:56.676264	\N	\N	\N	\N	\N	\N	113	\N
119	\N	114	\N	INV-001969	SALE-000114	\N	Walk-in Customer	take_away	pending	normal	\N	\N	2026-06-23 23:29:29.387103	2026-06-23 23:29:29.387103	\N	\N	\N	\N	\N	\N	114	\N
120	\N	115	\N	INV-001971	SALE-000115	\N	Walk-in Customer	take_away	pending	normal	\N	\N	2026-06-23 23:38:09.222203	2026-06-23 23:38:09.222203	\N	\N	\N	\N	\N	\N	115	\N
121	\N	116	\N	INV-001972	SALE-000116	\N	Walk-in Customer	take_away	pending	normal	\N	\N	2026-06-23 23:51:37.808193	2026-06-23 23:51:37.808193	\N	\N	\N	\N	\N	\N	116	\N
122	\N	117	\N	INV-001973	SALE-000117	\N	Walk-in Customer	take_away	pending	normal	\N	\N	2026-06-23 23:56:53.768964	2026-06-23 23:56:53.768964	\N	\N	\N	\N	\N	\N	117	\N
123	\N	118	\N	INV-001974	SALE-000118	\N	Walk-in Customer	take_away	pending	normal	\N	\N	2026-06-23 23:57:59.371047	2026-06-23 23:57:59.371047	\N	\N	\N	\N	\N	\N	118	\N
124	\N	119	\N	INV-001975	SALE-000119	\N	Walk-in Customer	take_away	pending	normal	\N	\N	2026-06-24 00:34:09.797358	2026-06-24 00:34:09.797358	\N	\N	\N	\N	\N	\N	119	\N
125	\N	120	\N	INV-001977	SALE-000120	\N	Walk-in Customer	take_away	pending	normal	\N	\N	2026-06-24 01:28:44.689714	2026-06-24 01:28:44.689714	\N	\N	\N	\N	\N	\N	120	\N
126	\N	121	\N	INV-001980	SALE-000121	\N	Walk-in Customer	take_away	pending	normal	\N	\N	2026-06-24 02:08:23.079579	2026-06-24 02:08:23.079579	\N	\N	\N	\N	\N	\N	121	\N
127	\N	122	\N	INV-001984	SALE-000122	\N	Walk-in Customer	take_away	pending	normal	\N	\N	2026-06-24 02:18:16.327069	2026-06-24 02:18:16.327069	\N	\N	\N	\N	\N	\N	122	\N
128	\N	123	\N	INV-001994	SALE-000123	\N	Walk-in Customer	take_away	pending	normal	\N	\N	2026-06-24 14:23:34.156169	2026-06-24 14:23:34.156169	\N	\N	\N	\N	\N	\N	123	\N
129	\N	124	\N	INV-001995	SALE-000124	\N	Walk-in Customer	take_away	pending	normal	\N	\N	2026-06-24 16:31:40.983713	2026-06-24 16:31:40.983713	\N	\N	\N	\N	\N	\N	124	\N
130	\N	125	\N	INV-001996	SALE-000125	\N	Walk-in Customer	take_away	pending	normal	\N	\N	2026-06-24 17:25:09.695397	2026-06-24 17:25:09.695397	\N	\N	\N	\N	\N	\N	125	\N
131	\N	126	\N	INV-001998	SALE-000126	1	Walk-in Customer	dine_in	pending	normal	\N	\N	2026-06-24 18:06:06.810333	2026-06-24 18:06:06.810333	\N	\N	\N	\N	\N	\N	126	\N
132	\N	127	\N	INV-002000	SALE-000127	\N	Walk-in Customer	take_away	pending	normal	\N	\N	2026-06-24 18:53:34.3681	2026-06-24 18:53:34.3681	\N	\N	\N	\N	\N	\N	127	\N
133	\N	128	\N	INV-002001	SALE-000128	\N	Walk-in Customer	take_away	pending	normal	\N	\N	2026-06-24 20:19:41.607789	2026-06-24 20:19:41.607789	\N	\N	\N	\N	\N	\N	128	\N
134	\N	129	\N	INV-002002	SALE-000129	\N	Walk-in Customer	take_away	pending	normal	\N	\N	2026-06-24 21:32:48.268759	2026-06-24 21:32:48.268759	\N	\N	\N	\N	\N	\N	129	\N
135	\N	130	\N	INV-002003	SALE-000130	\N	Walk-in Customer	take_away	pending	normal	\N	\N	2026-06-24 21:47:18.695064	2026-06-24 21:47:18.695064	\N	\N	\N	\N	\N	\N	130	\N
136	\N	131	\N	INV-002004	SALE-000131	\N	Walk-in Customer	take_away	pending	normal	\N	\N	2026-06-24 21:52:49.143805	2026-06-24 21:52:49.143805	\N	\N	\N	\N	\N	\N	131	\N
137	\N	132	\N	INV-002005	SALE-000132	\N	Walk-in Customer	take_away	pending	normal	\N	\N	2026-06-24 22:06:06.960155	2026-06-24 22:06:06.960155	\N	\N	\N	\N	\N	\N	132	\N
138	\N	133	\N	INV-002006	SALE-000133	\N	Walk-in Customer	take_away	pending	normal	\N	\N	2026-06-24 22:28:00.176581	2026-06-24 22:28:00.176581	\N	\N	\N	\N	\N	\N	133	\N
139	\N	134	\N	INV-002008	SALE-000134	\N	Walk-in Customer	take_away	pending	normal	\N	\N	2026-06-24 22:35:10.741542	2026-06-24 22:35:10.741542	\N	\N	\N	\N	\N	\N	134	\N
140	\N	135	\N	INV-002009	SALE-000135	\N	Walk-in Customer	take_away	pending	normal	\N	\N	2026-06-24 22:55:59.117675	2026-06-24 22:55:59.117675	\N	\N	\N	\N	\N	\N	135	\N
141	\N	136	\N	INV-002010	SALE-000136	\N	Walk-in Customer	take_away	pending	normal	\N	\N	2026-06-24 23:11:44.515399	2026-06-24 23:11:44.515399	\N	\N	\N	\N	\N	\N	136	\N
142	\N	137	\N	INV-002011	SALE-000137	\N	Walk-in Customer	take_away	pending	normal	\N	\N	2026-06-24 23:16:27.385542	2026-06-24 23:16:27.385542	\N	\N	\N	\N	\N	\N	137	\N
143	\N	138	\N	INV-002012	SALE-000138	\N	Walk-in Customer	take_away	pending	normal	\N	\N	2026-06-24 23:19:51.78049	2026-06-24 23:19:51.78049	\N	\N	\N	\N	\N	\N	138	\N
144	\N	139	\N	INV-002013	SALE-000139	\N	Walk-in Customer	take_away	pending	normal	\N	\N	2026-06-24 23:34:59.344586	2026-06-24 23:34:59.344586	\N	\N	\N	\N	\N	\N	139	\N
145	\N	140	\N	INV-002014	SALE-000140	\N	Walk-in Customer	take_away	pending	normal	\N	\N	2026-06-24 23:41:17.348775	2026-06-24 23:41:17.348775	\N	\N	\N	\N	\N	\N	140	\N
146	\N	141	\N	INV-002017	SALE-000141	\N	Walk-in Customer	take_away	pending	normal	\N	\N	2026-06-25 01:31:33.279373	2026-06-25 01:31:33.279373	\N	\N	\N	\N	\N	\N	141	\N
147	\N	142	\N	INV-002019	SALE-000142	\N	Walk-in Customer	take_away	pending	normal	\N	\N	2026-06-25 01:38:49.104134	2026-06-25 01:38:49.104134	\N	\N	\N	\N	\N	\N	142	\N
148	\N	143	\N	INV-002021	SALE-000143	\N	Walk-in Customer	take_away	pending	normal	\N	\N	2026-06-25 01:48:40.668398	2026-06-25 01:48:40.668398	\N	\N	\N	\N	\N	\N	143	\N
149	\N	144	\N	INV-002029	SALE-000144	\N	Walk-in Customer	take_away	pending	normal	\N	\N	2026-06-25 15:58:16.265179	2026-06-25 15:58:16.265179	\N	\N	\N	\N	\N	\N	144	\N
150	\N	145	\N	INV-002031	SALE-000145	\N	Walk-in Customer	take_away	pending	normal	\N	\N	2026-06-25 17:06:24.581846	2026-06-25 17:06:24.581846	\N	\N	\N	\N	\N	\N	145	\N
151	\N	146	\N	INV-002032	SALE-000146	\N	Walk-in Customer	take_away	pending	normal	\N	\N	2026-06-25 17:13:18.692193	2026-06-25 17:13:18.692193	\N	\N	\N	\N	\N	\N	146	\N
152	\N	147	\N	INV-002033	SALE-000147	\N	Walk-in Customer	take_away	pending	normal	\N	\N	2026-06-25 18:05:59.834804	2026-06-25 18:05:59.834804	\N	\N	\N	\N	\N	\N	147	\N
153	\N	148	\N	INV-002034	SALE-000148	\N	Walk-in Customer	take_away	pending	normal	\N	\N	2026-06-25 18:26:37.169349	2026-06-25 18:26:37.169349	\N	\N	\N	\N	\N	\N	148	\N
154	\N	149	\N	INV-002035	SALE-000149	1	Walk-in Customer	dine_in	pending	normal	\N	\N	2026-06-25 19:14:46.537091	2026-06-25 19:14:46.537091	\N	\N	\N	\N	\N	\N	149	\N
155	\N	150	\N	INV-002036	SALE-000150	\N	Walk-in Customer	take_away	pending	normal	\N	\N	2026-06-25 19:15:52.100897	2026-06-25 19:15:52.100897	\N	\N	\N	\N	\N	\N	150	\N
156	\N	151	\N	INV-002037	SALE-000151	\N	Walk-in Customer	take_away	pending	normal	\N	\N	2026-06-25 19:42:34.978474	2026-06-25 19:42:34.978474	\N	\N	\N	\N	\N	\N	151	\N
157	\N	152	\N	INV-002038	SALE-000152	\N	Walk-in Customer	take_away	pending	normal	\N	\N	2026-06-25 19:49:54.315637	2026-06-25 19:49:54.315637	\N	\N	\N	\N	\N	\N	152	\N
158	\N	153	\N	INV-002039	SALE-000153	\N	Walk-in Customer	take_away	pending	normal	\N	\N	2026-06-25 19:50:25.264407	2026-06-25 19:50:25.264407	\N	\N	\N	\N	\N	\N	153	\N
\.


--
-- Data for Name: kds_settings; Type: TABLE DATA; Schema: public; Owner: postgres
--

COPY public.kds_settings (id, store_id, setting_key, setting_value, description, created_at, updated_at) FROM stdin;
1	\N	enable_kds	0	Enable KDS system	2026-06-25 20:31:32.419931	2026-06-25 20:31:32.419931
\.


--
-- Data for Name: kds_station_items; Type: TABLE DATA; Schema: public; Owner: postgres
--

COPY public.kds_station_items (id, store_id, station_id, item_id, preparation_time, is_active, created_at) FROM stdin;
\.


--
-- Data for Name: kds_stations; Type: TABLE DATA; Schema: public; Owner: postgres
--

COPY public.kds_stations (id, store_id, name, description, printer_id, enable_kot_print, color, is_active, sort_order, created_at, preparation_time) FROM stdin;
\.


--
-- Data for Name: kpra_config; Type: TABLE DATA; Schema: public; Owner: postgres
--

COPY public.kpra_config (id, is_enabled, key, pos_id, business_id, api_url, created_at, updated_at) FROM stdin;
\.


--
-- Data for Name: kpra_invoices; Type: TABLE DATA; Schema: public; Owner: postgres
--

COPY public.kpra_invoices (id, sale_id, kpra_invoice_number, qr_code_url, qr_code_image, response_status, response_message, created_at) FROM stdin;
\.


--
-- Data for Name: kpra_logs; Type: TABLE DATA; Schema: public; Owner: postgres
--

COPY public.kpra_logs (id, sale_id, request_data, response_data, status_code, created_at) FROM stdin;
\.


--
-- Data for Name: languages; Type: TABLE DATA; Schema: public; Owner: postgres
--

COPY public.languages (id, code, name, native_name, flag, rtl, active, created_at) FROM stdin;
1	en	English	English	us.png	f	t	2025-11-05 22:16:29
2	fa	Persian	فارسی	ir.png	t	t	2025-11-05 22:16:29
3	ur	Urdu	اردو	pk.png	t	t	2025-11-05 22:16:29
4	ar	Arabic	العربية	sa.png	t	t	2025-11-05 22:16:38
\.


--
-- Data for Name: line_discount_rules; Type: TABLE DATA; Schema: public; Owner: postgres
--

COPY public.line_discount_rules (id, scope_type, scope_id, discount_type, discount_value, is_active, starts_at, expires_at, created_at, updated_at) FROM stdin;
\.


--
-- Data for Name: modifier_group_assignments; Type: TABLE DATA; Schema: public; Owner: postgres
--

COPY public.modifier_group_assignments (id, modifier_id, modifier_group_id, is_required, sort_order, created_at) FROM stdin;
\.


--
-- Data for Name: modifier_template_options; Type: TABLE DATA; Schema: public; Owner: postgres
--

COPY public.modifier_template_options (id, template_id, name, price_adjustment, is_active, sort_order, created_at) FROM stdin;
\.


--
-- Data for Name: modifier_templates; Type: TABLE DATA; Schema: public; Owner: postgres
--

COPY public.modifier_templates (id, name, icon, is_active, sort_order, created_at) FROM stdin;
\.


--
-- Data for Name: order_takers; Type: TABLE DATA; Schema: public; Owner: postgres
--

COPY public.order_takers (id, assigned_store_id, name, employee_id, phone, email, commission_rate, password, user_id, is_active, created_at) FROM stdin;
\.


--
-- Data for Name: payment_method_tax_rates; Type: TABLE DATA; Schema: public; Owner: postgres
--

COPY public.payment_method_tax_rates (id, payment_method, tax_rate, is_active, created_at, updated_at) FROM stdin;
1	cash	16.00	t	2025-11-05 22:16:15	2026-05-20 20:20:00
2	card	5.00	t	2025-11-05 22:16:15	2026-05-20 20:20:03
4	bank	6.00	t	2025-11-05 22:16:15	2025-11-05 22:16:15
5	credit	0.00	t	2025-11-05 22:16:15	2025-11-05 22:16:15
6	cheque	6.00	t	2026-04-05 18:18:35	2026-04-05 18:18:35
3	easypaisa	6.00	t	2025-11-05 22:16:15	2025-11-05 22:16:15
\.


--
-- Data for Name: payment_methods; Type: TABLE DATA; Schema: public; Owner: postgres
--

COPY public.payment_methods (id, method_name, display_name, icon_class, color_class, is_active, requires_bank_account, sort_order, created_at) FROM stdin;
1	cash	Cash Payment	fas fa-money-bill-wave	btn-outline-success	t	f	1	2025-08-17 19:35:24
2	card	Card Payment	fas fa-credit-card	btn-outline-primary	t	f	2	2025-08-17 19:35:24
4	bank	Bank Transfer	fas fa-university	btn-outline-warning	t	t	4	2025-08-17 19:35:24
5	credit	Credit Sale	fas fa-clock	btn-outline-secondary	t	f	5	2025-08-17 19:35:24
7	cheque	Cheque	fas fa-money-check-alt	btn-outline-secondary	t	t	6	2026-04-05 18:18:34
3	easypaisa	Easypaisa	fas fa-mobile-alt	btn-outline-info	t	t	3	2025-08-17 19:35:24
\.


--
-- Data for Name: price_history; Type: TABLE DATA; Schema: public; Owner: postgres
--

COPY public.price_history (id, item_id, item_name, vendor_id, old_cost_price, new_cost_price, old_retail_price, new_retail_price, changed_by, changed_at) FROM stdin;
\.


--
-- Data for Name: print_devices; Type: TABLE DATA; Schema: public; Owner: postgres
--

COPY public.print_devices (id, name, connection_type, print_type, terminal_id, printer_name, printer_type, print_mode, copies, ip_address, is_active, is_default, auto_detect, created_at) FROM stdin;
1	Counter Receipt Printer	usb	receipt	\N	BC-96AC	thermal	ask	1	192.168.1.24	t	t	t	2025-11-05 22:16:29
2	Kitchen KOT Printer	usb	kot	\N	Black Copper 80	thermal	ask	1	192.168.1.100	t	t	t	2025-11-05 22:16:29
3	Barcode Label Printer	usb	barcode	\N	Microsoft Print to PDF	thermal	auto	1	\N	t	f	t	2025-11-05 22:16:29
\.


--
-- Data for Name: production_cost_lines; Type: TABLE DATA; Schema: public; Owner: postgres
--

COPY public.production_cost_lines (id, production_item_id, cost_type, description, quantity, unit_rate, amount, created_at) FROM stdin;
\.


--
-- Data for Name: production_items; Type: TABLE DATA; Schema: public; Owner: postgres
--

COPY public.production_items (id, production_order_id, material_store_id, finish_store_id, item_id, quantity, unit_cost, total_cost, status, created_at) FROM stdin;
\.


--
-- Data for Name: production_materials; Type: TABLE DATA; Schema: public; Owner: postgres
--

COPY public.production_materials (id, production_item_id, material_item_id, quantity_consumed, unit_cost, total_cost, created_at) FROM stdin;
\.


--
-- Data for Name: production_orders; Type: TABLE DATA; Schema: public; Owner: postgres
--

COPY public.production_orders (id, order_number, production_date, status, remarks, total_cost, created_by, created_at, updated_at) FROM stdin;
\.


--
-- Data for Name: purchase_items; Type: TABLE DATA; Schema: public; Owner: postgres
--

COPY public.purchase_items (id, store_id, purchase_id, item_id, item_name, quantity, unit_cost, total_cost, tax_rate) FROM stdin;
\.


--
-- Data for Name: purchase_order_items; Type: TABLE DATA; Schema: public; Owner: postgres
--

COPY public.purchase_order_items (id, purchase_order_id, item_id, item_name, quantity, quantity_loose, unit_cost, retail_price, total_cost, tax_rate, purchase_mode, bulk_base_qty) FROM stdin;
\.


--
-- Data for Name: purchase_orders; Type: TABLE DATA; Schema: public; Owner: postgres
--

COPY public.purchase_orders (id, po_number, vendor_id, store_id, branch_id, po_date, total_amount, tax_amount, discount_amount, net_amount, notes, status, converted_purchase_id, converted_at, created_at) FROM stdin;
\.


--
-- Data for Name: purchase_return_items; Type: TABLE DATA; Schema: public; Owner: postgres
--

COPY public.purchase_return_items (id, purchase_return_id, item_id, quantity, unit_cost, total_cost, tax_rate) FROM stdin;
\.


--
-- Data for Name: purchase_returns; Type: TABLE DATA; Schema: public; Owner: postgres
--

COPY public.purchase_returns (id, store_id, purchase_id, vendor_id, return_date, total_amount, remarks, customer_remarks, created_by, created_at) FROM stdin;
\.


--
-- Data for Name: purchases; Type: TABLE DATA; Schema: public; Owner: postgres
--

COPY public.purchases (id, store_id, branch_id, purchase_number, vendor_id, purchase_date, total_amount, tax_amount, discount_amount, net_amount, payment_method, status, source_po_id, created_at, advance_tax_rate, advance_tax_amount) FROM stdin;
\.


--
-- Data for Name: quotation_drafts; Type: TABLE DATA; Schema: public; Owner: postgres
--

COPY public.quotation_drafts (id, user_id, store_id, payload, updated_at) FROM stdin;
\.


--
-- Data for Name: quotation_items; Type: TABLE DATA; Schema: public; Owner: postgres
--

COPY public.quotation_items (id, quotation_id, item_id, item_name, quantity, unit_price, total_price, tax_rate, line_discount_percent, remarks) FROM stdin;
\.


--
-- Data for Name: quotations; Type: TABLE DATA; Schema: public; Owner: postgres
--

COPY public.quotations (id, store_id, quotation_number, customer_id, customer_name, quotation_date, subtotal, tax_amount, discount_amount, net_amount, status, remarks, created_by, created_at, updated_at) FROM stdin;
\.


--
-- Data for Name: rights; Type: TABLE DATA; Schema: public; Owner: postgres
--

COPY public.rights (id, name, description, category) FROM stdin;
1	Create User		User Management
2	Item List		Products
3	Users List		User Management
4	Add Item		Products
5	View Taxes		Tax
6	View Taxes		Tax
7	Manage Categories		Products
8	Create Customer		Customers
9	Manage SubCategories		Products
10	Create Taxes		Tax
11	View Categories		Products
12	Delete Items		Products
13	Edit Items		Products
14	Edit Taxes		Tax
15	Add Expense		Expenses
16	Add Purchase		Purchases
17	Add Supplier		Vendors
18	Assign Rights		User Rights
19	Create Role		User Rights
20	View Expense Accounts		Expenses
21	Expense Categories		Expenses
22	Expense List		Expenses
23	Access POS		POS
24	Sales Report		Reports
25	Purchase Report		Reports
26	Edit Sale Price in POS	Allows editing item prices during sale in POS	POS
27	Daily Sales Report	View daily sales summary report	Reports
28	Shift Report	View cashier shift reports	Reports
29	Invoice Report	View detailed invoice reports	Reports
30	Invoice Profit Report	View invoice profit analysis	Reports
31	Itemwise Sales Report	View sales report by items	Reports
32	Tax Wise Report	View tax summary reports	Reports
33	Discount Report	View discount usage reports	Reports
34	Void Orders Report	View voided orders report	Reports
35	Sale Return Report	View sale returns report	Reports
36	Purchase Return Report	View purchase returns report	Reports
37	Order Taker Report	View order taker performance report	Reports
38	Stock Balance Report	View current stock balance	Reports
39	Stock Valuation Report	View stock valuation report	Reports
40	Reorder Report	View items that need reordering	Reports
41	Item Cost Report	View item cost analysis	Reports
42	Item Ledger Report	View item transaction ledger	Reports
43	Item Modifier Report	View item modifiers usage report	Reports
44	KDS Order Report	View kitchen display orders report	Reports
45	KPRA Sales Report	View KPRA integrated sales report	Reports
46	Production Reports	View production and manufacturing reports	Reports
47	Account Report	View account summary reports	Reports
48	Financial Reports	View financial statements and reports	Reports
49	Serial Tracking Report	View serial number tracking report	Reports
50	FBR Sales Report	View FBR integrated sales report	Reports
51	Profit & Loss	View profit and loss statement report	Reports
52	ZATCA Sales Report	View ZATCA integrated sales report	Reports
55	Customer Category	View and manage customer categories	Sales
56	Item Modifier Management	View and manage item modifiers	Sales
57	Void Reasons	View and manage void reasons	Sales
58	Quotations	View and manage quotations	Sales
59	Delivery Challan	View and manage delivery challans	Sales
60	Discount Management	View and manage discounts	Sales
61	Deal Management	View and manage deals	Sales
62	Order Takers	View and manage order takers	Sales
63	Tables	View and manage tables for dine-in	Sales
64	Floors	View and manage floors for dine-in	Sales
65	Riders	View and manage delivery riders	Sales
66	Delivery Orders	View and manage delivery orders	Sales
53	Customer List	View and manage customer list	Sales
54	Customer Balance	View customer balances and account statements	Sales
67	Items	View and manage items	Inventory
68	Item Categories	View and manage item categories	Inventory
69	UOM Management	View and manage unit of measurement	Inventory
70	Purchases	View and manage purchases	Inventory
71	Suppliers	View and manage suppliers	Inventory
72	Supplier Balance	View supplier balances and account statements	Inventory
73	Stock Transfer Request	Create and manage stock transfer requests	Inventory
74	Stock Transfer Approval	Approve stock transfer requests	Inventory
75	Stock Adjustment List	View stock adjustment list	Inventory
76	Stock Adjustment	Create new stock adjustments	Inventory
77	Production Orders	View and manage production orders	Inventory
78	Opening Balance	Manage opening balances	Inventory
79	Expenses	View and manage expenses	Accounts
80	Expense Accounts	View and manage expense accounts	Accounts
81	Expense Categories	View and manage expense categories	Accounts
82	Bank Accounts	View and manage bank accounts	Accounts
83	Payment Methods	View and manage payment methods	Accounts
84	Card Types	View and manage card types	Accounts
85	Customer Payments	View and manage customer payments	Accounts
86	Supplier Payments	View and manage supplier payments	Accounts
87	Bank Ledger	View bank account ledger with all transactions	Accounts
88	Cash Ledger	View cash account ledger with all transactions	Accounts
89	Chart of Accounts	View and manage chart of accounts	Financials
90	Account Mappings	View and manage account mappings	Financials
91	Period Management	View and manage accounting periods	Financials
92	Terminals	View and manage terminals	Hardware
93	Print Devices	View and manage print devices	Hardware
94	KOT/KDS	View and manage KOT/KDS management	Hardware
95	Tablet Orders	View and manage tablet orders	Hardware
96	Backup Tool	Access backup tool for database operations	Hardware
97	General Settings	Access general system settings	Settings
98	Branches	View and manage branches	Settings
99	Stores	View and manage stores	Settings
100	Sync Settings	Manage sync settings	Settings
101	Languages	Manage language settings	Settings
102	Tax Rates	View and manage tax rates	Settings
103	DB Operations	Access database operations panel	Settings
104	Users & Permissions	Manage users and permissions	Settings
105	Customer List	Manage customer	Sales
106	General Ledger	View detailed transaction history for accounts	Financials
107	Trial Balance	View trial balance report showing account balances	Financials
108	Account Ledger	View all cash and bank transactions with running balance	Financials
109	Profit Chart	View monthly profit analysis chart	Financials
110	Quick Transaction	Create quick financial transactions	Financials
111	Journal Entries	View and manage journal entries	Financials
112	Rider Sales Report	View rider-wise delivery sales report	Reports
113	Wastage	Record stock wastage and damage	Inventory
114	Cheques	View and manage cheque books and cheque status	Accounts
115	ITR Assistant	Access and use ITR Assistant chat/call features	Settings
116	Card Reconciliation	View and reconcile card transactions	Accounts
117	Subscriptions	View and manage customer subscriptions	Accounts
118	FBR Digital Sales Report	View FBR Digital integrated sales report	Reports
\.


--
-- Data for Name: role_rights; Type: TABLE DATA; Schema: public; Owner: postgres
--

COPY public.role_rights (role_id, right_id) FROM stdin;
1	1
1	2
1	3
1	4
1	5
1	6
1	7
1	8
1	9
1	10
1	11
1	12
1	13
1	14
1	15
1	16
1	17
1	18
1	19
1	20
1	21
1	22
1	23
1	24
1	25
1	26
1	27
1	28
1	29
1	30
1	31
1	32
1	33
1	34
1	35
1	36
1	37
1	38
1	39
1	40
1	41
1	42
1	43
1	44
1	45
1	46
1	47
1	48
1	49
1	50
1	51
1	52
1	53
1	54
1	55
1	56
1	57
1	58
1	59
1	60
1	61
1	62
1	63
1	64
1	65
1	66
1	67
1	68
1	69
1	70
1	71
1	72
1	73
1	74
1	75
1	76
1	77
1	78
1	79
1	80
1	81
1	82
1	83
1	84
1	85
1	86
1	87
1	88
1	89
1	90
1	91
1	92
1	93
1	94
1	95
1	96
1	97
1	98
1	99
1	100
1	101
1	102
1	103
1	104
1	106
1	107
1	108
1	109
1	110
1	111
1	112
1	113
1	114
1	115
1	117
2	23
1	118
\.


--
-- Data for Name: roles; Type: TABLE DATA; Schema: public; Owner: postgres
--

COPY public.roles (id, name) FROM stdin;
1	Admin
2	Cashier
\.


--
-- Data for Name: sale_item_modifiers; Type: TABLE DATA; Schema: public; Owner: postgres
--

COPY public.sale_item_modifiers (id, sale_item_id, modifier_id, modifier_group_id, modifier_name, price_adjustment, created_at) FROM stdin;
\.


--
-- Data for Name: sale_items; Type: TABLE DATA; Schema: public; Owner: postgres
--

COPY public.sale_items (id, store_id, sale_id, item_id, item_name, quantity, unit_price, original_unit_price, total_price, discount_type, discount_value, discount_per_unit, discount_amount, tax_rate, remarks, is_deal, deal_selections) FROM stdin;
63	1	46	11	NR  DRINKS	1.000	100.00	100.00	100.00	none	0.00	0.00	0.00	0.00		f	\N
1	1	1	40	Cheezy Sandwich	1.000	750.00	750.00	750.00	none	0.00	0.00	0.00	0.00		f	\N
2	1	1	36	ZINGER BUREGR	1.000	499.00	499.00	499.00	none	0.00	0.00	0.00	0.00		f	\N
3	1	2	71	LARGE PIZZA DEAL	1.000	2650.00	2650.00	2650.00	none	0.00	0.00	0.00	0.00		f	\N
64	1	47	53	Bitesa Cheezy Flavors	1.000	1699.00	1699.00	1699.00	none	0.00	0.00	0.00	0.00		f	\N
4	1	3	10	Buy 1 Get 1 Free	1.000	1650.00	1650.00	1650.00	none	0.00	0.00	0.00	0.00		f	\N
65	1	48	9	CRUNCHY  PASTA	1.000	850.00	850.00	850.00	none	0.00	0.00	0.00	0.00		f	\N
5	1	4	71	LARGE PIZZA DEAL	1.000	2650.00	2650.00	2650.00	none	0.00	0.00	0.00	0.00		f	\N
6	1	4	36	ZINGER BUREGR	1.000	499.00	499.00	499.00	none	0.00	0.00	0.00	0.00		f	\N
66	1	49	14	CAN	1.000	120.00	120.00	120.00	none	0.00	0.00	0.00	0.00		f	\N
7	1	5	40	Cheezy Sandwich	1.000	750.00	750.00	750.00	none	0.00	0.00	0.00	0.00		f	\N
8	1	5	14	CAN	1.000	100.00	100.00	100.00	none	0.00	0.00	0.00	0.00		f	\N
9	1	5	13	1.5 LTR	1.000	200.00	200.00	200.00	none	0.00	0.00	0.00	0.00		f	\N
67	1	49	24	CHEEZY ROLLS 4 PCS	1.000	550.00	550.00	550.00	none	0.00	0.00	0.00	0.00		f	\N
10	1	7	11	WATER	1.000	100.00	100.00	100.00	none	0.00	0.00	0.00	0.00		f	\N
11	1	8	14	CAN	1.000	100.00	100.00	100.00	none	0.00	0.00	0.00	0.00		f	\N
68	1	50	21	CRISPY CHICKEN WINGS 10	1.000	699.00	699.00	699.00	none	0.00	0.00	0.00	0.00		f	\N
12	1	9	11	WATER	1.000	100.00	100.00	100.00	none	0.00	0.00	0.00	0.00		f	\N
13	1	10	26	FIRE BAKED WINGS	1.000	400.00	400.00	400.00	none	0.00	0.00	0.00	0.00		f	\N
69	1	51	21	CRISPY CHICKEN WINGS 10	1.000	699.00	699.00	699.00	none	0.00	0.00	0.00	0.00		f	\N
14	1	11	68	DEAL 3	1.000	2099.00	2099.00	2099.00	none	0.00	0.00	0.00	0.00		f	\N
15	1	12	11	WATER	1.000	100.00	100.00	100.00	none	0.00	0.00	0.00	0.00		f	\N
70	1	52	73	SMALL PIZZA DEAL	1.000	1150.00	1150.00	1150.00	none	0.00	0.00	0.00	0.00		f	\N
16	1	13	5	LOADED FRIES	1.000	700.00	700.00	700.00	none	0.00	0.00	0.00	0.00		f	\N
17	1	14	11	AINNAR	1.000	100.00	100.00	100.00	none	0.00	0.00	0.00	0.00		f	\N
71	1	53	12	1 LTR	1.000	170.00	170.00	170.00	none	0.00	0.00	0.00	0.00		f	\N
18	1	15	56	The Crown Pizza	1.000	1699.00	1699.00	1699.00	none	0.00	0.00	0.00	0.00		f	\N
72	1	54	12	1 LTR	1.000	170.00	170.00	170.00	none	0.00	0.00	0.00	0.00		f	\N
19	1	16	17	FRIES SMALL	1.000	190.00	190.00	190.00	none	0.00	0.00	0.00	0.00		f	\N
20	1	16	28	CALZONE STICKS	1.000	650.00	650.00	650.00	none	0.00	0.00	0.00	0.00		f	\N
21	1	17	10	Buy 1 Get 1 Free	1.000	1650.00	1650.00	1650.00	none	0.00	0.00	0.00	0.00		f	\N
73	1	55	36	ZINGER BUREGR	1.000	499.00	499.00	499.00	none	0.00	0.00	0.00	0.00		f	\N
22	1	18	47	Pizza Head	1.000	1199.00	1199.00	1199.00	none	0.00	0.00	0.00	0.00		f	\N
23	1	19	1	Bihari Rolls 6 pieces	1.000	799.00	799.00	799.00	none	0.00	0.00	0.00	0.00		f	\N
24	1	19	47	Pizza Head	1.000	1199.00	1199.00	1199.00	none	0.00	0.00	0.00	0.00		f	\N
25	1	20	11	AINNAR	2.000	100.00	100.00	200.00	none	0.00	0.00	0.00	0.00		f	\N
26	1	20	17	FRIES SMALL	1.000	190.00	190.00	190.00	none	0.00	0.00	0.00	0.00		f	\N
27	1	20	8	CHICKEN SHAWARMA	1.000	220.00	220.00	220.00	none	0.00	0.00	0.00	0.00		f	\N
28	1	21	16	FRIES MEDIUM	1.000	290.00	290.00	290.00	none	0.00	0.00	0.00	0.00		f	\N
29	1	21	26	FIRE BAKED WINGS 06	1.000	400.00	400.00	400.00	none	0.00	0.00	0.00	0.00		f	\N
30	1	22	43	Other Flavours Regular	1.000	1199.00	1199.00	1199.00	none	0.00	0.00	0.00	0.00		f	\N
31	1	23	13	1.5 LTR	1.000	200.00	200.00	200.00	none	0.00	0.00	0.00	0.00		f	\N
32	1	23	65	TRIO DEAL	1.000	1650.00	1650.00	1650.00	none	0.00	0.00	0.00	0.00		f	\N
33	1	23	26	FIRE BAKED WINGS 06	1.000	400.00	400.00	400.00	none	0.00	0.00	0.00	0.00		f	\N
34	1	23	71	LARGE PIZZA DEAL	1.000	2650.00	2650.00	2650.00	none	0.00	0.00	0.00	0.00		f	\N
35	1	24	68	DEAL 3	1.000	2099.00	2099.00	2099.00	none	0.00	0.00	0.00	0.00		f	\N
36	1	25	76	TWIN BOX	1.000	1299.00	1299.00	1299.00	none	0.00	0.00	0.00	0.00		f	\N
37	1	26	76	TWIN BOX	1.000	1299.00	1299.00	1299.00	none	0.00	0.00	0.00	0.00		f	\N
38	1	27	56	The Crown Pizza Large	1.000	1699.00	1699.00	1699.00	none	0.00	0.00	0.00	0.00		f	\N
39	1	28	13	1.5 LTR	1.000	200.00	200.00	200.00	none	0.00	0.00	0.00	0.00		f	\N
40	1	28	16	FRIES MEDIUM	1.000	290.00	290.00	290.00	none	0.00	0.00	0.00	0.00		f	\N
41	1	28	47	Pizza Head Medium	1.000	1199.00	1199.00	1199.00	none	0.00	0.00	0.00	0.00		f	\N
42	1	29	62	ROYAL ROASTED PLATTER	2.000	1099.00	1099.00	2198.00	none	0.00	0.00	0.00	0.00		f	\N
43	1	30	64	TRIO DEAL 2	1.000	1499.00	1499.00	1499.00	none	0.00	0.00	0.00	0.00		f	\N
44	1	31	11	AINNAR	1.000	100.00	100.00	100.00	none	0.00	0.00	0.00	0.00		f	\N
45	1	32	58	ROYAL SPECIAL DELIGHT DEAL	1.000	1950.00	1950.00	1950.00	none	0.00	0.00	0.00	0.00		f	\N
46	1	33	13	1.5 LTR	1.000	200.00	200.00	200.00	none	0.00	0.00	0.00	0.00		f	\N
47	1	34	47	Pizza Head Medium	1.000	1199.00	1199.00	1199.00	none	0.00	0.00	0.00	0.00		f	\N
48	1	35	12	1 LTR	1.000	170.00	170.00	170.00	none	0.00	0.00	0.00	0.00		f	\N
49	1	36	76	TWIN BOX	1.000	1299.00	1299.00	1299.00	none	0.00	0.00	0.00	0.00		f	\N
50	1	37	13	1.5 LTR	1.000	200.00	200.00	200.00	none	0.00	0.00	0.00	0.00		f	\N
51	1	37	56	The Crown Pizza Large	1.000	1699.00	1699.00	1699.00	none	0.00	0.00	0.00	0.00		f	\N
52	1	38	76	TWIN BOX	1.000	1299.00	1299.00	1299.00	none	0.00	0.00	0.00	0.00		f	\N
53	1	39	8	CHICKEN  SHAWARMA	3.000	220.00	220.00	660.00	none	0.00	0.00	0.00	0.00		f	\N
54	1	40	11	NR  DRINKS	2.000	100.00	100.00	200.00	none	0.00	0.00	0.00	0.00		f	\N
55	1	41	13	1.5 LTR	5.000	200.00	200.00	1000.00	none	0.00	0.00	0.00	0.00		f	\N
56	1	42	11	NR  DRINKS	1.000	100.00	100.00	100.00	none	0.00	0.00	0.00	0.00		f	\N
57	1	42	24	CHEEZY ROLLS 5 PCS	1.000	670.00	670.00	670.00	none	0.00	0.00	0.00	0.00		f	\N
58	1	42	17	FRIES SMALL	1.000	100.00	100.00	100.00	none	0.00	0.00	0.00	0.00		f	\N
59	1	43	61	ZINGER MIX MAGIC	1.000	1699.00	1699.00	1699.00	none	0.00	0.00	0.00	0.00		f	\N
60	1	44	36	ZINGER BUREGR	1.000	499.00	499.00	499.00	none	0.00	0.00	0.00	0.00		f	\N
61	1	45	80	BY 1 GET 1 FREE	2.000	1650.00	1650.00	3300.00	none	0.00	0.00	0.00	0.00		f	\N
62	1	45	1	Bihari Rolls 6 pieces	2.000	799.00	799.00	1598.00	none	0.00	0.00	0.00	0.00		f	\N
74	1	56	50	Kebab-E-Crust Pizza Large	1.000	1899.00	1899.00	1899.00	none	0.00	0.00	0.00	0.00		f	\N
673	1	474	68	DEAL 3	1.000	2099.00	2099.00	2099.00	none	0.00	0.00	0.00	0.00		f	\N
75	1	57	10	Buy 1 Get 1 Free	1.000	1650.00	1650.00	1650.00	none	0.00	0.00	0.00	0.00		f	\N
76	1	58	48	Pizza Head Small	1.000	599.00	599.00	599.00	none	0.00	0.00	0.00	0.00		f	\N
136	1	96	1	Bihari Rolls 6 pieces	1.000	799.00	799.00	799.00	none	0.00	0.00	0.00	0.00		f	\N
137	1	96	10	Buy 1 Get 1 Free	1.000	1650.00	1650.00	1650.00	none	0.00	0.00	0.00	0.00		f	\N
77	1	59	8	CHICKEN  SHAWARMA	1.000	220.00	220.00	220.00	none	0.00	0.00	0.00	0.00		f	\N
78	1	59	38	CRUNCH BURGER	1.000	399.00	399.00	399.00	none	0.00	0.00	0.00	0.00		f	\N
79	1	60	68	DEAL 3	1.000	2099.00	2099.00	2099.00	none	0.00	0.00	0.00	0.00		f	\N
138	1	97	58	ROYAL SPECIAL DELIGHT DEAL	1.000	1950.00	1950.00	1950.00	none	0.00	0.00	0.00	0.00		f	\N
80	1	61	13	1.5 LTR	1.000	200.00	200.00	200.00	none	0.00	0.00	0.00	0.00		f	\N
139	1	98	48	Pizza Head Small	1.000	599.00	599.00	599.00	none	0.00	0.00	0.00	0.00		f	\N
81	1	62	11	NR  DRINKS	1.000	100.00	100.00	100.00	none	0.00	0.00	0.00	0.00		f	\N
82	1	62	13	1.5 LTR	1.000	200.00	200.00	200.00	none	0.00	0.00	0.00	0.00		f	\N
83	1	62	57	The Crown Pizza Regular	1.000	1399.00	1399.00	1399.00	none	0.00	0.00	0.00	0.00		f	\N
140	1	99	11	NR  DRINKS	1.000	100.00	100.00	100.00	none	0.00	0.00	0.00	0.00		f	\N
141	1	99	48	Pizza Head Small	1.000	599.00	599.00	599.00	none	0.00	0.00	0.00	0.00		f	\N
84	1	63	11	NR  DRINKS	1.000	100.00	100.00	100.00	none	0.00	0.00	0.00	0.00		f	\N
85	1	63	73	SMALL PIZZA DEAL	1.000	1150.00	1150.00	1150.00	none	0.00	0.00	0.00	0.00		f	\N
86	1	64	71	LARGE PIZZA DEAL	1.000	2650.00	2650.00	2650.00	none	0.00	0.00	0.00	0.00		f	\N
142	1	100	76	TWIN BOX	1.000	1299.00	1299.00	1299.00	none	0.00	0.00	0.00	0.00		f	\N
87	1	65	57	The Crown Pizza Regular	1.000	1399.00	1399.00	1399.00	none	0.00	0.00	0.00	0.00		f	\N
88	1	66	66	SUPER VALUE  DEAL	1.000	799.00	799.00	799.00	none	0.00	0.00	0.00	0.00		f	\N
143	1	101	38	CRUNCH BURGER	2.000	399.00	399.00	798.00	none	0.00	0.00	0.00	0.00		f	\N
144	1	101	44	Other Flavours Small	2.000	599.00	599.00	1198.00	none	0.00	0.00	0.00	0.00		f	\N
145	1	102	24	CHEEZY ROLLS 4 PCS	1.000	550.00	550.00	550.00	none	0.00	0.00	0.00	0.00		f	\N
89	1	67	20	CHICKEN PCS 1	1.000	250.00	250.00	250.00	none	0.00	0.00	0.00	0.00		f	\N
90	1	67	26	FIRE BAKED WINGS 06	1.000	400.00	400.00	400.00	none	0.00	0.00	0.00	0.00		f	\N
91	1	67	5	LOADED FRIES	1.000	700.00	700.00	700.00	none	0.00	0.00	0.00	0.00		f	\N
92	1	67	12	1 LTR	1.000	170.00	170.00	170.00	none	0.00	0.00	0.00	0.00		f	\N
93	1	67	38	CRUNCH BURGER	2.000	399.00	399.00	798.00	none	0.00	0.00	0.00	0.00		f	\N
94	1	68	9	CRUNCHY  PASTA	1.000	850.00	850.00	850.00	none	0.00	0.00	0.00	0.00		f	\N
95	1	69	13	1.5 LTR	1.000	200.00	200.00	200.00	none	0.00	0.00	0.00	0.00		f	\N
96	1	69	10	Buy 1 Get 1 Free	2.000	1650.00	1650.00	3300.00	none	0.00	0.00	0.00	0.00		f	\N
97	1	70	12	1 LTR	1.000	170.00	170.00	170.00	none	0.00	0.00	0.00	0.00		f	\N
98	1	70	17	FRIES SMALL	1.000	190.00	190.00	190.00	none	0.00	0.00	0.00	0.00		f	\N
99	1	70	36	ZINGER BUREGR	3.000	499.00	499.00	1497.00	none	0.00	0.00	0.00	0.00		f	\N
100	1	71	73	SMALL PIZZA DEAL	1.000	1150.00	1150.00	1150.00	none	0.00	0.00	0.00	0.00		f	\N
101	1	72	9	CRUNCHY  PASTA	1.000	850.00	850.00	850.00	none	0.00	0.00	0.00	0.00		f	\N
102	1	73	10	Buy 1 Get 1 Free	1.000	1650.00	1650.00	1650.00	none	0.00	0.00	0.00	0.00		f	\N
103	1	74	17	FRIES SMALL	1.000	190.00	190.00	190.00	none	0.00	0.00	0.00	0.00		f	\N
104	1	74	73	SMALL PIZZA DEAL	1.000	1150.00	1150.00	1150.00	none	0.00	0.00	0.00	0.00		f	\N
105	1	75	10	Buy 1 Get 1 Free	1.000	1650.00	1650.00	1650.00	none	0.00	0.00	0.00	0.00		f	\N
106	1	76	43	Other Flavours Regular	1.000	1199.00	1199.00	1199.00	none	0.00	0.00	0.00	0.00		f	\N
107	1	76	77	FIRE BAKED WINGS 10	1.000	700.00	700.00	700.00	none	0.00	0.00	0.00	0.00		f	\N
108	1	77	43	Other Flavours Regular	1.000	1199.00	1199.00	1199.00	none	0.00	0.00	0.00	0.00		f	\N
109	1	78	17	FRIES SMALL	1.000	190.00	190.00	190.00	none	0.00	0.00	0.00	0.00		f	\N
110	1	78	13	1.5 LTR	1.000	200.00	200.00	200.00	none	0.00	0.00	0.00	0.00		f	\N
111	1	78	68	DEAL 3	1.000	2099.00	2099.00	2099.00	none	0.00	0.00	0.00	0.00		f	\N
112	1	78	10	Buy 1 Get 1 Free	1.000	1650.00	1650.00	1650.00	none	0.00	0.00	0.00	0.00		f	\N
113	1	78	21	CRISPY CHICKEN WINGS 10	2.000	699.00	699.00	1398.00	none	0.00	0.00	0.00	0.00		f	\N
114	1	79	48	Pizza Head Small	1.000	599.00	599.00	599.00	none	0.00	0.00	0.00	0.00		f	\N
115	1	80	73	SMALL PIZZA DEAL	1.000	1150.00	1150.00	1150.00	none	0.00	0.00	0.00	0.00		f	\N
116	1	81	58	ROYAL SPECIAL DELIGHT DEAL	1.000	1950.00	1950.00	1950.00	none	0.00	0.00	0.00	0.00		f	\N
117	1	82	9	CRUNCHY  PASTA	1.000	850.00	850.00	850.00	none	0.00	0.00	0.00	0.00		f	\N
118	1	83	61	ZINGER MIX MAGIC	1.000	1699.00	1699.00	1699.00	none	0.00	0.00	0.00	0.00		f	\N
119	1	84	21	CRISPY CHICKEN WINGS 10	1.000	699.00	699.00	699.00	none	0.00	0.00	0.00	0.00		f	\N
120	1	85	76	TWIN BOX	1.000	1299.00	1299.00	1299.00	none	0.00	0.00	0.00	0.00		f	\N
121	1	86	9	CRUNCHY  PASTA	1.000	850.00	850.00	850.00	none	0.00	0.00	0.00	0.00		f	\N
122	1	87	60	MEGA COMBO DELIGHT	1.000	2699.00	2699.00	2699.00	none	0.00	0.00	0.00	0.00		f	\N
123	1	87	62	ROYAL ROASTED PLATTER	1.000	1099.00	1099.00	1099.00	none	0.00	0.00	0.00	0.00		f	\N
124	1	88	10	Buy 1 Get 1 Free	1.000	1650.00	1650.00	1650.00	none	0.00	0.00	0.00	0.00		f	\N
125	1	89	76	TWIN BOX	1.000	1299.00	1299.00	1299.00	none	0.00	0.00	0.00	0.00		f	\N
126	1	90	10	Buy 1 Get 1 Free	1.000	1650.00	1650.00	1650.00	none	0.00	0.00	0.00	0.00		f	\N
127	1	91	13	1.5 LTR	1.000	200.00	200.00	200.00	none	0.00	0.00	0.00	0.00		f	\N
128	1	92	8	CHICKEN  SHAWARMA	1.000	220.00	220.00	220.00	none	0.00	0.00	0.00	0.00		f	\N
129	1	93	62	ROYAL ROASTED PLATTER	1.000	1099.00	1099.00	1099.00	none	0.00	0.00	0.00	0.00		f	\N
130	1	94	13	1.5 LTR	1.000	200.00	200.00	200.00	none	0.00	0.00	0.00	0.00		f	\N
131	1	94	17	FRIES SMALL	1.000	190.00	190.00	190.00	none	0.00	0.00	0.00	0.00		f	\N
132	1	94	23	CHICKEN NUGGETS 5 PCS	1.000	399.00	399.00	399.00	none	0.00	0.00	0.00	0.00		f	\N
133	1	94	9	CRUNCHY  PASTA	1.000	850.00	850.00	850.00	none	0.00	0.00	0.00	0.00		f	\N
134	1	95	14	CAN	1.000	120.00	120.00	120.00	none	0.00	0.00	0.00	0.00		f	\N
135	1	95	36	ZINGER BUREGR	1.000	499.00	499.00	499.00	none	0.00	0.00	0.00	0.00		f	\N
146	1	103	9	CRUNCHY  PASTA	1.000	850.00	850.00	850.00	none	0.00	0.00	0.00	0.00		f	\N
147	1	104	73	SMALL PIZZA DEAL	1.000	1150.00	1150.00	1150.00	none	0.00	0.00	0.00	0.00		f	\N
148	1	105	65	TRIO DEAL	1.000	1650.00	1650.00	1650.00	none	0.00	0.00	0.00	0.00		f	\N
149	1	106	11	NR  DRINKS	2.000	100.00	100.00	200.00	none	0.00	0.00	0.00	0.00		f	\N
150	1	107	12	1 LTR	1.000	170.00	170.00	170.00	none	0.00	0.00	0.00	0.00		f	\N
151	1	107	48	Pizza Head Small	1.000	599.00	599.00	599.00	none	0.00	0.00	0.00	0.00		f	\N
152	1	108	10	Buy 1 Get 1 Free	1.000	1650.00	1650.00	1650.00	none	0.00	0.00	0.00	0.00		f	\N
153	1	109	13	1.5 LTR	1.000	200.00	200.00	200.00	none	0.00	0.00	0.00	0.00		f	\N
154	1	109	63	SPECIAL DELIGHT PLATTER	1.000	1099.00	1099.00	1099.00	none	0.00	0.00	0.00	0.00		f	\N
155	1	109	27	CHUNKS WITH FRESHLY SAUCE	1.000	999.00	999.00	999.00	none	0.00	0.00	0.00	0.00		f	\N
156	1	110	56	The Crown Pizza Large	1.000	1699.00	1699.00	1699.00	none	0.00	0.00	0.00	0.00		f	\N
157	1	111	12	1 LTR	1.000	170.00	170.00	170.00	none	0.00	0.00	0.00	0.00		f	\N
158	1	111	63	SPECIAL DELIGHT PLATTER	1.000	1099.00	1099.00	1099.00	none	0.00	0.00	0.00	0.00		f	\N
159	1	112	13	1.5 LTR	1.000	200.00	200.00	200.00	none	0.00	0.00	0.00	0.00		f	\N
160	1	112	9	CRUNCHY  PASTA	1.000	850.00	850.00	850.00	none	0.00	0.00	0.00	0.00		f	\N
161	1	112	1	Bihari Rolls 6 pieces	1.000	799.00	799.00	799.00	none	0.00	0.00	0.00	0.00		f	\N
162	1	113	76	TWIN BOX	1.000	1299.00	1299.00	1299.00	none	0.00	0.00	0.00	0.00		f	\N
163	1	114	10	Buy 1 Get 1 Free	1.000	1650.00	1650.00	1650.00	none	0.00	0.00	0.00	0.00		f	\N
164	1	115	13	1.5 LTR	1.000	200.00	200.00	200.00	none	0.00	0.00	0.00	0.00		f	\N
165	1	115	57	The Crown Pizza Regular	1.000	1399.00	1399.00	1399.00	none	0.00	0.00	0.00	0.00		f	\N
166	1	116	65	TRIO DEAL	1.000	1650.00	1650.00	1650.00	none	0.00	0.00	0.00	0.00		f	\N
167	1	117	13	1.5 LTR	1.000	200.00	200.00	200.00	none	0.00	0.00	0.00	0.00		f	\N
168	1	118	66	SUPER VALUE  DEAL	1.000	799.00	799.00	799.00	none	0.00	0.00	0.00	0.00		f	\N
169	1	119	14	CAN	2.000	120.00	120.00	240.00	none	0.00	0.00	0.00	0.00		f	\N
170	1	119	26	FIRE BAKED WINGS 06	1.000	400.00	400.00	400.00	none	0.00	0.00	0.00	0.00		f	\N
171	1	119	27	CHUNKS WITH FRESHLY SAUCE	1.000	999.00	999.00	999.00	none	0.00	0.00	0.00	0.00		f	\N
172	1	120	13	1.5 LTR	1.000	200.00	200.00	200.00	none	0.00	0.00	0.00	0.00		f	\N
173	1	120	53	Bitesa Cheezy Flavors	1.000	1699.00	1699.00	1699.00	none	0.00	0.00	0.00	0.00		f	\N
174	1	121	27	CHUNKS WITH FRESHLY SAUCE	1.000	999.00	999.00	999.00	none	0.00	0.00	0.00	0.00		f	\N
175	1	122	12	1 LTR	1.000	170.00	170.00	170.00	none	0.00	0.00	0.00	0.00		f	\N
176	1	123	68	DEAL 3	1.000	2099.00	2099.00	2099.00	none	0.00	0.00	0.00	0.00		f	\N
177	1	124	28	CALZONE STICKS	1.000	650.00	650.00	650.00	none	0.00	0.00	0.00	0.00		f	\N
178	1	125	13	1.5 LTR	1.000	200.00	200.00	200.00	none	0.00	0.00	0.00	0.00		f	\N
179	1	125	77	FIRE BAKED WINGS 10	1.000	700.00	700.00	700.00	none	0.00	0.00	0.00	0.00		f	\N
180	1	125	56	The Crown Pizza Large	2.000	1699.00	1699.00	3398.00	none	0.00	0.00	0.00	0.00		f	\N
181	1	126	8	CHICKEN  SHAWARMA	5.000	220.00	220.00	1100.00	none	0.00	0.00	0.00	0.00		f	\N
182	1	126	56	The Crown Pizza Large	1.000	1699.00	1699.00	1699.00	none	0.00	0.00	0.00	0.00		f	\N
183	1	127	13	1.5 LTR	1.000	200.00	200.00	200.00	none	0.00	0.00	0.00	0.00		f	\N
184	1	127	10	Buy 1 Get 1 Free	2.000	1650.00	1650.00	3300.00	none	0.00	0.00	0.00	0.00		f	\N
185	1	128	13	1.5 LTR	1.000	200.00	200.00	200.00	none	0.00	0.00	0.00	0.00		f	\N
186	1	128	10	Buy 1 Get 1 Free	1.000	1650.00	1650.00	1650.00	none	0.00	0.00	0.00	0.00		f	\N
187	1	129	20	CHICKEN PCS 1	2.000	250.00	250.00	500.00	none	0.00	0.00	0.00	0.00		f	\N
188	1	130	14	CAN	1.000	120.00	120.00	120.00	none	0.00	0.00	0.00	0.00		f	\N
189	1	130	17	FRIES SMALL	1.000	190.00	190.00	190.00	none	0.00	0.00	0.00	0.00		f	\N
190	1	130	67	CRISY BAE DEAL	1.000	750.00	750.00	750.00	none	0.00	0.00	0.00	0.00		f	\N
191	1	131	10	Buy 1 Get 1 Free	1.000	1650.00	1650.00	1650.00	none	0.00	0.00	0.00	0.00		f	\N
192	1	132	67	CRISY BAE DEAL	1.000	750.00	750.00	750.00	none	0.00	0.00	0.00	0.00		f	\N
193	1	133	48	Pizza Head Small	1.000	599.00	599.00	599.00	none	0.00	0.00	0.00	0.00		f	\N
194	1	134	48	Pizza Head Small	1.000	599.00	599.00	599.00	none	0.00	0.00	0.00	0.00		f	\N
195	1	135	72	MEDIUM PIZZA DEAL	1.000	2150.00	2150.00	2150.00	none	0.00	0.00	0.00	0.00		f	\N
196	1	136	36	ZINGER BUREGR	1.000	499.00	499.00	499.00	none	0.00	0.00	0.00	0.00		f	\N
197	1	136	38	CRUNCH BURGER	1.000	399.00	399.00	399.00	none	0.00	0.00	0.00	0.00		f	\N
198	1	137	20	CHICKEN PCS 1	1.000	250.00	250.00	250.00	none	0.00	0.00	0.00	0.00		f	\N
199	1	138	41	Other Flavours Party	1.000	2399.00	2399.00	2399.00	none	0.00	0.00	0.00	0.00		f	\N
200	1	139	13	1.5 LTR	1.000	200.00	200.00	200.00	none	0.00	0.00	0.00	0.00		f	\N
201	1	139	10	Buy 1 Get 1 Free	1.000	1650.00	1650.00	1650.00	none	0.00	0.00	0.00	0.00		f	\N
202	1	140	12	1 LTR	1.000	170.00	170.00	170.00	none	0.00	0.00	0.00	0.00		f	\N
203	1	141	36	ZINGER BUREGR	1.000	499.00	499.00	499.00	none	0.00	0.00	0.00	0.00		f	\N
204	1	142	77	FIRE BAKED WINGS 10	1.000	700.00	700.00	700.00	none	0.00	0.00	0.00	0.00		f	\N
205	1	143	16	FRIES MEDIUM	1.000	290.00	290.00	290.00	none	0.00	0.00	0.00	0.00		f	\N
206	1	143	61	ZINGER MIX MAGIC	1.000	1699.00	1699.00	1699.00	none	0.00	0.00	0.00	0.00		f	\N
207	1	144	5	LOADED FRIES	1.000	700.00	700.00	700.00	none	0.00	0.00	0.00	0.00		f	\N
208	1	145	73	SMALL PIZZA DEAL	1.000	1150.00	1150.00	1150.00	none	0.00	0.00	0.00	0.00		f	\N
209	1	146	11	NR  DRINKS	1.000	100.00	100.00	100.00	none	0.00	0.00	0.00	0.00		f	\N
210	1	146	16	FRIES MEDIUM	2.000	290.00	290.00	580.00	none	0.00	0.00	0.00	0.00		f	\N
211	1	146	20	CHICKEN PCS 1	2.000	250.00	250.00	500.00	none	0.00	0.00	0.00	0.00		f	\N
212	1	147	17	FRIES SMALL	2.000	190.00	190.00	380.00	none	0.00	0.00	0.00	0.00		f	\N
213	1	148	62	ROYAL ROASTED PLATTER	1.000	1099.00	1099.00	1099.00	none	0.00	0.00	0.00	0.00		f	\N
214	1	149	72	MEDIUM PIZZA DEAL	1.000	2150.00	2150.00	2150.00	none	0.00	0.00	0.00	0.00		f	\N
215	1	150	72	MEDIUM PIZZA DEAL	1.000	2150.00	2150.00	2150.00	none	0.00	0.00	0.00	0.00		f	\N
216	1	151	66	SUPER VALUE  DEAL	1.000	799.00	799.00	799.00	none	0.00	0.00	0.00	0.00		f	\N
217	1	152	68	DEAL 3	1.000	2099.00	2099.00	2099.00	none	0.00	0.00	0.00	0.00		f	\N
498	1	342	13	1.5 LTR	2.000	200.00	200.00	400.00	none	0.00	0.00	0.00	0.00		f	\N
218	1	153	76	TWIN BOX	1.000	1299.00	1299.00	1299.00	none	0.00	0.00	0.00	0.00		f	\N
232	1	160	12	1 LTR	1.000	170.00	170.00	170.00	none	0.00	0.00	0.00	0.00		f	\N
233	1	160	36	ZINGER BUREGR	1.000	499.00	499.00	499.00	none	0.00	0.00	0.00	0.00		f	\N
219	1	154	75	CRUNCH DEAL	1.000	1599.00	1599.00	1599.00	none	0.00	0.00	0.00	0.00		f	\N
220	1	154	64	TRIO DEAL 2	1.000	1499.00	1499.00	1499.00	none	0.00	0.00	0.00	0.00		f	\N
234	1	160	23	CHICKEN NUGGETS 5 PCS	1.000	399.00	399.00	399.00	none	0.00	0.00	0.00	0.00		f	\N
235	1	161	10	Buy 1 Get 1 Free	1.000	1650.00	1650.00	1650.00	none	0.00	0.00	0.00	0.00		f	\N
221	1	155	12	1 LTR	1.000	170.00	170.00	170.00	none	0.00	0.00	0.00	0.00		f	\N
222	1	155	78	PERI PERI WINGS 10	1.000	750.00	750.00	750.00	none	0.00	0.00	0.00	0.00		f	\N
223	1	155	48	Pizza Head Small	1.000	599.00	599.00	599.00	none	0.00	0.00	0.00	0.00		f	\N
224	1	155	2	Deep Dish Pizza Regular	1.000	1449.00	1449.00	1449.00	none	0.00	0.00	0.00	0.00		f	\N
236	1	162	73	SMALL PIZZA DEAL	1.000	1150.00	1150.00	1150.00	none	0.00	0.00	0.00	0.00		f	\N
225	1	156	58	ROYAL SPECIAL DELIGHT DEAL	1.000	1950.00	1950.00	1950.00	none	0.00	0.00	0.00	0.00		f	\N
237	1	163	73	SMALL PIZZA DEAL	1.000	1150.00	1150.00	1150.00	none	0.00	0.00	0.00	0.00		f	\N
226	1	157	12	1 LTR	1.000	170.00	170.00	170.00	none	0.00	0.00	0.00	0.00		f	\N
227	1	157	57	The Crown Pizza Regular	1.000	1399.00	1399.00	1399.00	none	0.00	0.00	0.00	0.00		f	\N
228	1	158	73	SMALL PIZZA DEAL	1.000	1150.00	1150.00	1150.00	none	0.00	0.00	0.00	0.00		f	\N
238	1	164	11	NR  DRINKS	1.000	100.00	100.00	100.00	none	0.00	0.00	0.00	0.00		f	\N
239	1	164	44	Other Flavours Small	1.000	599.00	599.00	599.00	none	0.00	0.00	0.00	0.00		f	\N
229	1	159	13	1.5 LTR	1.000	200.00	200.00	200.00	none	0.00	0.00	0.00	0.00		f	\N
230	1	159	38	CRUNCH BURGER	1.000	399.00	399.00	399.00	none	0.00	0.00	0.00	0.00		f	\N
231	1	159	56	The Crown Pizza Large	1.000	1699.00	1699.00	1699.00	none	0.00	0.00	0.00	0.00		f	\N
240	1	165	12	1 LTR	1.000	170.00	170.00	170.00	none	0.00	0.00	0.00	0.00		f	\N
241	1	165	42	Other Flavours Large	1.000	1599.00	1599.00	1599.00	none	0.00	0.00	0.00	0.00		f	\N
242	1	166	68	DEAL 3	1.000	2099.00	2099.00	2099.00	none	0.00	0.00	0.00	0.00		f	\N
243	1	167	11	NR  DRINKS	1.000	100.00	100.00	100.00	none	0.00	0.00	0.00	0.00		f	\N
244	1	167	1	Bihari Rolls 6 pieces	1.000	799.00	799.00	799.00	none	0.00	0.00	0.00	0.00		f	\N
245	1	168	76	TWIN BOX	1.000	1299.00	1299.00	1299.00	none	0.00	0.00	0.00	0.00		f	\N
246	1	169	68	DEAL 3	1.000	2099.00	2099.00	2099.00	none	0.00	0.00	0.00	0.00		f	\N
247	1	170	59	CROWN CRAVING COMBO	1.000	2550.00	2550.00	2550.00	none	0.00	0.00	0.00	0.00		f	\N
248	1	170	3	Deep Dish Pizza large	1.000	1899.00	1899.00	1899.00	none	0.00	0.00	0.00	0.00		f	\N
249	1	171	36	ZINGER BUREGR	1.000	499.00	499.00	499.00	none	0.00	0.00	0.00	0.00		f	\N
250	1	172	68	DEAL 3	1.000	2099.00	2099.00	2099.00	none	0.00	0.00	0.00	0.00		f	\N
251	1	173	13	1.5 LTR	1.000	200.00	200.00	200.00	none	0.00	0.00	0.00	0.00		f	\N
252	1	173	56	The Crown Pizza Large	1.000	1699.00	1699.00	1699.00	none	0.00	0.00	0.00	0.00		f	\N
253	1	174	12	1 LTR	1.000	170.00	170.00	170.00	none	0.00	0.00	0.00	0.00		f	\N
254	1	175	10	Buy 1 Get 1 Free	1.000	1650.00	1650.00	1650.00	none	0.00	0.00	0.00	0.00		f	\N
255	1	176	13	1.5 LTR	1.000	200.00	200.00	200.00	none	0.00	0.00	0.00	0.00		f	\N
256	1	176	55	The Crown Pizza Party	1.000	2399.00	2399.00	2399.00	none	0.00	0.00	0.00	0.00		f	\N
257	1	177	16	FRIES MEDIUM	1.000	290.00	290.00	290.00	none	0.00	0.00	0.00	0.00		f	\N
258	1	177	11	NR  DRINKS	1.000	100.00	100.00	100.00	none	0.00	0.00	0.00	0.00		f	\N
259	1	177	23	CHICKEN NUGGETS 5 PCS	1.000	399.00	399.00	399.00	none	0.00	0.00	0.00	0.00		f	\N
260	1	177	28	CALZONE STICKS	1.000	650.00	650.00	650.00	none	0.00	0.00	0.00	0.00		f	\N
261	1	178	17	FRIES SMALL	1.000	190.00	190.00	190.00	none	0.00	0.00	0.00	0.00		f	\N
262	1	178	67	CRISY BAE DEAL	1.000	750.00	750.00	750.00	none	0.00	0.00	0.00	0.00		f	\N
263	1	179	13	1.5 LTR	1.000	200.00	200.00	200.00	none	0.00	0.00	0.00	0.00		f	\N
264	1	179	8	CHICKEN  SHAWARMA	1.000	220.00	220.00	220.00	none	0.00	0.00	0.00	0.00		f	\N
265	1	179	22	CRISPY CHICKEN WINGS 5	1.000	399.00	399.00	399.00	none	0.00	0.00	0.00	0.00		f	\N
266	1	179	36	ZINGER BUREGR	5.000	499.00	499.00	2495.00	none	0.00	0.00	0.00	0.00		f	\N
267	1	179	65	TRIO DEAL	1.000	1650.00	1650.00	1650.00	none	0.00	0.00	0.00	0.00		f	\N
268	1	180	12	1 LTR	1.000	170.00	170.00	170.00	none	0.00	0.00	0.00	0.00		f	\N
269	1	180	48	Pizza Head Small	1.000	599.00	599.00	599.00	none	0.00	0.00	0.00	0.00		f	\N
270	1	181	13	1.5 LTR	1.000	200.00	200.00	200.00	none	0.00	0.00	0.00	0.00		f	\N
271	1	181	48	Pizza Head Small	1.000	599.00	599.00	599.00	none	0.00	0.00	0.00	0.00		f	\N
272	1	181	75	CRUNCH DEAL	1.000	1599.00	1599.00	1599.00	none	0.00	0.00	0.00	0.00		f	\N
273	1	181	10	Buy 1 Get 1 Free	1.000	1650.00	1650.00	1650.00	none	0.00	0.00	0.00	0.00		f	\N
274	1	181	71	LARGE PIZZA DEAL	1.000	2650.00	2650.00	2650.00	none	0.00	0.00	0.00	0.00		f	\N
275	1	181	36	ZINGER BUREGR	3.000	499.00	499.00	1497.00	none	0.00	0.00	0.00	0.00		f	\N
276	1	182	11	NR  DRINKS	2.000	100.00	100.00	200.00	none	0.00	0.00	0.00	0.00		f	\N
277	1	182	66	SUPER VALUE  DEAL	1.000	799.00	799.00	799.00	none	0.00	0.00	0.00	0.00		f	\N
278	1	183	44	Other Flavours Small	1.000	599.00	599.00	599.00	none	0.00	0.00	0.00	0.00		f	\N
279	1	184	20	CHICKEN PCS 1	1.000	250.00	250.00	250.00	none	0.00	0.00	0.00	0.00		f	\N
280	1	185	64	TRIO DEAL 2	1.000	1499.00	1499.00	1499.00	none	0.00	0.00	0.00	0.00		f	\N
281	1	186	9	CRUNCHY  PASTA	1.000	850.00	850.00	850.00	none	0.00	0.00	0.00	0.00		f	\N
282	1	186	58	ROYAL SPECIAL DELIGHT DEAL	1.000	1950.00	1950.00	1950.00	none	0.00	0.00	0.00	0.00		f	\N
283	1	187	58	ROYAL SPECIAL DELIGHT DEAL	1.000	1950.00	1950.00	1950.00	none	0.00	0.00	0.00	0.00		f	\N
284	1	188	11	NR  DRINKS	1.000	100.00	100.00	100.00	none	0.00	0.00	0.00	0.00		f	\N
285	1	188	27	CHUNKS WITH FRESHLY SAUCE	1.000	999.00	999.00	999.00	none	0.00	0.00	0.00	0.00		f	\N
286	1	189	13	1.5 LTR	1.000	200.00	200.00	200.00	none	0.00	0.00	0.00	0.00		f	\N
287	1	189	56	The Crown Pizza Large	2.000	1699.00	1699.00	3398.00	none	0.00	0.00	0.00	0.00		f	\N
288	1	190	36	ZINGER BUREGR	1.000	499.00	499.00	499.00	none	0.00	0.00	0.00	0.00		f	\N
289	1	191	10	Buy 1 Get 1 Free	1.000	1650.00	1650.00	1650.00	none	0.00	0.00	0.00	0.00		f	\N
350	1	234	22	CRISPY CHICKEN WINGS 5	1.000	399.00	399.00	399.00	none	0.00	0.00	0.00	0.00		f	\N
290	1	192	62	ROYAL ROASTED PLATTER	1.000	1099.00	1099.00	1099.00	none	0.00	0.00	0.00	0.00		f	\N
351	1	235	64	TRIO DEAL 2	1.000	1499.00	1499.00	1499.00	none	0.00	0.00	0.00	0.00		f	\N
291	1	193	22	CRISPY CHICKEN WINGS 5	1.000	399.00	399.00	399.00	none	0.00	0.00	0.00	0.00		f	\N
493	1	337	43	Other Flavours Regular	1.000	1199.00	1199.00	1199.00	none	0.00	0.00	0.00	0.00		f	\N
292	1	194	11	NR  DRINKS	1.000	100.00	100.00	100.00	none	0.00	0.00	0.00	0.00		f	\N
496	1	340	11	NR  DRINKS	1.000	100.00	100.00	100.00	none	0.00	0.00	0.00	0.00		f	\N
293	1	195	75	CRUNCH DEAL	1.000	1599.00	1599.00	1599.00	none	0.00	0.00	0.00	0.00		f	\N
499	1	343	16	FRIES MEDIUM	1.000	290.00	290.00	290.00	none	0.00	0.00	0.00	0.00		f	\N
668	1	470	30	Extra Chicken Patty	1.000	299.00	299.00	299.00	none	0.00	0.00	0.00	0.00		f	\N
501	1	344	63	SPECIAL DELIGHT PLATTER	1.000	1099.00	1099.00	1099.00	none	0.00	0.00	0.00	0.00		f	\N
500	1	344	13	1.5 LTR	1.000	200.00	200.00	200.00	none	0.00	0.00	0.00	0.00		f	\N
294	1	196	71	LARGE PIZZA DEAL	1.000	2650.00	2650.00	2650.00	none	0.00	0.00	0.00	0.00		f	\N
295	1	196	27	CHUNKS WITH FRESHLY SAUCE	1.000	999.00	999.00	999.00	none	0.00	0.00	0.00	0.00		f	\N
296	1	196	8	CHICKEN  SHAWARMA	1.000	220.00	220.00	220.00	none	0.00	0.00	0.00	0.00		f	\N
297	1	196	64	TRIO DEAL 2	2.000	1499.00	1499.00	2998.00	none	0.00	0.00	0.00	0.00		f	\N
298	1	196	75	CRUNCH DEAL	1.000	1599.00	1599.00	1599.00	none	0.00	0.00	0.00	0.00		f	\N
352	1	236	13	1.5 LTR	1.000	200.00	200.00	200.00	none	0.00	0.00	0.00	0.00		f	\N
299	1	197	73	SMALL PIZZA DEAL	1.000	1150.00	1150.00	1150.00	none	0.00	0.00	0.00	0.00		f	\N
353	1	236	11	NR  DRINKS	1.000	100.00	100.00	100.00	none	0.00	0.00	0.00	0.00		f	\N
300	1	198	13	1.5 LTR	1.000	200.00	200.00	200.00	none	0.00	0.00	0.00	0.00		f	\N
301	1	198	56	The Crown Pizza Large	1.000	1699.00	1699.00	1699.00	none	0.00	0.00	0.00	0.00		f	\N
302	1	199	71	LARGE PIZZA DEAL	1.000	2650.00	2650.00	2650.00	none	0.00	0.00	0.00	0.00		f	\N
303	1	200	66	SUPER VALUE  DEAL	1.000	799.00	799.00	799.00	none	0.00	0.00	0.00	0.00		f	\N
304	1	200	71	LARGE PIZZA DEAL	1.000	2650.00	2650.00	2650.00	none	0.00	0.00	0.00	0.00		f	\N
305	1	201	7	ZINGER  SHAWARMA	1.000	320.00	320.00	320.00	none	0.00	0.00	0.00	0.00		f	\N
306	1	201	9	CRUNCHY  PASTA	1.000	850.00	850.00	850.00	none	0.00	0.00	0.00	0.00		f	\N
307	1	202	25	PERI PERI WINGS 06	1.000	450.00	450.00	450.00	none	0.00	0.00	0.00	0.00		f	\N
308	1	203	15	FRIES LARGE	1.000	390.00	390.00	390.00	none	0.00	0.00	0.00	0.00		f	\N
309	1	204	38	CRUNCH BURGER	1.000	399.00	399.00	399.00	none	0.00	0.00	0.00	0.00		f	\N
310	1	204	71	LARGE PIZZA DEAL	1.000	2650.00	2650.00	2650.00	none	0.00	0.00	0.00	0.00		f	\N
311	1	205	36	ZINGER BUREGR	1.000	499.00	499.00	499.00	none	0.00	0.00	0.00	0.00		f	\N
312	1	205	27	CHUNKS WITH FRESHLY SAUCE	1.000	999.00	999.00	999.00	none	0.00	0.00	0.00	0.00		f	\N
313	1	206	13	1.5 LTR	1.000	200.00	200.00	200.00	none	0.00	0.00	0.00	0.00		f	\N
314	1	206	62	ROYAL ROASTED PLATTER	1.000	1099.00	1099.00	1099.00	none	0.00	0.00	0.00	0.00		f	\N
315	1	206	27	CHUNKS WITH FRESHLY SAUCE	1.000	999.00	999.00	999.00	none	0.00	0.00	0.00	0.00		f	\N
316	1	207	74	DUO BOX	1.000	1150.00	1150.00	1150.00	none	0.00	0.00	0.00	0.00		f	\N
317	1	208	10	Buy 1 Get 1 Free	1.000	1650.00	1650.00	1650.00	none	0.00	0.00	0.00	0.00		f	\N
318	1	209	10	Buy 1 Get 1 Free	1.000	1650.00	1650.00	1650.00	none	0.00	0.00	0.00	0.00		f	\N
319	1	210	17	FRIES SMALL	1.000	190.00	190.00	190.00	none	0.00	0.00	0.00	0.00		f	\N
320	1	211	24	CHEEZY ROLLS 4 PCS	1.000	550.00	550.00	550.00	none	0.00	0.00	0.00	0.00		f	\N
321	1	212	48	Pizza Head Small	1.000	599.00	599.00	599.00	none	0.00	0.00	0.00	0.00		f	\N
322	1	213	48	Pizza Head Small	1.000	599.00	599.00	599.00	none	0.00	0.00	0.00	0.00		f	\N
323	1	214	49	Kebab-E-Crust Pizza Party	1.000	2750.00	2750.00	2750.00	none	0.00	0.00	0.00	0.00		f	\N
324	1	215	9	CRUNCHY  PASTA	1.000	850.00	850.00	850.00	none	0.00	0.00	0.00	0.00		f	\N
325	1	216	42	Other Flavours Large	1.000	1599.00	1599.00	1599.00	none	0.00	0.00	0.00	0.00		f	\N
326	1	217	42	Other Flavours Large	1.000	1599.00	1599.00	1599.00	none	0.00	0.00	0.00	0.00		f	\N
327	1	218	17	FRIES SMALL	1.000	190.00	190.00	190.00	none	0.00	0.00	0.00	0.00		f	\N
328	1	219	74	DUO BOX	1.000	1150.00	1150.00	1150.00	none	0.00	0.00	0.00	0.00		f	\N
329	1	220	11	NR  DRINKS	1.000	100.00	100.00	100.00	none	0.00	0.00	0.00	0.00		f	\N
330	1	221	5	LOADED FRIES	2.000	700.00	700.00	1400.00	none	0.00	0.00	0.00	0.00		f	\N
331	1	222	14	CAN	1.000	120.00	120.00	120.00	none	0.00	0.00	0.00	0.00		f	\N
332	1	222	21	CRISPY CHICKEN WINGS 10	1.000	699.00	699.00	699.00	none	0.00	0.00	0.00	0.00		f	\N
333	1	222	23	CHICKEN NUGGETS 5 PCS	2.000	399.00	399.00	798.00	none	0.00	0.00	0.00	0.00		f	\N
334	1	223	73	SMALL PIZZA DEAL	1.000	1150.00	1150.00	1150.00	none	0.00	0.00	0.00	0.00		f	\N
335	1	224	36	ZINGER BUREGR	1.000	499.00	499.00	499.00	none	0.00	0.00	0.00	0.00		f	\N
336	1	225	76	TWIN BOX	1.000	1299.00	1299.00	1299.00	none	0.00	0.00	0.00	0.00		f	\N
337	1	226	11	NR  DRINKS	1.000	100.00	100.00	100.00	none	0.00	0.00	0.00	0.00		f	\N
338	1	227	16	FRIES MEDIUM	1.000	290.00	290.00	290.00	none	0.00	0.00	0.00	0.00		f	\N
339	1	227	13	1.5 LTR	1.000	200.00	200.00	200.00	none	0.00	0.00	0.00	0.00		f	\N
340	1	227	10	Buy 1 Get 1 Free	1.000	1650.00	1650.00	1650.00	none	0.00	0.00	0.00	0.00		f	\N
341	1	228	22	CRISPY CHICKEN WINGS 5	1.000	399.00	399.00	399.00	none	0.00	0.00	0.00	0.00		f	\N
342	1	228	62	ROYAL ROASTED PLATTER	1.000	1099.00	1099.00	1099.00	none	0.00	0.00	0.00	0.00		f	\N
343	1	229	9	CRUNCHY  PASTA	1.000	850.00	850.00	850.00	none	0.00	0.00	0.00	0.00		f	\N
344	1	230	73	SMALL PIZZA DEAL	1.000	1150.00	1150.00	1150.00	none	0.00	0.00	0.00	0.00		f	\N
345	1	231	73	SMALL PIZZA DEAL	1.000	1150.00	1150.00	1150.00	none	0.00	0.00	0.00	0.00		f	\N
346	1	232	15	FRIES LARGE	1.000	390.00	390.00	390.00	none	0.00	0.00	0.00	0.00		f	\N
347	1	232	10	Buy 1 Get 1 Free	1.000	1650.00	1650.00	1650.00	none	0.00	0.00	0.00	0.00		f	\N
348	1	233	10	Buy 1 Get 1 Free	1.000	1650.00	1650.00	1650.00	none	0.00	0.00	0.00	0.00		f	\N
349	1	233	15	FRIES LARGE	1.000	390.00	390.00	390.00	none	0.00	0.00	0.00	0.00		f	\N
354	1	236	9	CRUNCHY  PASTA	1.000	850.00	850.00	850.00	none	0.00	0.00	0.00	0.00		f	\N
355	1	236	23	CHICKEN NUGGETS 5 PCS	1.000	399.00	399.00	399.00	none	0.00	0.00	0.00	0.00		f	\N
356	1	236	44	Other Flavours Small	1.000	599.00	599.00	599.00	none	0.00	0.00	0.00	0.00		f	\N
357	1	236	48	Pizza Head Small	1.000	599.00	599.00	599.00	none	0.00	0.00	0.00	0.00		f	\N
358	1	236	74	DUO BOX	1.000	1150.00	1150.00	1150.00	none	0.00	0.00	0.00	0.00		f	\N
359	1	236	17	FRIES SMALL	1.000	190.00	190.00	190.00	none	0.00	0.00	0.00	0.00		f	\N
360	1	236	57	The Crown Pizza Regular	1.000	1399.00	1399.00	1399.00	none	0.00	0.00	0.00	0.00		f	\N
669	1	470	71	LARGE PIZZA DEAL	1.000	2650.00	2650.00	2650.00	none	0.00	0.00	0.00	0.00		f	\N
361	1	237	76	TWIN BOX	1.000	1299.00	1299.00	1299.00	none	0.00	0.00	0.00	0.00		f	\N
494	1	338	65	TRIO DEAL	1.000	1650.00	1650.00	1650.00	none	0.00	0.00	0.00	0.00		f	\N
362	1	238	56	The Crown Pizza Large	1.000	1699.00	1699.00	1699.00	none	0.00	0.00	0.00	0.00		f	\N
363	1	239	42	Other Flavours Large	1.000	1599.00	1599.00	1599.00	none	0.00	0.00	0.00	0.00		f	\N
364	1	240	13	1.5 LTR	1.000	200.00	200.00	200.00	none	0.00	0.00	0.00	0.00		f	\N
365	1	241	46	Pizza Head Large	1.000	1599.00	1599.00	1599.00	none	0.00	0.00	0.00	0.00		f	\N
366	1	242	73	SMALL PIZZA DEAL	1.000	1150.00	1150.00	1150.00	none	0.00	0.00	0.00	0.00		f	\N
367	1	243	32	Extra Cheese & Chicken	1.000	199.00	199.00	199.00	none	0.00	0.00	0.00	0.00		f	\N
368	1	243	10	Buy 1 Get 1 Free	1.000	1650.00	1650.00	1650.00	none	0.00	0.00	0.00	0.00		f	\N
369	1	244	11	NR  DRINKS	1.000	100.00	100.00	100.00	none	0.00	0.00	0.00	0.00		f	\N
370	1	244	5	LOADED FRIES	2.000	700.00	700.00	1400.00	none	0.00	0.00	0.00	0.00		f	\N
371	1	245	73	SMALL PIZZA DEAL	1.000	1150.00	1150.00	1150.00	none	0.00	0.00	0.00	0.00		f	\N
372	1	246	68	DEAL 3	1.000	2099.00	2099.00	2099.00	none	0.00	0.00	0.00	0.00		f	\N
373	1	247	68	DEAL 3	1.000	2099.00	2099.00	2099.00	none	0.00	0.00	0.00	0.00		f	\N
374	1	248	9	CRUNCHY  PASTA	1.000	850.00	850.00	850.00	none	0.00	0.00	0.00	0.00		f	\N
375	1	249	56	The Crown Pizza Large	1.000	1699.00	1699.00	1699.00	none	0.00	0.00	0.00	0.00		f	\N
376	1	250	21	CRISPY CHICKEN WINGS 10	1.000	699.00	699.00	699.00	none	0.00	0.00	0.00	0.00		f	\N
377	1	251	43	Other Flavours Regular	1.000	1199.00	1199.00	1199.00	none	0.00	0.00	0.00	0.00		f	\N
378	1	252	26	FIRE BAKED WINGS 06	1.000	400.00	400.00	400.00	none	0.00	0.00	0.00	0.00		f	\N
379	1	252	38	CRUNCH BURGER	1.000	399.00	399.00	399.00	none	0.00	0.00	0.00	0.00		f	\N
380	1	253	12	1 LTR	1.000	170.00	170.00	170.00	none	0.00	0.00	0.00	0.00		f	\N
381	1	254	36	ZINGER BUREGR	1.000	499.00	499.00	499.00	none	0.00	0.00	0.00	0.00		f	\N
382	1	255	59	CROWN CRAVING COMBO	1.000	2550.00	2550.00	2550.00	none	0.00	0.00	0.00	0.00		f	\N
383	1	256	60	MEGA COMBO DELIGHT	1.000	2699.00	2699.00	2699.00	none	0.00	0.00	0.00	0.00		f	\N
384	1	257	55	The Crown Pizza Party	1.000	2399.00	2399.00	2399.00	none	0.00	0.00	0.00	0.00		f	\N
385	1	258	56	The Crown Pizza Large	1.000	1699.00	1699.00	1699.00	none	0.00	0.00	0.00	0.00		f	\N
386	1	259	17	FRIES SMALL	1.000	190.00	190.00	190.00	none	0.00	0.00	0.00	0.00		f	\N
387	1	260	36	ZINGER BUREGR	2.000	499.00	499.00	998.00	none	0.00	0.00	0.00	0.00		f	\N
388	1	260	71	LARGE PIZZA DEAL	1.000	2650.00	2650.00	2650.00	none	0.00	0.00	0.00	0.00		f	\N
389	1	261	73	SMALL PIZZA DEAL	1.000	1150.00	1150.00	1150.00	none	0.00	0.00	0.00	0.00		f	\N
390	1	262	27	CHUNKS WITH FRESHLY SAUCE	1.000	999.00	999.00	999.00	none	0.00	0.00	0.00	0.00		f	\N
391	1	262	56	The Crown Pizza Large	1.000	1699.00	1699.00	1699.00	none	0.00	0.00	0.00	0.00		f	\N
392	1	263	68	DEAL 3	1.000	2099.00	2099.00	2099.00	none	0.00	0.00	0.00	0.00		f	\N
393	1	264	10	Buy 1 Get 1 Free	1.000	1650.00	1650.00	1650.00	none	0.00	0.00	0.00	0.00		f	\N
394	1	265	13	1.5 LTR	1.000	200.00	200.00	200.00	none	0.00	0.00	0.00	0.00		f	\N
395	1	266	1	Bihari Rolls 6 pieces	1.000	799.00	799.00	799.00	none	0.00	0.00	0.00	0.00		f	\N
396	1	267	9	CRUNCHY  PASTA	1.000	850.00	850.00	850.00	none	0.00	0.00	0.00	0.00		f	\N
397	1	268	13	1.5 LTR	1.000	200.00	200.00	200.00	none	0.00	0.00	0.00	0.00		f	\N
398	1	268	10	Buy 1 Get 1 Free	1.000	1650.00	1650.00	1650.00	none	0.00	0.00	0.00	0.00		f	\N
399	1	269	13	1.5 LTR	1.000	200.00	200.00	200.00	none	0.00	0.00	0.00	0.00		f	\N
400	1	269	8	CHICKEN  SHAWARMA	2.000	220.00	220.00	440.00	none	0.00	0.00	0.00	0.00		f	\N
401	1	270	14	CAN	1.000	120.00	120.00	120.00	none	0.00	0.00	0.00	0.00		f	\N
402	1	271	13	1.5 LTR	1.000	200.00	200.00	200.00	none	0.00	0.00	0.00	0.00		f	\N
403	1	272	13	1.5 LTR	1.000	200.00	200.00	200.00	none	0.00	0.00	0.00	0.00		f	\N
404	1	272	36	ZINGER BUREGR	3.000	499.00	499.00	1497.00	none	0.00	0.00	0.00	0.00		f	\N
405	1	272	48	Pizza Head Small	1.000	599.00	599.00	599.00	none	0.00	0.00	0.00	0.00		f	\N
406	1	272	77	FIRE BAKED WINGS 10	3.000	700.00	700.00	2100.00	none	0.00	0.00	0.00	0.00		f	\N
407	1	273	48	Pizza Head Small	1.000	599.00	599.00	599.00	none	0.00	0.00	0.00	0.00		f	\N
408	1	274	8	CHICKEN  SHAWARMA	1.000	220.00	220.00	220.00	none	0.00	0.00	0.00	0.00		f	\N
409	1	275	76	TWIN BOX	1.000	1299.00	1299.00	1299.00	none	0.00	0.00	0.00	0.00		f	\N
410	1	276	36	ZINGER BUREGR	1.000	499.00	499.00	499.00	none	0.00	0.00	0.00	0.00		f	\N
411	1	277	68	DEAL 3	1.000	2099.00	2099.00	2099.00	none	0.00	0.00	0.00	0.00		f	\N
412	1	278	56	The Crown Pizza Large	1.000	1699.00	1699.00	1699.00	none	0.00	0.00	0.00	0.00		f	\N
413	1	279	71	LARGE PIZZA DEAL	1.000	2650.00	2650.00	2650.00	none	0.00	0.00	0.00	0.00		f	\N
414	1	280	58	ROYAL SPECIAL DELIGHT DEAL	1.000	1950.00	1950.00	1950.00	none	0.00	0.00	0.00	0.00		f	\N
415	1	281	13	1.5 LTR	1.000	200.00	200.00	200.00	none	0.00	0.00	0.00	0.00		f	\N
416	1	282	11	NR  DRINKS	1.000	100.00	100.00	100.00	none	0.00	0.00	0.00	0.00		f	\N
417	1	282	44	Other Flavours Small	1.000	599.00	599.00	599.00	none	0.00	0.00	0.00	0.00		f	\N
418	1	283	62	ROYAL ROASTED PLATTER	1.000	1099.00	1099.00	1099.00	none	0.00	0.00	0.00	0.00		f	\N
419	1	284	14	CAN	1.000	120.00	120.00	120.00	none	0.00	0.00	0.00	0.00		f	\N
420	1	285	13	1.5 LTR	1.000	200.00	200.00	200.00	none	0.00	0.00	0.00	0.00		f	\N
421	1	285	10	Buy 1 Get 1 Free	1.000	1650.00	1650.00	1650.00	none	0.00	0.00	0.00	0.00		f	\N
422	1	285	27	CHUNKS WITH FRESHLY SAUCE	1.000	999.00	999.00	999.00	none	0.00	0.00	0.00	0.00		f	\N
423	1	286	66	SUPER VALUE  DEAL	1.000	799.00	799.00	799.00	none	0.00	0.00	0.00	0.00		f	\N
424	1	286	11	NR  DRINKS	1.000	100.00	100.00	100.00	none	0.00	0.00	0.00	0.00		f	\N
495	1	339	5	LOADED FRIES	1.000	700.00	700.00	700.00	none	0.00	0.00	0.00	0.00		f	\N
425	1	287	11	NR  DRINKS	1.000	100.00	100.00	100.00	none	0.00	0.00	0.00	0.00		f	\N
426	1	287	7	ZINGER  SHAWARMA	1.000	320.00	320.00	320.00	none	0.00	0.00	0.00	0.00		f	\N
497	1	341	46	Pizza Head Large	1.000	1599.00	1599.00	1599.00	none	0.00	0.00	0.00	0.00		f	\N
427	1	288	36	ZINGER BUREGR	2.000	499.00	499.00	998.00	none	0.00	0.00	0.00	0.00		f	\N
428	1	289	76	TWIN BOX	1.000	1299.00	1299.00	1299.00	none	0.00	0.00	0.00	0.00		f	\N
429	1	290	71	LARGE PIZZA DEAL	2.000	2650.00	2650.00	5300.00	none	0.00	0.00	0.00	0.00		f	\N
430	1	291	13	1.5 LTR	1.000	200.00	200.00	200.00	none	0.00	0.00	0.00	0.00		f	\N
431	1	291	56	The Crown Pizza Large	1.000	1699.00	1699.00	1699.00	none	0.00	0.00	0.00	0.00		f	\N
432	1	292	10	Buy 1 Get 1 Free	1.000	1650.00	1650.00	1650.00	none	0.00	0.00	0.00	0.00		f	\N
433	1	293	6	BITESA SPECIAL OFFER	1.000	3499.00	3499.00	3499.00	none	0.00	0.00	0.00	0.00		f	\N
434	1	294	74	DUO BOX	1.000	1150.00	1150.00	1150.00	none	0.00	0.00	0.00	0.00		f	\N
435	1	294	41	Other Flavours Party	1.000	2399.00	2399.00	2399.00	none	0.00	0.00	0.00	0.00		f	\N
436	1	295	35	ZINGER BUREGR (COMBO)	1.000	699.00	699.00	699.00	none	0.00	0.00	0.00	0.00		f	\N
437	1	295	41	Other Flavours Party	1.000	2399.00	2399.00	2399.00	none	0.00	0.00	0.00	0.00		f	\N
438	1	296	8	CHICKEN  SHAWARMA	2.000	220.00	220.00	440.00	none	0.00	0.00	0.00	0.00		f	\N
439	1	297	76	TWIN BOX	1.000	1299.00	1299.00	1299.00	none	0.00	0.00	0.00	0.00		f	\N
440	1	298	36	ZINGER BUREGR	1.000	499.00	499.00	499.00	none	0.00	0.00	0.00	0.00		f	\N
441	1	298	5	LOADED FRIES	1.000	700.00	700.00	700.00	none	0.00	0.00	0.00	0.00		f	\N
442	1	298	43	Other Flavours Regular	1.000	1199.00	1199.00	1199.00	none	0.00	0.00	0.00	0.00		f	\N
443	1	299	14	CAN	2.000	120.00	120.00	240.00	none	0.00	0.00	0.00	0.00		f	\N
444	1	299	62	ROYAL ROASTED PLATTER	2.000	1099.00	1099.00	2198.00	none	0.00	0.00	0.00	0.00		f	\N
445	1	300	12	1 LTR	1.000	170.00	170.00	170.00	none	0.00	0.00	0.00	0.00		f	\N
446	1	300	10	Buy 1 Get 1 Free	1.000	1650.00	1650.00	1650.00	none	0.00	0.00	0.00	0.00		f	\N
447	1	301	12	1 LTR	1.000	170.00	170.00	170.00	none	0.00	0.00	0.00	0.00		f	\N
448	1	301	77	FIRE BAKED WINGS 10	1.000	700.00	700.00	700.00	none	0.00	0.00	0.00	0.00		f	\N
449	1	302	36	ZINGER BUREGR	1.000	499.00	499.00	499.00	none	0.00	0.00	0.00	0.00		f	\N
450	1	303	13	1.5 LTR	1.000	200.00	200.00	200.00	none	0.00	0.00	0.00	0.00		f	\N
451	1	303	62	ROYAL ROASTED PLATTER	1.000	1099.00	1099.00	1099.00	none	0.00	0.00	0.00	0.00		f	\N
452	1	304	9	CRUNCHY  PASTA	1.000	850.00	850.00	850.00	none	0.00	0.00	0.00	0.00		f	\N
453	1	305	73	SMALL PIZZA DEAL	1.000	1150.00	1150.00	1150.00	none	0.00	0.00	0.00	0.00		f	\N
454	1	306	58	ROYAL SPECIAL DELIGHT DEAL	1.000	1950.00	1950.00	1950.00	none	0.00	0.00	0.00	0.00		f	\N
455	1	307	64	TRIO DEAL 2	1.000	1499.00	1499.00	1499.00	none	0.00	0.00	0.00	0.00		f	\N
456	1	308	28	CALZONE STICKS	1.000	650.00	650.00	650.00	none	0.00	0.00	0.00	0.00		f	\N
457	1	309	48	Pizza Head Small	1.000	599.00	599.00	599.00	none	0.00	0.00	0.00	0.00		f	\N
458	1	310	12	1 LTR	1.000	170.00	170.00	170.00	none	0.00	0.00	0.00	0.00		f	\N
459	1	310	10	Buy 1 Get 1 Free	1.000	1650.00	1650.00	1650.00	none	0.00	0.00	0.00	0.00		f	\N
460	1	311	73	SMALL PIZZA DEAL	1.000	1150.00	1150.00	1150.00	none	0.00	0.00	0.00	0.00		f	\N
461	1	312	58	ROYAL SPECIAL DELIGHT DEAL	1.000	1950.00	1950.00	1950.00	none	0.00	0.00	0.00	0.00		f	\N
462	1	313	55	The Crown Pizza Party	1.000	2399.00	2399.00	2399.00	none	0.00	0.00	0.00	0.00		f	\N
463	1	314	16	FRIES MEDIUM	1.000	290.00	290.00	290.00	none	0.00	0.00	0.00	0.00		f	\N
464	1	314	11	NR  DRINKS	1.000	100.00	100.00	100.00	none	0.00	0.00	0.00	0.00		f	\N
465	1	315	11	NR  DRINKS	1.000	100.00	100.00	100.00	none	0.00	0.00	0.00	0.00		f	\N
466	1	315	25	PERI PERI WINGS 06	1.000	450.00	450.00	450.00	none	0.00	0.00	0.00	0.00		f	\N
467	1	316	10	Buy 1 Get 1 Free	1.000	1650.00	1650.00	1650.00	none	0.00	0.00	0.00	0.00		f	\N
468	1	317	66	SUPER VALUE  DEAL	1.000	799.00	799.00	799.00	none	0.00	0.00	0.00	0.00		f	\N
469	1	318	13	1.5 LTR	1.000	200.00	200.00	200.00	none	0.00	0.00	0.00	0.00		f	\N
470	1	318	10	Buy 1 Get 1 Free	1.000	1650.00	1650.00	1650.00	none	0.00	0.00	0.00	0.00		f	\N
471	1	319	9	CRUNCHY  PASTA	1.000	850.00	850.00	850.00	none	0.00	0.00	0.00	0.00		f	\N
472	1	320	42	Other Flavours Large	1.000	1599.00	1599.00	1599.00	none	0.00	0.00	0.00	0.00		f	\N
473	1	321	9	CRUNCHY  PASTA	2.000	850.00	850.00	1700.00	none	0.00	0.00	0.00	0.00		f	\N
474	1	322	10	Buy 1 Get 1 Free	1.000	1650.00	1650.00	1650.00	none	0.00	0.00	0.00	0.00		f	\N
475	1	323	71	LARGE PIZZA DEAL	1.000	2650.00	2650.00	2650.00	none	0.00	0.00	0.00	0.00		f	\N
476	1	324	13	1.5 LTR	1.000	200.00	200.00	200.00	none	0.00	0.00	0.00	0.00		f	\N
477	1	324	10	Buy 1 Get 1 Free	1.000	1650.00	1650.00	1650.00	none	0.00	0.00	0.00	0.00		f	\N
478	1	325	59	CROWN CRAVING COMBO	1.000	2550.00	2550.00	2550.00	none	0.00	0.00	0.00	0.00		f	\N
479	1	326	56	The Crown Pizza Large	1.000	1699.00	1699.00	1699.00	none	0.00	0.00	0.00	0.00		f	\N
480	1	327	8	CHICKEN  SHAWARMA	6.000	220.00	220.00	1320.00	none	0.00	0.00	0.00	0.00		f	\N
481	1	328	7	ZINGER  SHAWARMA	1.000	320.00	320.00	320.00	none	0.00	0.00	0.00	0.00		f	\N
482	1	329	73	SMALL PIZZA DEAL	1.000	1150.00	1150.00	1150.00	none	0.00	0.00	0.00	0.00		f	\N
483	1	330	53	Bitesa Cheezy Flavors	1.000	1699.00	1699.00	1699.00	none	0.00	0.00	0.00	0.00		f	\N
484	1	331	13	1.5 LTR	1.000	200.00	200.00	200.00	none	0.00	0.00	0.00	0.00		f	\N
485	1	331	10	Buy 1 Get 1 Free	1.000	1650.00	1650.00	1650.00	none	0.00	0.00	0.00	0.00		f	\N
486	1	332	13	1.5 LTR	1.000	200.00	200.00	200.00	none	0.00	0.00	0.00	0.00		f	\N
487	1	332	10	Buy 1 Get 1 Free	1.000	1650.00	1650.00	1650.00	none	0.00	0.00	0.00	0.00		f	\N
488	1	333	66	SUPER VALUE  DEAL	1.000	799.00	799.00	799.00	none	0.00	0.00	0.00	0.00		f	\N
489	1	334	13	1.5 LTR	1.000	200.00	200.00	200.00	none	0.00	0.00	0.00	0.00		f	\N
490	1	334	53	Bitesa Cheezy Flavors	1.000	1699.00	1699.00	1699.00	none	0.00	0.00	0.00	0.00		f	\N
491	1	335	9	CRUNCHY  PASTA	1.000	850.00	850.00	850.00	none	0.00	0.00	0.00	0.00		f	\N
492	1	336	48	Pizza Head Small	1.000	599.00	599.00	599.00	none	0.00	0.00	0.00	0.00		f	\N
502	1	345	12	1 LTR	1.000	170.00	170.00	170.00	none	0.00	0.00	0.00	0.00		f	\N
503	1	345	17	FRIES SMALL	1.000	190.00	190.00	190.00	none	0.00	0.00	0.00	0.00		f	\N
670	1	471	7	ZINGER  SHAWARMA	1.000	320.00	320.00	320.00	none	0.00	0.00	0.00	0.00		f	\N
504	1	346	12	1 LTR	1.000	170.00	170.00	170.00	none	0.00	0.00	0.00	0.00		f	\N
505	1	346	16	FRIES MEDIUM	1.000	290.00	290.00	290.00	none	0.00	0.00	0.00	0.00		f	\N
506	1	346	20	CHICKEN PCS 1	2.000	250.00	250.00	500.00	none	0.00	0.00	0.00	0.00		f	\N
507	1	346	48	Pizza Head Small	1.000	599.00	599.00	599.00	none	0.00	0.00	0.00	0.00		f	\N
508	1	347	17	FRIES SMALL	1.000	190.00	190.00	190.00	none	0.00	0.00	0.00	0.00		f	\N
509	1	347	16	FRIES MEDIUM	1.000	290.00	290.00	290.00	none	0.00	0.00	0.00	0.00		f	\N
510	1	348	69	FAMILY FEST 2	1.000	2250.00	2250.00	2250.00	none	0.00	0.00	0.00	0.00		f	\N
511	1	349	48	Pizza Head Small	1.000	599.00	599.00	599.00	none	0.00	0.00	0.00	0.00		f	\N
512	1	350	63	SPECIAL DELIGHT PLATTER	1.000	1099.00	1099.00	1099.00	none	0.00	0.00	0.00	0.00		f	\N
513	1	351	36	ZINGER BUREGR	1.000	499.00	499.00	499.00	none	0.00	0.00	0.00	0.00		f	\N
514	1	352	13	1.5 LTR	1.000	200.00	200.00	200.00	none	0.00	0.00	0.00	0.00		f	\N
515	1	352	48	Pizza Head Small	1.000	599.00	599.00	599.00	none	0.00	0.00	0.00	0.00		f	\N
516	1	352	5	LOADED FRIES	2.000	700.00	700.00	1400.00	none	0.00	0.00	0.00	0.00		f	\N
517	1	353	36	ZINGER BUREGR	1.000	499.00	499.00	499.00	none	0.00	0.00	0.00	0.00		f	\N
518	1	354	11	NR  DRINKS	1.000	100.00	100.00	100.00	none	0.00	0.00	0.00	0.00		f	\N
519	1	354	67	CRISY BAE DEAL	1.000	750.00	750.00	750.00	none	0.00	0.00	0.00	0.00		f	\N
520	1	355	64	TRIO DEAL 2	1.000	1499.00	1499.00	1499.00	none	0.00	0.00	0.00	0.00		f	\N
521	1	356	57	The Crown Pizza Regular	1.000	1399.00	1399.00	1399.00	none	0.00	0.00	0.00	0.00		f	\N
522	1	357	11	NR  DRINKS	1.000	100.00	100.00	100.00	none	0.00	0.00	0.00	0.00		f	\N
523	1	358	5	LOADED FRIES	1.000	700.00	700.00	700.00	none	0.00	0.00	0.00	0.00		f	\N
524	1	359	36	ZINGER BUREGR	1.000	499.00	499.00	499.00	none	0.00	0.00	0.00	0.00		f	\N
525	1	360	10	Buy 1 Get 1 Free	1.000	1650.00	1650.00	1650.00	none	0.00	0.00	0.00	0.00		f	\N
526	1	361	13	1.5 LTR	1.000	200.00	200.00	200.00	none	0.00	0.00	0.00	0.00		f	\N
527	1	361	10	Buy 1 Get 1 Free	1.000	1650.00	1650.00	1650.00	none	0.00	0.00	0.00	0.00		f	\N
528	1	362	78	PERI PERI WINGS 10	1.000	750.00	750.00	750.00	none	0.00	0.00	0.00	0.00		f	\N
529	1	363	22	CRISPY CHICKEN WINGS 5	1.000	399.00	399.00	399.00	none	0.00	0.00	0.00	0.00		f	\N
530	1	363	23	CHICKEN NUGGETS 5 PCS	1.000	399.00	399.00	399.00	none	0.00	0.00	0.00	0.00		f	\N
531	1	363	56	The Crown Pizza Large	1.000	1699.00	1699.00	1699.00	none	0.00	0.00	0.00	0.00		f	\N
532	1	364	68	DEAL 3	1.000	2099.00	2099.00	2099.00	none	0.00	0.00	0.00	0.00		f	\N
533	1	365	12	1 LTR	1.000	170.00	170.00	170.00	none	0.00	0.00	0.00	0.00		f	\N
534	1	366	10	Buy 1 Get 1 Free	1.000	1650.00	1650.00	1650.00	none	0.00	0.00	0.00	0.00		f	\N
535	1	367	20	CHICKEN PCS 1	2.000	250.00	250.00	500.00	none	0.00	0.00	0.00	0.00		f	\N
536	1	367	63	SPECIAL DELIGHT PLATTER	1.000	1099.00	1099.00	1099.00	none	0.00	0.00	0.00	0.00		f	\N
537	1	368	75	CRUNCH DEAL	1.000	1599.00	1599.00	1599.00	none	0.00	0.00	0.00	0.00		f	\N
538	1	369	26	FIRE BAKED WINGS 06	1.000	400.00	400.00	400.00	none	0.00	0.00	0.00	0.00		f	\N
539	1	370	61	ZINGER MIX MAGIC	1.000	1699.00	1699.00	1699.00	none	0.00	0.00	0.00	0.00		f	\N
540	1	371	70	FAMILY FEST	1.000	2650.00	2650.00	2650.00	none	0.00	0.00	0.00	0.00		f	\N
541	1	372	10	Buy 1 Get 1 Free	1.000	1650.00	1650.00	1650.00	none	0.00	0.00	0.00	0.00		f	\N
542	1	373	76	TWIN BOX	1.000	1299.00	1299.00	1299.00	none	0.00	0.00	0.00	0.00		f	\N
543	1	374	76	TWIN BOX	1.000	1299.00	1299.00	1299.00	none	0.00	0.00	0.00	0.00		f	\N
544	1	375	11	NR  DRINKS	1.000	100.00	100.00	100.00	none	0.00	0.00	0.00	0.00		f	\N
545	1	375	44	Other Flavours Small	1.000	599.00	599.00	599.00	none	0.00	0.00	0.00	0.00		f	\N
546	1	376	9	CRUNCHY  PASTA	1.000	850.00	850.00	850.00	none	0.00	0.00	0.00	0.00		f	\N
547	1	377	61	ZINGER MIX MAGIC	1.000	1699.00	1699.00	1699.00	none	0.00	0.00	0.00	0.00		f	\N
548	1	378	63	SPECIAL DELIGHT PLATTER	1.000	1099.00	1099.00	1099.00	none	0.00	0.00	0.00	0.00		f	\N
549	1	379	12	1 LTR	1.000	170.00	170.00	170.00	none	0.00	0.00	0.00	0.00		f	\N
550	1	380	13	1.5 LTR	1.000	200.00	200.00	200.00	none	0.00	0.00	0.00	0.00		f	\N
551	1	381	10	Buy 1 Get 1 Free	1.000	1650.00	1650.00	1650.00	none	0.00	0.00	0.00	0.00		f	\N
552	1	382	10	Buy 1 Get 1 Free	1.000	1650.00	1650.00	1650.00	none	0.00	0.00	0.00	0.00		f	\N
553	1	383	44	Other Flavours Small	1.000	599.00	599.00	599.00	none	0.00	0.00	0.00	0.00		f	\N
554	1	384	13	1.5 LTR	1.000	200.00	200.00	200.00	none	0.00	0.00	0.00	0.00		f	\N
555	1	385	13	1.5 LTR	1.000	200.00	200.00	200.00	none	0.00	0.00	0.00	0.00		f	\N
556	1	386	8	CHICKEN  SHAWARMA	1.000	220.00	220.00	220.00	none	0.00	0.00	0.00	0.00		f	\N
557	1	387	11	NR  DRINKS	1.000	100.00	100.00	100.00	none	0.00	0.00	0.00	0.00		f	\N
558	1	388	8	CHICKEN  SHAWARMA	1.000	220.00	220.00	220.00	none	0.00	0.00	0.00	0.00		f	\N
559	1	389	66	SUPER VALUE  DEAL	1.000	799.00	799.00	799.00	none	0.00	0.00	0.00	0.00		f	\N
560	1	390	14	CAN	1.000	120.00	120.00	120.00	none	0.00	0.00	0.00	0.00		f	\N
561	1	390	22	CRISPY CHICKEN WINGS 5	1.000	399.00	399.00	399.00	none	0.00	0.00	0.00	0.00		f	\N
562	1	390	16	FRIES MEDIUM	1.000	290.00	290.00	290.00	none	0.00	0.00	0.00	0.00		f	\N
563	1	390	2	Deep Dish Pizza Regular	1.000	1449.00	1449.00	1449.00	none	0.00	0.00	0.00	0.00		f	\N
564	1	391	62	ROYAL ROASTED PLATTER	1.000	1099.00	1099.00	1099.00	none	0.00	0.00	0.00	0.00		f	\N
565	1	392	10	Buy 1 Get 1 Free	1.000	1650.00	1650.00	1650.00	none	0.00	0.00	0.00	0.00		f	\N
566	1	393	28	CALZONE STICKS	1.000	650.00	650.00	650.00	none	0.00	0.00	0.00	0.00		f	\N
567	1	394	44	Other Flavours Small	1.000	599.00	599.00	599.00	none	0.00	0.00	0.00	0.00		f	\N
568	1	395	72	MEDIUM PIZZA DEAL	1.000	2150.00	2150.00	2150.00	none	0.00	0.00	0.00	0.00		f	\N
569	1	396	27	CHUNKS WITH FRESHLY SAUCE	1.000	999.00	999.00	999.00	none	0.00	0.00	0.00	0.00		f	\N
570	1	396	62	ROYAL ROASTED PLATTER	1.000	1099.00	1099.00	1099.00	none	0.00	0.00	0.00	0.00		f	\N
571	1	397	24	CHEEZY ROLLS 4  PCS	1.000	550.00	550.00	550.00	none	0.00	0.00	0.00	0.00		f	\N
572	1	398	13	1.5 LTR	1.000	200.00	200.00	200.00	none	0.00	0.00	0.00	0.00		f	\N
573	1	398	10	Buy 1 Get 1 Free	2.000	1650.00	1650.00	3300.00	none	0.00	0.00	0.00	0.00		f	\N
574	1	399	64	TRIO DEAL 2	1.000	1499.00	1499.00	1499.00	none	0.00	0.00	0.00	0.00		f	\N
575	1	400	65	TRIO DEAL	1.000	1650.00	1650.00	1650.00	none	0.00	0.00	0.00	0.00		f	\N
576	1	401	48	Pizza Head Small	1.000	599.00	599.00	599.00	none	0.00	0.00	0.00	0.00		f	\N
577	1	402	10	Buy 1 Get 1 Free	1.000	1650.00	1650.00	1650.00	none	0.00	0.00	0.00	0.00		f	\N
578	1	403	67	CRISY BAE DEAL	1.000	750.00	750.00	750.00	none	0.00	0.00	0.00	0.00		f	\N
579	1	404	72	MEDIUM PIZZA DEAL	1.000	2150.00	2150.00	2150.00	none	0.00	0.00	0.00	0.00		f	\N
580	1	405	73	SMALL PIZZA DEAL	1.000	1150.00	1150.00	1150.00	none	0.00	0.00	0.00	0.00		f	\N
581	1	406	56	The Crown Pizza Large	1.000	1699.00	1699.00	1699.00	none	0.00	0.00	0.00	0.00		f	\N
582	1	407	14	CAN	1.000	120.00	120.00	120.00	none	0.00	0.00	0.00	0.00		f	\N
583	1	407	8	CHICKEN  SHAWARMA	8.000	220.00	220.00	1760.00	none	0.00	0.00	0.00	0.00		f	\N
584	1	408	76	TWIN BOX	1.000	1299.00	1299.00	1299.00	none	0.00	0.00	0.00	0.00		f	\N
585	1	409	24	CHEEZY ROLLS 6 PCS	2.000	799.00	799.00	1598.00	none	0.00	0.00	0.00	0.00		f	\N
586	1	410	17	FRIES SMALL	1.000	190.00	190.00	190.00	none	0.00	0.00	0.00	0.00		f	\N
587	1	410	56	The Crown Pizza Large	1.000	1699.00	1699.00	1699.00	none	0.00	0.00	0.00	0.00		f	\N
588	1	411	55	The Crown Pizza Party	1.000	2399.00	2399.00	2399.00	none	0.00	0.00	0.00	0.00		f	\N
589	1	412	62	ROYAL ROASTED PLATTER	1.000	1099.00	1099.00	1099.00	none	0.00	0.00	0.00	0.00		f	\N
590	1	413	47	Pizza Head Medium	1.000	1199.00	1199.00	1199.00	none	0.00	0.00	0.00	0.00		f	\N
591	1	414	10	Buy 1 Get 1 Free	1.000	1650.00	1650.00	1650.00	none	0.00	0.00	0.00	0.00		f	\N
592	1	415	43	Other Flavours Regular	1.000	1199.00	1199.00	1199.00	none	0.00	0.00	0.00	0.00		f	\N
593	1	416	10	Buy 1 Get 1 Free	1.000	1650.00	1650.00	1650.00	none	0.00	0.00	0.00	0.00		f	\N
594	1	417	23	CHICKEN NUGGETS 5 PCS	1.000	399.00	399.00	399.00	none	0.00	0.00	0.00	0.00		f	\N
595	1	418	69	FAMILY FEST 2	1.000	2250.00	2250.00	2250.00	none	0.00	0.00	0.00	0.00		f	\N
596	1	419	45	Pizza Head Party	1.000	2299.00	2299.00	2299.00	none	0.00	0.00	0.00	0.00		f	\N
597	1	420	10	Buy 1 Get 1 Free	1.000	1650.00	1650.00	1650.00	none	0.00	0.00	0.00	0.00		f	\N
598	1	421	22	CRISPY CHICKEN WINGS 5	2.000	399.00	399.00	798.00	none	0.00	0.00	0.00	0.00		f	\N
599	1	421	20	CHICKEN PCS 1	1.000	250.00	250.00	250.00	none	0.00	0.00	0.00	0.00		f	\N
600	1	422	73	SMALL PIZZA DEAL	1.000	1150.00	1150.00	1150.00	none	0.00	0.00	0.00	0.00		f	\N
601	1	423	9	CRUNCHY  PASTA	1.000	850.00	850.00	850.00	none	0.00	0.00	0.00	0.00		f	\N
602	1	423	20	CHICKEN PCS 1	3.000	250.00	250.00	750.00	none	0.00	0.00	0.00	0.00		f	\N
603	1	424	57	The Crown Pizza Regular	1.000	1399.00	1399.00	1399.00	none	0.00	0.00	0.00	0.00		f	\N
604	1	425	10	Buy 1 Get 1 Free	1.000	1650.00	1650.00	1650.00	none	0.00	0.00	0.00	0.00		f	\N
605	1	426	17	FRIES SMALL	1.000	190.00	190.00	190.00	none	0.00	0.00	0.00	0.00		f	\N
606	1	427	8	CHICKEN  SHAWARMA	3.000	220.00	220.00	660.00	none	0.00	0.00	0.00	0.00		f	\N
607	1	428	10	Buy 1 Get 1 Free	1.000	1650.00	1650.00	1650.00	none	0.00	0.00	0.00	0.00		f	\N
608	1	429	10	Buy 1 Get 1 Free	1.000	1650.00	1650.00	1650.00	none	0.00	0.00	0.00	0.00		f	\N
609	1	430	68	DEAL 3	1.000	2099.00	2099.00	2099.00	none	0.00	0.00	0.00	0.00		f	\N
610	1	431	72	MEDIUM PIZZA DEAL	1.000	2150.00	2150.00	2150.00	none	0.00	0.00	0.00	0.00		f	\N
611	1	432	10	Buy 1 Get 1 Free	1.000	1650.00	1650.00	1650.00	none	0.00	0.00	0.00	0.00		f	\N
612	1	433	65	TRIO DEAL	1.000	1650.00	1650.00	1650.00	none	0.00	0.00	0.00	0.00		f	\N
613	1	434	12	1 LTR	1.000	170.00	170.00	170.00	none	0.00	0.00	0.00	0.00		f	\N
614	1	434	9	CRUNCHY  PASTA	1.000	850.00	850.00	850.00	none	0.00	0.00	0.00	0.00		f	\N
615	1	434	48	Pizza Head Small	1.000	599.00	599.00	599.00	none	0.00	0.00	0.00	0.00		f	\N
616	1	435	71	LARGE PIZZA DEAL	1.000	2650.00	2650.00	2650.00	none	0.00	0.00	0.00	0.00		f	\N
617	1	436	8	CHICKEN  SHAWARMA	4.000	220.00	220.00	880.00	none	0.00	0.00	0.00	0.00		f	\N
618	1	437	66	SUPER VALUE  DEAL	1.000	799.00	799.00	799.00	none	0.00	0.00	0.00	0.00		f	\N
619	1	438	12	1 LTR	1.000	170.00	170.00	170.00	none	0.00	0.00	0.00	0.00		f	\N
620	1	438	22	CRISPY CHICKEN WINGS 5	1.000	399.00	399.00	399.00	none	0.00	0.00	0.00	0.00		f	\N
621	1	438	21	CRISPY CHICKEN WINGS 10	1.000	699.00	699.00	699.00	none	0.00	0.00	0.00	0.00		f	\N
622	1	439	66	SUPER VALUE  DEAL	1.000	799.00	799.00	799.00	none	0.00	0.00	0.00	0.00		f	\N
623	1	439	20	CHICKEN PCS 1	2.000	250.00	250.00	500.00	none	0.00	0.00	0.00	0.00		f	\N
624	1	439	26	FIRE BAKED WINGS 06	1.000	400.00	400.00	400.00	none	0.00	0.00	0.00	0.00		f	\N
625	1	439	9	CRUNCHY  PASTA	1.000	850.00	850.00	850.00	none	0.00	0.00	0.00	0.00		f	\N
626	1	440	8	CHICKEN  SHAWARMA	1.000	220.00	220.00	220.00	none	0.00	0.00	0.00	0.00		f	\N
627	1	441	11	NR  DRINKS	1.000	100.00	100.00	100.00	none	0.00	0.00	0.00	0.00		f	\N
628	1	441	22	CRISPY CHICKEN WINGS 5	1.000	399.00	399.00	399.00	none	0.00	0.00	0.00	0.00		f	\N
629	1	442	56	The Crown Pizza Large	1.000	1699.00	1699.00	1699.00	none	0.00	0.00	0.00	0.00		f	\N
630	1	443	48	Pizza Head Small	1.000	599.00	599.00	599.00	none	0.00	0.00	0.00	0.00		f	\N
631	1	444	8	CHICKEN  SHAWARMA	1.000	220.00	220.00	220.00	none	0.00	0.00	0.00	0.00		f	\N
632	1	445	57	The Crown Pizza Regular	1.000	1399.00	1399.00	1399.00	none	0.00	0.00	0.00	0.00		f	\N
633	1	446	11	NR  DRINKS	1.000	100.00	100.00	100.00	none	0.00	0.00	0.00	0.00		f	\N
634	1	446	44	Other Flavours Small	1.000	599.00	599.00	599.00	none	0.00	0.00	0.00	0.00		f	\N
635	1	446	17	FRIES SMALL	1.000	190.00	190.00	190.00	none	0.00	0.00	0.00	0.00		f	\N
636	1	447	38	CRUNCH BURGER	1.000	399.00	399.00	399.00	none	0.00	0.00	0.00	0.00		f	\N
637	1	448	66	SUPER VALUE  DEAL	1.000	799.00	799.00	799.00	none	0.00	0.00	0.00	0.00		f	\N
638	1	449	10	Buy 1 Get 1 Free	1.000	1650.00	1650.00	1650.00	none	0.00	0.00	0.00	0.00		f	\N
639	1	450	81	CHEEZY ROLLS 4 PCS	1.000	550.00	550.00	550.00	none	0.00	0.00	0.00	0.00		f	\N
640	1	450	74	DUO BOX	1.000	1150.00	1150.00	1150.00	none	0.00	0.00	0.00	0.00		f	\N
641	1	451	10	Buy 1 Get 1 Free	1.000	1650.00	1650.00	1650.00	none	0.00	0.00	0.00	0.00		f	\N
671	1	472	22	CRISPY CHICKEN WINGS 5	1.000	399.00	399.00	399.00	none	0.00	0.00	0.00	0.00		f	\N
642	1	452	61	ZINGER MIX MAGIC	1.000	1699.00	1699.00	1699.00	none	0.00	0.00	0.00	0.00		f	\N
672	1	473	22	CRISPY CHICKEN WINGS 5	1.000	399.00	399.00	399.00	none	0.00	0.00	0.00	0.00		f	\N
643	1	453	68	DEAL 3	1.000	2099.00	2099.00	2099.00	none	0.00	0.00	0.00	0.00		f	\N
644	1	454	36	ZINGER BUREGR	1.000	499.00	499.00	499.00	none	0.00	0.00	0.00	0.00		f	\N
674	1	475	26	FIRE BAKED WINGS 06	1.000	400.00	400.00	400.00	none	0.00	0.00	0.00	0.00		f	\N
645	1	455	11	NR  DRINKS	1.000	100.00	100.00	100.00	none	0.00	0.00	0.00	0.00		f	\N
646	1	455	38	CRUNCH BURGER	1.000	399.00	399.00	399.00	none	0.00	0.00	0.00	0.00		f	\N
675	1	476	58	ROYAL SPECIAL DELIGHT DEAL	1.000	1950.00	1950.00	1950.00	none	0.00	0.00	0.00	0.00		f	\N
676	1	477	64	TRIO DEAL 2	1.000	1499.00	1499.00	1499.00	none	0.00	0.00	0.00	0.00		f	\N
647	1	456	16	FRIES MEDIUM	4.000	290.00	290.00	1160.00	none	0.00	0.00	0.00	0.00		f	\N
648	1	456	8	CHICKEN  SHAWARMA	1.000	220.00	220.00	220.00	none	0.00	0.00	0.00	0.00		f	\N
649	1	456	36	ZINGER BUREGR	3.000	499.00	499.00	1497.00	none	0.00	0.00	0.00	0.00		f	\N
677	1	478	8	CHICKEN  SHAWARMA	1.000	220.00	220.00	220.00	none	0.00	0.00	0.00	0.00		f	\N
650	1	457	13	1.5 LTR	1.000	200.00	200.00	200.00	none	0.00	0.00	0.00	0.00		f	\N
651	1	457	22	CRISPY CHICKEN WINGS 5	1.000	399.00	399.00	399.00	none	0.00	0.00	0.00	0.00		f	\N
652	1	458	36	ZINGER BUREGR	1.000	499.00	499.00	499.00	none	0.00	0.00	0.00	0.00		f	\N
678	1	479	10	Buy 1 Get 1 Free	1.000	1650.00	1650.00	1650.00	none	0.00	0.00	0.00	0.00		f	\N
653	1	459	10	Buy 1 Get 1 Free	1.000	1650.00	1650.00	1650.00	none	0.00	0.00	0.00	0.00		f	\N
654	1	460	10	Buy 1 Get 1 Free	2.000	1650.00	1650.00	3300.00	none	0.00	0.00	0.00	0.00		f	\N
655	1	461	79	BITESA SPECIAL OFFER	1.000	3499.00	3499.00	3499.00	none	0.00	0.00	0.00	0.00		f	\N
679	1	480	36	ZINGER BUREGR	1.000	499.00	499.00	499.00	none	0.00	0.00	0.00	0.00		f	\N
656	1	462	13	1.5 LTR	1.000	200.00	200.00	200.00	none	0.00	0.00	0.00	0.00		f	\N
657	1	462	56	The Crown Pizza Large	1.000	1699.00	1699.00	1699.00	none	0.00	0.00	0.00	0.00		f	\N
680	1	480	20	CHICKEN PCS 1	1.000	250.00	250.00	250.00	none	0.00	0.00	0.00	0.00		f	\N
658	1	463	15	FRIES LARGE	1.000	390.00	390.00	390.00	none	0.00	0.00	0.00	0.00		f	\N
681	1	480	44	Other Flavours Small	1.000	599.00	599.00	599.00	none	0.00	0.00	0.00	0.00		f	\N
659	1	464	43	Other Flavours Regular	1.000	1199.00	1199.00	1199.00	none	0.00	0.00	0.00	0.00		f	\N
660	1	465	68	DEAL 3	1.000	2099.00	2099.00	2099.00	none	0.00	0.00	0.00	0.00		f	\N
682	1	481	68	DEAL 3	1.000	2099.00	2099.00	2099.00	none	0.00	0.00	0.00	0.00		f	\N
661	1	466	30	Extra Chicken Patty	1.000	299.00	299.00	299.00	none	0.00	0.00	0.00	0.00		f	\N
662	1	466	71	LARGE PIZZA DEAL	1.000	2650.00	2650.00	2650.00	none	0.00	0.00	0.00	0.00		f	\N
683	1	482	11	NR  DRINKS	1.000	100.00	100.00	100.00	none	0.00	0.00	0.00	0.00		f	\N
663	1	467	14	CAN	1.000	120.00	120.00	120.00	none	0.00	0.00	0.00	0.00		f	\N
664	1	467	26	FIRE BAKED WINGS 06	1.000	400.00	400.00	400.00	none	0.00	0.00	0.00	0.00		f	\N
665	1	467	17	FRIES SMALL	1.000	190.00	190.00	190.00	none	0.00	0.00	0.00	0.00		f	\N
684	1	482	20	CHICKEN PCS 1	1.000	250.00	250.00	250.00	none	0.00	0.00	0.00	0.00		f	\N
666	1	468	22	CRISPY CHICKEN WINGS 5	1.000	399.00	399.00	399.00	none	0.00	0.00	0.00	0.00		f	\N
685	1	482	9	CRUNCHY  PASTA	1.000	850.00	850.00	850.00	none	0.00	0.00	0.00	0.00		f	\N
667	1	469	76	TWIN BOX	1.000	1299.00	1299.00	1299.00	none	0.00	0.00	0.00	0.00		f	\N
686	1	483	11	NR  DRINKS	1.000	100.00	100.00	100.00	none	0.00	0.00	0.00	0.00		f	\N
687	1	484	11	NR  DRINKS	1.000	100.00	100.00	100.00	none	0.00	0.00	0.00	0.00		f	\N
688	1	484	38	CRUNCH BURGER	1.000	399.00	399.00	399.00	none	0.00	0.00	0.00	0.00		f	\N
689	1	485	44	Other Flavours Small Pizaa	1.000	599.00	599.00	599.00	none	0.00	0.00	0.00	0.00		f	\N
690	1	486	73	SMALL PIZZA DEAL	1.000	1150.00	1150.00	1150.00	none	0.00	0.00	0.00	0.00		f	\N
691	1	487	76	TWIN BOX	1.000	1299.00	1299.00	1299.00	none	0.00	0.00	0.00	0.00		f	\N
692	1	488	9	CRUNCHY  PASTA	1.000	850.00	850.00	850.00	none	0.00	0.00	0.00	0.00		f	\N
693	1	489	10	Buy 1 Get 1 Free	1.000	1650.00	1650.00	1650.00	none	0.00	0.00	0.00	0.00		f	\N
694	1	490	13	1.5 LTR	1.000	200.00	200.00	200.00	none	0.00	0.00	0.00	0.00		f	\N
695	1	490	11	NR  DRINKS	4.000	100.00	100.00	400.00	none	0.00	0.00	0.00	0.00		f	\N
696	1	490	21	CRISPY CHICKEN WINGS 10	1.000	699.00	699.00	699.00	none	0.00	0.00	0.00	0.00		f	\N
697	1	490	26	FIRE BAKED WINGS 06	1.000	400.00	400.00	400.00	none	0.00	0.00	0.00	0.00		f	\N
698	1	491	11	NR  DRINKS	1.000	100.00	100.00	100.00	none	0.00	0.00	0.00	0.00		f	\N
699	1	491	36	ZINGER BUREGR	1.000	499.00	499.00	499.00	none	0.00	0.00	0.00	0.00		f	\N
700	1	492	32	Extra Cheese & Chicken	1.000	300.00	300.00	300.00	none	0.00	0.00	0.00	0.00		f	\N
701	1	492	46	Pizza Head Large	1.000	1599.00	1599.00	1599.00	none	0.00	0.00	0.00	0.00		f	\N
702	1	493	12	1 LTR	1.000	170.00	170.00	170.00	none	0.00	0.00	0.00	0.00		f	\N
703	1	493	7	ZINGER  SHAWARMA	1.000	320.00	320.00	320.00	none	0.00	0.00	0.00	0.00		f	\N
704	1	493	8	CHICKEN  SHAWARMA	1.000	220.00	220.00	220.00	none	0.00	0.00	0.00	0.00		f	\N
705	1	494	58	ROYAL SPECIAL DELIGHT DEAL	1.000	1950.00	1950.00	1950.00	none	0.00	0.00	0.00	0.00		f	\N
706	1	495	10	Buy 1 Get 1 Free	1.000	1650.00	1650.00	1650.00	none	0.00	0.00	0.00	0.00		f	\N
707	1	496	15	FRIES LARGE	1.000	390.00	390.00	390.00	none	0.00	0.00	0.00	0.00		f	\N
708	1	497	66	SUPER VALUE  DEAL	1.000	799.00	799.00	799.00	none	0.00	0.00	0.00	0.00		f	\N
709	1	498	25	PERI PERI WINGS 06	1.000	450.00	450.00	450.00	none	0.00	0.00	0.00	0.00		f	\N
710	1	499	36	ZINGER BUREGR	1.000	499.00	499.00	499.00	none	0.00	0.00	0.00	0.00		f	\N
711	1	500	17	FRIES SMALL	1.000	190.00	190.00	190.00	none	0.00	0.00	0.00	0.00		f	\N
712	1	501	73	SMALL PIZZA DEAL	1.000	1150.00	1150.00	1150.00	none	0.00	0.00	0.00	0.00		f	\N
713	1	502	36	ZINGER BUREGR	1.000	499.00	499.00	499.00	none	0.00	0.00	0.00	0.00		f	\N
714	1	503	25	PERI PERI WINGS 06	1.000	450.00	450.00	450.00	none	0.00	0.00	0.00	0.00		f	\N
715	1	504	76	TWIN BOX	1.000	1299.00	1299.00	1299.00	none	0.00	0.00	0.00	0.00		f	\N
716	1	505	13	1.5 LTR	1.000	200.00	200.00	200.00	none	0.00	0.00	0.00	0.00		f	\N
717	1	505	55	The Crown Pizza Party	1.000	2399.00	2399.00	2399.00	none	0.00	0.00	0.00	0.00		f	\N
718	1	506	71	LARGE PIZZA DEAL	1.000	2650.00	2650.00	2650.00	none	0.00	0.00	0.00	0.00		f	\N
719	1	507	7	ZINGER  SHAWARMA	1.000	320.00	320.00	320.00	none	0.00	0.00	0.00	0.00		f	\N
720	1	507	8	CHICKEN  SHAWARMA	1.000	220.00	220.00	220.00	none	0.00	0.00	0.00	0.00		f	\N
721	1	508	11	NR  DRINKS	1.000	100.00	100.00	100.00	none	0.00	0.00	0.00	0.00		f	\N
722	1	508	67	CRISY BAE DEAL	1.000	750.00	750.00	750.00	none	0.00	0.00	0.00	0.00		f	\N
723	1	509	10	Buy 1 Get 1 Free	1.000	1650.00	1650.00	1650.00	none	0.00	0.00	0.00	0.00		f	\N
724	1	510	17	FRIES SMALL	2.000	190.00	190.00	380.00	none	0.00	0.00	0.00	0.00		f	\N
725	1	511	65	TRIO DEAL	1.000	1650.00	1650.00	1650.00	none	0.00	0.00	0.00	0.00		f	\N
726	1	512	36	ZINGER BUREGR	1.000	499.00	499.00	499.00	none	0.00	0.00	0.00	0.00		f	\N
727	1	513	36	ZINGER BUREGR	1.000	499.00	499.00	499.00	none	0.00	0.00	0.00	0.00		f	\N
728	1	513	20	CHICKEN PCS 1	4.000	250.00	250.00	1000.00	none	0.00	0.00	0.00	0.00		f	\N
729	1	514	81	CHEEZY ROLLS 4 PCS	1.000	550.00	550.00	550.00	none	0.00	0.00	0.00	0.00		f	\N
730	1	515	13	1.5 LTR	1.000	200.00	200.00	200.00	none	0.00	0.00	0.00	0.00		f	\N
731	1	515	10	Buy 1 Get 1 Free	1.000	1650.00	1650.00	1650.00	none	0.00	0.00	0.00	0.00		f	\N
732	1	516	62	ROYAL ROASTED PLATTER	1.000	1099.00	1099.00	1099.00	none	0.00	0.00	0.00	0.00		f	\N
733	1	516	59	CROWN CRAVING COMBO	1.000	2550.00	2550.00	2550.00	none	0.00	0.00	0.00	0.00		f	\N
734	1	517	22	CRISPY CHICKEN WINGS 5	1.000	399.00	399.00	399.00	none	0.00	0.00	0.00	0.00		f	\N
735	1	517	9	CRUNCHY  PASTA	1.000	850.00	850.00	850.00	none	0.00	0.00	0.00	0.00		f	\N
736	1	518	16	FRIES MEDIUM	1.000	290.00	290.00	290.00	none	0.00	0.00	0.00	0.00		f	\N
737	1	518	38	CRUNCH BURGER	1.000	399.00	399.00	399.00	none	0.00	0.00	0.00	0.00		f	\N
738	1	519	72	MEDIUM PIZZA DEAL	1.000	2150.00	2150.00	2150.00	none	0.00	0.00	0.00	0.00		f	\N
739	1	520	16	FRIES MEDIUM	1.000	290.00	290.00	290.00	none	0.00	0.00	0.00	0.00		f	\N
740	1	521	56	The Crown Pizza Large	1.000	1699.00	1699.00	1699.00	none	0.00	0.00	0.00	0.00		f	\N
741	1	522	13	1.5 LTR	1.000	200.00	200.00	200.00	none	0.00	0.00	0.00	0.00		f	\N
742	1	522	36	ZINGER BUREGR	1.000	499.00	499.00	499.00	none	0.00	0.00	0.00	0.00		f	\N
743	1	522	10	Buy 1 Get 1 Free	1.000	1650.00	1650.00	1650.00	none	0.00	0.00	0.00	0.00		f	\N
744	1	523	76	TWIN BOX	1.000	1299.00	1299.00	1299.00	none	0.00	0.00	0.00	0.00		f	\N
745	1	524	12	1 LTR	1.000	170.00	170.00	170.00	none	0.00	0.00	0.00	0.00		f	\N
746	1	524	56	The Crown Pizza Large	1.000	1699.00	1699.00	1699.00	none	0.00	0.00	0.00	0.00		f	\N
747	1	525	10	Buy 1 Get 1 Free	1.000	1650.00	1650.00	1650.00	none	0.00	0.00	0.00	0.00		f	\N
748	1	526	12	1 LTR	1.000	170.00	170.00	170.00	none	0.00	0.00	0.00	0.00		f	\N
749	1	526	56	The Crown Pizza Large	1.000	1699.00	1699.00	1699.00	none	0.00	0.00	0.00	0.00		f	\N
750	1	527	10	Buy 1 Get 1 Free	1.000	1650.00	1650.00	1650.00	none	0.00	0.00	0.00	0.00		f	\N
751	1	528	44	Other Flavours Small Pizaa	1.000	599.00	599.00	599.00	none	0.00	0.00	0.00	0.00		f	\N
752	1	529	11	NR  DRINKS	1.000	100.00	100.00	100.00	none	0.00	0.00	0.00	0.00		f	\N
753	1	529	44	Other Flavours Small Pizaa	1.000	599.00	599.00	599.00	none	0.00	0.00	0.00	0.00		f	\N
754	1	530	13	1.5 LTR	1.000	200.00	200.00	200.00	none	0.00	0.00	0.00	0.00		f	\N
755	1	531	12	1 LTR	1.000	170.00	170.00	170.00	none	0.00	0.00	0.00	0.00		f	\N
756	1	531	17	FRIES SMALL	1.000	190.00	190.00	190.00	none	0.00	0.00	0.00	0.00		f	\N
757	1	532	11	NR  DRINKS	1.000	100.00	100.00	100.00	none	0.00	0.00	0.00	0.00		f	\N
758	1	533	10	Buy 1 Get 1 Free	1.000	1650.00	1650.00	1650.00	none	0.00	0.00	0.00	0.00		f	\N
759	1	534	10	Buy 1 Get 1 Free	1.000	1650.00	1650.00	1650.00	none	0.00	0.00	0.00	0.00		f	\N
760	1	535	13	1.5 LTR	1.000	200.00	200.00	200.00	none	0.00	0.00	0.00	0.00		f	\N
761	1	536	13	1.5 LTR	1.000	200.00	200.00	200.00	none	0.00	0.00	0.00	0.00		f	\N
762	1	536	57	The Crown Pizza Regular	1.000	1399.00	1399.00	1399.00	none	0.00	0.00	0.00	0.00		f	\N
763	1	537	81	CHEEZY ROLLS 4 PCS	1.000	550.00	550.00	550.00	none	0.00	0.00	0.00	0.00		f	\N
764	1	538	10	Buy 1 Get 1 Free	1.000	1650.00	1650.00	1650.00	none	0.00	0.00	0.00	0.00		f	\N
765	1	539	64	TRIO DEAL 2	1.000	1499.00	1499.00	1499.00	none	0.00	0.00	0.00	0.00		f	\N
766	1	540	11	NR  DRINKS	1.000	100.00	100.00	100.00	none	0.00	0.00	0.00	0.00		f	\N
767	1	541	64	TRIO DEAL 2	1.000	1499.00	1499.00	1499.00	none	0.00	0.00	0.00	0.00		f	\N
768	1	542	36	ZINGER BUREGR	1.000	499.00	499.00	499.00	none	0.00	0.00	0.00	0.00		f	\N
769	1	543	11	NR  DRINKS	1.000	100.00	100.00	100.00	none	0.00	0.00	0.00	0.00		f	\N
770	1	544	10	Buy 1 Get 1 Free	1.000	1650.00	1650.00	1650.00	none	0.00	0.00	0.00	0.00		f	\N
771	1	545	12	1 LTR	1.000	170.00	170.00	170.00	none	0.00	0.00	0.00	0.00		f	\N
772	1	546	10	Buy 1 Get 1 Free	1.000	1650.00	1650.00	1650.00	none	0.00	0.00	0.00	0.00		f	\N
773	1	547	36	ZINGER BUREGR	1.000	499.00	499.00	499.00	none	0.00	0.00	0.00	0.00		f	\N
774	1	548	13	1.5 LTR	1.000	200.00	200.00	200.00	none	0.00	0.00	0.00	0.00		f	\N
775	1	549	7	ZINGER  SHAWARMA	1.000	320.00	320.00	320.00	none	0.00	0.00	0.00	0.00		f	\N
776	1	550	48	Pizza Head Small Pizza	1.000	599.00	599.00	599.00	none	0.00	0.00	0.00	0.00		f	\N
777	1	551	10	Buy 1 Get 1 Free	1.000	1650.00	1650.00	1650.00	none	0.00	0.00	0.00	0.00		f	\N
778	1	552	19	CHICKEN PCS 3	1.000	699.00	699.00	699.00	none	0.00	0.00	0.00	0.00		f	\N
779	1	553	65	TRIO DEAL	1.000	1650.00	1650.00	1650.00	none	0.00	0.00	0.00	0.00		f	\N
780	1	554	26	FIRE BAKED WINGS 06	1.000	400.00	400.00	400.00	none	0.00	0.00	0.00	0.00		f	\N
781	1	555	17	FRIES SMALL	1.000	190.00	190.00	190.00	none	0.00	0.00	0.00	0.00		f	\N
782	1	555	10	Buy 1 Get 1 Free	1.000	1650.00	1650.00	1650.00	none	0.00	0.00	0.00	0.00		f	\N
783	1	556	8	CHICKEN  SHAWARMA	2.000	220.00	220.00	440.00	none	0.00	0.00	0.00	0.00		f	\N
784	1	557	44	Other Flavours Small Pizaa	1.000	599.00	599.00	599.00	none	0.00	0.00	0.00	0.00		f	\N
785	1	558	10	Buy 1 Get 1 Free	1.000	1650.00	1650.00	1650.00	none	0.00	0.00	0.00	0.00		f	\N
786	1	559	8	CHICKEN  SHAWARMA	1.000	220.00	220.00	220.00	none	0.00	0.00	0.00	0.00		f	\N
787	1	560	55	The Crown Pizza Party	1.000	2399.00	2399.00	2399.00	none	0.00	0.00	0.00	0.00		f	\N
788	1	561	10	Buy 1 Get 1 Free	1.000	1650.00	1650.00	1650.00	none	0.00	0.00	0.00	0.00		f	\N
789	1	562	13	1.5 LTR	1.000	200.00	200.00	200.00	none	0.00	0.00	0.00	0.00		f	\N
790	1	563	64	TRIO DEAL 2	1.000	1499.00	1499.00	1499.00	none	0.00	0.00	0.00	0.00		f	\N
791	1	564	12	1 LTR	1.000	170.00	170.00	170.00	none	0.00	0.00	0.00	0.00		f	\N
792	1	565	8	CHICKEN  SHAWARMA	2.000	220.00	220.00	440.00	none	0.00	0.00	0.00	0.00		f	\N
793	1	566	47	Pizza Head Medium	1.000	1199.00	1199.00	1199.00	none	0.00	0.00	0.00	0.00		f	\N
794	1	567	43	Other Flavours Regular Pizza	1.000	1199.00	1199.00	1199.00	none	0.00	0.00	0.00	0.00		f	\N
795	1	568	12	1 LTR	1.000	170.00	170.00	170.00	none	0.00	0.00	0.00	0.00		f	\N
796	1	569	42	Other Flavours Large	1.000	1599.00	1599.00	1599.00	none	0.00	0.00	0.00	0.00		f	\N
797	1	570	76	TWIN BOX	1.000	1299.00	1299.00	1299.00	none	0.00	0.00	0.00	0.00		f	\N
798	1	571	12	1 LTR	1.000	170.00	170.00	170.00	none	0.00	0.00	0.00	0.00		f	\N
799	1	571	10	Buy 1 Get 1 Free	1.000	1650.00	1650.00	1650.00	none	0.00	0.00	0.00	0.00		f	\N
800	1	572	12	1 LTR	1.000	170.00	170.00	170.00	none	0.00	0.00	0.00	0.00		f	\N
801	1	572	9	CRUNCHY  PASTA	1.000	850.00	850.00	850.00	none	0.00	0.00	0.00	0.00		f	\N
802	1	573	13	1.5 LTR	1.000	200.00	200.00	200.00	none	0.00	0.00	0.00	0.00		f	\N
803	1	574	3	Deep Dish Pizza large	1.000	1899.00	1899.00	1899.00	none	0.00	0.00	0.00	0.00		f	\N
804	1	575	7	ZINGER  SHAWARMA	2.000	320.00	320.00	640.00	none	0.00	0.00	0.00	0.00		f	\N
805	1	576	11	NR  DRINKS	1.000	100.00	100.00	100.00	none	0.00	0.00	0.00	0.00		f	\N
806	1	577	9	CRUNCHY  PASTA	1.000	850.00	850.00	850.00	none	0.00	0.00	0.00	0.00		f	\N
807	1	578	11	NR  DRINKS	2.000	100.00	100.00	200.00	none	0.00	0.00	0.00	0.00		f	\N
808	1	579	57	The Crown Pizza Regular	1.000	1399.00	1399.00	1399.00	none	0.00	0.00	0.00	0.00		f	\N
809	1	580	12	1 LTR	1.000	170.00	170.00	170.00	none	0.00	0.00	0.00	0.00		f	\N
810	1	581	13	1.5 LTR	1.000	200.00	200.00	200.00	none	0.00	0.00	0.00	0.00		f	\N
811	1	581	21	CRISPY CHICKEN WINGS 10	1.000	699.00	699.00	699.00	none	0.00	0.00	0.00	0.00		f	\N
812	1	581	36	ZINGER BUREGR	3.000	499.00	499.00	1497.00	none	0.00	0.00	0.00	0.00		f	\N
813	1	582	11	NR  DRINKS	1.000	100.00	100.00	100.00	none	0.00	0.00	0.00	0.00		f	\N
814	1	582	48	Pizza Head Small Pizza	1.000	599.00	599.00	599.00	none	0.00	0.00	0.00	0.00		f	\N
815	1	583	10	Buy 1 Get 1 Free	1.000	1650.00	1650.00	1650.00	none	0.00	0.00	0.00	0.00		f	\N
816	1	584	8	CHICKEN  SHAWARMA	2.000	220.00	220.00	440.00	none	0.00	0.00	0.00	0.00		f	\N
817	1	585	12	1 LTR	1.000	170.00	170.00	170.00	none	0.00	0.00	0.00	0.00		f	\N
818	1	585	62	ROYAL ROASTED PLATTER	1.000	1099.00	1099.00	1099.00	none	0.00	0.00	0.00	0.00		f	\N
819	1	586	2	Deep Dish Pizza Regular	1.000	1449.00	1449.00	1449.00	none	0.00	0.00	0.00	0.00		f	\N
820	1	586	17	FRIES SMALL	1.000	190.00	190.00	190.00	none	0.00	0.00	0.00	0.00		f	\N
821	1	586	13	1.5 LTR	1.000	200.00	200.00	200.00	none	0.00	0.00	0.00	0.00		f	\N
822	1	587	13	1.5 LTR	1.000	200.00	200.00	200.00	none	0.00	0.00	0.00	0.00		f	\N
823	1	588	8	CHICKEN  SHAWARMA	4.000	220.00	220.00	880.00	none	0.00	0.00	0.00	0.00		f	\N
824	1	589	9	CRUNCHY  PASTA	1.000	850.00	850.00	850.00	none	0.00	0.00	0.00	0.00		f	\N
825	1	590	13	1.5 LTR	1.000	200.00	200.00	200.00	none	0.00	0.00	0.00	0.00		f	\N
826	1	590	10	Buy 1 Get 1 Free	1.000	1650.00	1650.00	1650.00	none	0.00	0.00	0.00	0.00		f	\N
827	1	591	50	Kebab-E-Crust Pizza Large	1.000	1899.00	1899.00	1899.00	none	0.00	0.00	0.00	0.00		f	\N
828	1	592	16	FRIES MEDIUM	1.000	290.00	290.00	290.00	none	0.00	0.00	0.00	0.00		f	\N
829	1	592	3	Deep Dish Pizza large	1.000	1899.00	1899.00	1899.00	none	0.00	0.00	0.00	0.00		f	\N
830	1	593	13	1.5 LTR	1.000	200.00	200.00	200.00	none	0.00	0.00	0.00	0.00		f	\N
831	1	593	10	Buy 1 Get 1 Free	1.000	1650.00	1650.00	1650.00	none	0.00	0.00	0.00	0.00		f	\N
832	1	594	73	SMALL PIZZA DEAL	1.000	1150.00	1150.00	1150.00	none	0.00	0.00	0.00	0.00		f	\N
\.


--
-- Data for Name: sale_return_items; Type: TABLE DATA; Schema: public; Owner: postgres
--

COPY public.sale_return_items (id, sale_return_id, item_id, quantity, unit_price, total_price, tax_rate) FROM stdin;
1	1	11	1.000	100.00	100.00	0.00
2	2	13	1.000	200.00	200.00	0.00
3	2	14	1.000	100.00	100.00	0.00
4	2	40	1.000	750.00	750.00	0.00
5	3	36	1.000	499.00	499.00	0.00
6	3	71	1.000	2650.00	2650.00	0.00
7	4	10	1.000	1650.00	1650.00	0.00
8	5	71	1.000	2650.00	2650.00	0.00
9	6	36	1.000	499.00	499.00	0.00
10	6	40	1.000	750.00	750.00	0.00
\.


--
-- Data for Name: sale_returns; Type: TABLE DATA; Schema: public; Owner: postgres
--

COPY public.sale_returns (id, store_id, sale_id, return_source, customer_id, return_date, total_amount, remarks, customer_remarks, payment_method, bank_account_id, created_by, created_at) FROM stdin;
1	1	7	invoice	1	2026-06-20 13:18:59.473915	100.00	Sale Return #1		cash	\N	\N	2026-06-20 13:18:59.473915
2	1	5	invoice	1	2026-06-20 13:19:16.310079	1050.00	Sale Return #2		cash	\N	\N	2026-06-20 13:19:16.310079
3	1	4	invoice	1	2026-06-20 13:19:21.670616	3149.00	Sale Return #3		cash	\N	\N	2026-06-20 13:19:21.670616
4	1	3	invoice	1	2026-06-20 13:19:25.115256	1650.00	Sale Return #4		cash	\N	\N	2026-06-20 13:19:25.115256
5	1	2	invoice	1	2026-06-20 13:19:28.874751	2650.00	Sale Return #5		cash	\N	\N	2026-06-20 13:19:28.874751
6	1	1	invoice	1	2026-06-20 13:19:32.670325	1249.00	Sale Return #6		cash	\N	\N	2026-06-20 13:19:32.670325
\.


--
-- Data for Name: sales; Type: TABLE DATA; Schema: public; Owner: postgres
--

COPY public.sales (id, terminal_id, store_id, branch_id, invoice_number, sale_date, customer_name, customer_id, total_amount, tax_amount, discount_amount, withholding_amount, discount_id, net_amount, payment_method, created_at, shift_id, is_fbr_enabled, is_kpra_enabled, zatca_phase2_invoice_id, table_id, order_mode, discount_type, discount_value, service_charges, tip_amount, order_taker_id, number_of_guests, void_id) FROM stdin;
1	\N	1	1	INV-001736	2026-06-20 12:29:58.75718	\N	\N	1249.00	0.00	0.00	0.00	0	1249.00	cash	2026-06-20 12:29:58.75718	1	f	f	\N	5	dine_in	percent	0.00	0.00	0.00	\N	\N	\N
22	\N	1	1	INV-001813	2026-06-20 19:53:44.815005	\N	\N	1199.00	0.00	0.00	0.00	0	1199.00	cash	2026-06-20 19:53:44.815005	3	f	f	\N	\N	take_away	percent	0.00	0.00	0.00	\N	\N	\N
14	\N	1	1	INV-001798	2026-06-20 17:32:47.922753	\N	\N	100.00	0.00	0.00	0.00	0	100.00	cash	2026-06-20 17:32:47.922753	3	f	f	\N	\N	take_away	percent	0.00	0.00	0.00	\N	\N	\N
2	\N	1	2	INV-001740	2026-06-20 12:43:19.541854	\N	\N	2650.00	0.00	0.00	0.00	0	2650.00	cash	2026-06-20 12:43:19.541854	1	f	f	\N	\N	take_away	percent	0.00	0.00	0.00	\N	\N	\N
3	\N	1	2	INV-001743	2026-06-20 13:04:08.928182	\N	\N	1650.00	0.00	0.00	0.00	0	1650.00	cash	2026-06-20 13:04:08.928182	1	f	f	\N	\N	take_away	percent	0.00	0.00	0.00	\N	\N	\N
15	\N	1	1	INV-001799	2026-06-20 17:39:24.491649	\N	\N	1699.00	0.00	0.00	0.00	0	1699.00	cash	2026-06-20 17:39:24.491649	3	f	f	\N	\N	take_away	percent	0.00	0.00	0.00	\N	\N	\N
4	\N	1	2	INV-001745	2026-06-20 13:10:11.754477	\N	\N	3149.00	0.00	0.00	0.00	0	3149.00	cash	2026-06-20 13:10:11.754477	1	f	f	\N	\N	take_away	percent	0.00	0.00	0.00	\N	\N	\N
29	\N	1	1	INV-001821	2026-06-20 21:17:51.482706	\N	\N	2198.00	0.00	0.00	0.00	0	2198.00	cash	2026-06-20 21:17:51.482706	3	f	f	\N	\N	take_away	percent	0.00	0.00	0.00	\N	\N	\N
5	\N	1	2	INV-001750	2026-06-20 13:14:00.346878	\N	\N	1050.00	0.00	0.00	0.00	0	1050.00	cash	2026-06-20 13:14:00.346878	1	f	f	\N	\N	take_away	percent	0.00	0.00	0.00	\N	\N	\N
6	\N	1	2	INV17819432751170	2026-06-20 13:14:35	Walk-in Customer	\N	3147.00	0.00	0.00	0.00	\N	3147.00	void	2026-06-20 13:14:35.674028	\N	f	f	\N	\N	\N	\N	0.00	0.00	0.00	1	\N	1
23	\N	1	1	INV-001814	2026-06-20 20:07:42.273198	\N	\N	4900.00	0.00	0.00	0.00	0	4900.00	cash	2026-06-20 20:07:42.273198	3	f	f	\N	\N	take_away	percent	0.00	0.00	0.00	\N	\N	\N
16	\N	1	1	INV-001800	2026-06-20 17:48:56.463754	\N	\N	840.00	0.00	0.00	0.00	0	840.00	cash	2026-06-20 17:48:56.463754	3	f	f	\N	\N	take_away	percent	0.00	0.00	0.00	\N	\N	\N
7	\N	1	2	INV-001755	2026-06-20 13:17:41.276416	\N	1	100.00	0.00	0.00	0.00	0	100.00	cash	2026-06-20 13:17:41.276416	1	f	f	\N	\N	delivery	percent	0.00	0.00	0.00	\N	\N	\N
8	\N	1	1	INV-001763	2026-06-20 15:11:56.550459	\N	\N	100.00	0.00	0.00	0.00	0	100.00	cash	2026-06-20 15:11:56.550459	1	f	f	\N	\N	take_away	percent	0.00	0.00	0.00	\N	\N	\N
17	\N	1	1	INV-001801	2026-06-20 18:15:24.665003	\N	\N	1650.00	0.00	0.00	0.00	0	1650.00	cash	2026-06-20 18:15:24.665003	3	f	f	\N	\N	take_away	percent	0.00	0.00	0.00	\N	\N	\N
9	\N	1	1	INV-001774	2026-06-20 15:23:24.061965	\N	\N	100.00	0.00	0.00	0.00	0	100.00	cash	2026-06-20 15:23:24.061965	3	f	f	\N	\N	take_away	percent	0.00	0.00	0.00	\N	\N	\N
34	\N	1	1	INV-001830	2026-06-20 22:49:36.504951	\N	\N	1199.00	0.00	0.00	0.00	0	1199.00	cash	2026-06-20 22:49:36.504951	3	f	f	\N	\N	take_away	percent	0.00	0.00	0.00	\N	\N	\N
10	\N	1	1	INV-001778	2026-06-20 15:33:38.383041	\N	\N	400.00	0.00	0.00	0.00	0	400.00	cash	2026-06-20 15:33:38.383041	3	f	f	\N	\N	take_away	percent	0.00	0.00	0.00	\N	\N	\N
24	\N	1	1	INV-001815	2026-06-20 20:09:11.329223	\N	\N	2099.00	0.00	0.00	0.00	0	2099.00	cash	2026-06-20 20:09:11.329223	3	f	f	\N	\N	take_away	percent	0.00	0.00	0.00	\N	\N	\N
18	\N	1	1	INV-001806	2026-06-20 18:57:51.113544	\N	\N	1199.00	0.00	0.00	0.00	0	1199.00	cash	2026-06-20 18:57:51.113544	3	f	f	\N	\N	take_away	percent	0.00	0.00	0.00	\N	\N	\N
11	\N	1	1	INV-001779	2026-06-20 16:04:07.34436	\N	\N	2099.00	0.00	0.00	0.00	0	2099.00	cash	2026-06-20 16:04:07.34436	3	f	f	\N	\N	take_away	percent	0.00	0.00	0.00	\N	\N	\N
12	\N	1	1	INV-001782	2026-06-20 16:11:00.48111	\N	\N	100.00	0.00	0.00	0.00	0	100.00	cash	2026-06-20 16:11:00.48111	3	f	f	\N	\N	take_away	percent	0.00	0.00	0.00	\N	\N	\N
30	\N	1	1	INV-001822	2026-06-20 21:35:14.918518	\N	\N	1499.00	0.00	0.00	0.00	0	1499.00	cash	2026-06-20 21:35:14.918518	3	f	f	\N	\N	take_away	percent	0.00	0.00	0.00	\N	\N	\N
13	\N	1	1	INV-001790	2026-06-20 16:51:18.910034	\N	\N	700.00	0.00	0.00	0.00	0	700.00	cash	2026-06-20 16:51:18.910034	3	f	f	\N	\N	take_away	percent	0.00	0.00	0.00	\N	\N	\N
25	\N	1	1	INV-001816	2026-06-20 20:29:14.915057	\N	\N	1299.00	0.00	0.00	0.00	0	1299.00	cash	2026-06-20 20:29:14.915057	3	f	f	\N	\N	take_away	percent	0.00	0.00	0.00	\N	\N	\N
19	\N	1	1	INV-001807	2026-06-20 19:19:06.724157	\N	\N	1998.00	0.00	0.00	0.00	0	1998.00	cash	2026-06-20 19:19:06.724157	3	f	f	\N	\N	take_away	percent	0.00	0.00	0.00	\N	\N	\N
20	\N	1	1	INV-001811	2026-06-20 19:40:25.44298	\N	\N	610.00	0.00	0.00	0.00	0	610.00	cash	2026-06-20 19:40:25.44298	3	f	f	\N	\N	take_away	percent	0.00	0.00	0.00	\N	\N	\N
42	\N	1	1	INV-001845	2026-06-21 01:05:18.031112	\N	\N	870.00	0.00	0.00	0.00	0	870.00	cash	2026-06-21 01:05:18.031112	3	f	f	\N	\N	take_away	percent	0.00	0.00	0.00	\N	\N	\N
26	\N	1	1	INV-001817	2026-06-20 20:29:50.93186	\N	\N	1299.00	0.00	0.00	0.00	0	1299.00	cash	2026-06-20 20:29:50.93186	3	f	f	\N	\N	take_away	percent	0.00	0.00	0.00	\N	\N	\N
21	\N	1	1	INV-001812	2026-06-20 19:45:37.60733	\N	\N	690.00	0.00	0.00	0.00	0	690.00	cash	2026-06-20 19:45:37.60733	3	f	f	\N	\N	take_away	percent	0.00	0.00	0.00	\N	\N	\N
38	\N	1	1	INV-001836	2026-06-21 00:11:30.826491	\N	\N	1299.00	0.00	0.00	0.00	0	1299.00	cash	2026-06-21 00:11:30.826491	3	f	f	\N	\N	take_away	percent	0.00	0.00	0.00	\N	\N	\N
31	\N	1	1	INV-001823	2026-06-20 21:39:03.917544	\N	\N	100.00	0.00	0.00	0.00	0	100.00	cash	2026-06-20 21:39:03.917544	3	f	f	\N	\N	take_away	percent	0.00	0.00	0.00	\N	\N	\N
27	\N	1	1	INV-001818	2026-06-20 20:40:14.750888	\N	\N	1699.00	0.00	0.00	0.00	0	1699.00	cash	2026-06-20 20:40:14.750888	3	f	f	\N	1	dine_in	percent	0.00	0.00	0.00	\N	\N	\N
35	\N	1	1	INV-001831	2026-06-20 22:50:01.238408	\N	\N	170.00	0.00	0.00	0.00	0	170.00	cash	2026-06-20 22:50:01.238408	3	f	f	\N	\N	take_away	percent	0.00	0.00	0.00	\N	\N	\N
28	\N	1	1	INV-001820	2026-06-20 21:09:11.440163	\N	\N	1689.00	0.00	0.00	0.00	0	1689.00	cash	2026-06-20 21:09:11.440163	3	f	f	\N	\N	take_away	percent	0.00	0.00	0.00	\N	\N	\N
32	\N	1	1	INV-001826	2026-06-20 21:58:49.105483	\N	\N	1950.00	0.00	0.00	0.00	0	1950.00	cash	2026-06-20 21:58:49.105483	3	f	f	\N	\N	take_away	percent	0.00	0.00	0.00	\N	\N	\N
40	\N	1	1	INV-001842	2026-06-21 00:41:25.916368	\N	\N	200.00	0.00	0.00	0.00	0	200.00	cash	2026-06-21 00:41:25.916368	3	f	f	\N	\N	take_away	percent	0.00	0.00	0.00	\N	\N	\N
33	\N	1	1	INV-001829	2026-06-20 22:28:45.467064	\N	\N	200.00	0.00	0.00	0.00	0	200.00	cash	2026-06-20 22:28:45.467064	3	f	f	\N	\N	take_away	percent	0.00	0.00	0.00	\N	\N	\N
36	\N	1	1	INV-001832	2026-06-20 22:50:24.070837	\N	\N	1299.00	0.00	0.00	0.00	0	1299.00	cash	2026-06-20 22:50:24.070837	3	f	f	\N	\N	take_away	percent	0.00	0.00	0.00	\N	\N	\N
37	\N	1	1	INV-001835	2026-06-21 00:04:40.639969	\N	\N	1899.00	0.00	0.00	0.00	0	1899.00	cash	2026-06-21 00:04:40.639969	\N	f	f	\N	\N	take_away	percent	0.00	0.00	0.00	\N	\N	\N
44	\N	1	1	INV-001847	2026-06-21 01:29:25.163414	\N	\N	499.00	0.00	0.00	0.00	0	499.00	cash	2026-06-21 01:29:25.163414	3	f	f	\N	\N	take_away	percent	0.00	0.00	0.00	\N	\N	\N
39	\N	1	1	INV-001839	2026-06-21 00:23:45.28498	\N	\N	660.00	0.00	0.00	0.00	0	660.00	cash	2026-06-21 00:23:45.28498	3	f	f	\N	\N	take_away	percent	0.00	0.00	0.00	\N	\N	\N
41	\N	1	1	INV-001843	2026-06-21 00:56:52.287704	\N	\N	1000.00	0.00	0.00	0.00	0	1000.00	cash	2026-06-21 00:56:52.287704	3	f	f	\N	\N	take_away	percent	0.00	0.00	0.00	\N	\N	\N
43	\N	1	1	INV-001846	2026-06-21 01:10:59.557131	\N	\N	1699.00	0.00	0.00	0.00	0	1699.00	cash	2026-06-21 01:10:59.557131	3	f	f	\N	\N	take_away	percent	0.00	0.00	0.00	\N	\N	\N
45	\N	1	1	INV-001856	2026-06-21 15:18:52.83988	\N	\N	4898.00	0.00	0.00	0.00	0	4898.00	cash	2026-06-21 15:18:52.83988	4	f	f	\N	\N	take_away	percent	0.00	0.00	0.00	\N	\N	\N
46	\N	1	1	INV-001857	2026-06-21 15:25:16.310126	\N	\N	100.00	0.00	0.00	0.00	0	100.00	cash	2026-06-21 15:25:16.310126	4	f	f	\N	\N	take_away	percent	0.00	0.00	0.00	\N	\N	\N
47	\N	1	1	INV-001858	2026-06-21 15:34:37.158079	\N	\N	1699.00	0.00	0.00	0.00	0	1699.00	cash	2026-06-21 15:34:37.158079	4	f	f	\N	\N	take_away	percent	0.00	0.00	0.00	\N	\N	\N
48	\N	1	1	INV-001859	2026-06-21 15:49:33.2696	\N	\N	850.00	0.00	0.00	0.00	0	850.00	cash	2026-06-21 15:49:33.2696	4	f	f	\N	\N	take_away	percent	0.00	0.00	0.00	\N	\N	\N
49	\N	1	1	INV-001861	2026-06-21 16:03:13.940382	\N	\N	670.00	0.00	0.00	0.00	0	670.00	cash	2026-06-21 16:03:13.940382	4	f	f	\N	\N	take_away	percent	0.00	0.00	0.00	\N	\N	\N
50	\N	1	1	INV-001862	2026-06-21 16:48:14.14639	\N	\N	699.00	0.00	0.00	0.00	0	699.00	cash	2026-06-21 16:48:14.14639	\N	f	f	\N	1	dine_in	percent	0.00	0.00	0.00	\N	\N	\N
51	\N	1	1	INV-001863	2026-06-21 16:49:22.001119	\N	\N	699.00	0.00	0.00	0.00	0	699.00	cash	2026-06-21 16:49:22.001119	4	f	f	\N	1	dine_in	percent	0.00	0.00	0.00	\N	\N	\N
64	\N	1	1	INV-001877	2026-06-21 23:55:03.001583	\N	\N	2650.00	0.00	0.00	0.00	0	2650.00	cash	2026-06-21 23:55:03.001583	4	f	f	\N	\N	take_away	percent	0.00	0.00	0.00	\N	\N	\N
52	\N	1	1	INV-001864	2026-06-21 17:02:22.005054	\N	\N	1150.00	0.00	0.00	0.00	0	1150.00	cash	2026-06-21 17:02:22.005054	4	f	f	\N	\N	take_away	percent	0.00	0.00	0.00	\N	\N	\N
53	\N	1	1	INV-001865	2026-06-21 18:48:18.755921	\N	\N	170.00	0.00	0.00	0.00	0	170.00	cash	2026-06-21 18:48:18.755921	\N	f	f	\N	1	dine_in	percent	0.00	0.00	0.00	\N	\N	\N
73	\N	1	1	INV-001892	2026-06-22 19:27:09.313776	\N	\N	1650.00	0.00	0.00	0.00	0	1650.00	cash	2026-06-22 19:27:09.313776	\N	f	f	\N	\N	take_away	percent	0.00	0.00	0.00	\N	\N	\N
65	\N	1	1	INV-001878	2026-06-22 00:16:18.922913	\N	\N	1399.00	0.00	0.00	0.00	0	1399.00	cash	2026-06-22 00:16:18.922913	4	f	f	\N	\N	take_away	percent	0.00	0.00	0.00	\N	\N	\N
54	\N	1	1	INV-001866	2026-06-21 18:49:00.257856	\N	\N	170.00	0.00	0.00	0.00	0	170.00	cash	2026-06-21 18:49:00.257856	4	f	f	\N	1	dine_in	percent	0.00	0.00	0.00	\N	\N	\N
55	\N	1	1	INV-001867	2026-06-21 19:18:05.561173	\N	\N	499.00	0.00	0.00	0.00	0	499.00	cash	2026-06-21 19:18:05.561173	4	f	f	\N	1	dine_in	percent	0.00	0.00	0.00	\N	\N	\N
84	\N	1	1	INV-001907	2026-06-22 22:46:04.681402	\N	\N	699.00	0.00	0.00	0.00	0	699.00	cash	2026-06-22 22:46:04.681402	4	f	f	\N	\N	take_away	percent	0.00	0.00	0.00	\N	\N	\N
66	\N	1	1	INV-001879	2026-06-22 00:51:50.229043	\N	\N	799.00	0.00	0.00	0.00	0	799.00	cash	2026-06-22 00:51:50.229043	4	f	f	\N	\N	take_away	percent	0.00	0.00	0.00	\N	\N	\N
56	\N	1	1	INV-001868	2026-06-21 20:32:47.85695	\N	\N	1899.00	0.00	0.00	0.00	0	1899.00	cash	2026-06-21 20:32:47.85695	\N	f	f	\N	\N	take_away	percent	0.00	0.00	0.00	\N	\N	\N
80	\N	1	1	INV-001902	2026-06-22 22:03:45.507081	\N	\N	1150.00	0.00	0.00	0.00	0	1150.00	cash	2026-06-22 22:03:45.507081	4	f	f	\N	\N	take_away	percent	0.00	0.00	0.00	\N	\N	\N
57	\N	1	1	INV-001870	2026-06-21 20:51:01.520655	\N	\N	1650.00	0.00	0.00	0.00	0	1650.00	cash	2026-06-21 20:51:01.520655	4	f	f	\N	\N	take_away	percent	0.00	0.00	0.00	\N	\N	\N
74	\N	1	1	INV-001893	2026-06-22 20:12:21.642631	\N	\N	1340.00	0.00	0.00	0.00	0	1340.00	cash	2026-06-22 20:12:21.642631	\N	f	f	\N	\N	take_away	percent	0.00	0.00	0.00	\N	\N	\N
67	\N	1	1	INV-001883	2026-06-22 02:09:32.356636	\N	\N	2318.00	0.00	0.00	0.00	0	2318.00	cash	2026-06-22 02:09:32.356636	4	f	f	\N	\N	take_away	percent	0.00	0.00	0.00	\N	\N	\N
58	\N	1	1	INV-001871	2026-06-21 21:23:07.54238	\N	\N	599.00	0.00	0.00	0.00	0	599.00	cash	2026-06-21 21:23:07.54238	4	f	f	\N	\N	take_away	percent	0.00	0.00	0.00	\N	\N	\N
59	\N	1	1	INV-001872	2026-06-21 21:28:55.46377	\N	\N	619.00	0.00	0.00	0.00	0	619.00	cash	2026-06-21 21:28:55.46377	4	f	f	\N	\N	take_away	percent	0.00	0.00	0.00	\N	\N	\N
68	\N	1	1	INV-001885	2026-06-22 02:14:16.997999	\N	\N	850.00	0.00	0.00	0.00	0	850.00	cash	2026-06-22 02:14:16.997999	4	f	f	\N	\N	take_away	percent	0.00	0.00	0.00	\N	\N	\N
60	\N	1	1	INV-001873	2026-06-21 21:50:41.966925	\N	\N	2099.00	0.00	0.00	0.00	0	2099.00	cash	2026-06-21 21:50:41.966925	4	f	f	\N	\N	take_away	percent	0.00	0.00	0.00	\N	\N	\N
61	\N	1	1	INV-001874	2026-06-21 22:41:50.400846	\N	\N	200.00	0.00	0.00	0.00	0	200.00	cash	2026-06-21 22:41:50.400846	\N	f	f	\N	\N	take_away	percent	0.00	0.00	0.00	\N	\N	\N
75	\N	1	1	INV-001896	2026-06-22 20:33:01.352117	\N	\N	1650.00	0.00	0.00	0.00	0	1650.00	cash	2026-06-22 20:33:01.352117	4	f	f	\N	\N	take_away	percent	0.00	0.00	0.00	\N	\N	\N
69	\N	1	1	INV-001887	2026-06-22 15:05:29.018911	\N	\N	3500.00	0.00	0.00	0.00	0	3500.00	cash	2026-06-22 15:05:29.018911	4	f	f	\N	\N	take_away	percent	0.00	0.00	0.00	\N	\N	\N
62	\N	1	1	INV-001875	2026-06-21 23:12:10.285816	\N	\N	1699.00	0.00	0.00	0.00	0	1699.00	cash	2026-06-21 23:12:10.285816	\N	f	f	\N	\N	take_away	percent	0.00	0.00	0.00	\N	\N	\N
63	\N	1	1	INV-001876	2026-06-21 23:43:32.926591	\N	\N	1250.00	0.00	0.00	0.00	0	1250.00	cash	2026-06-21 23:43:32.926591	\N	f	f	\N	\N	take_away	percent	0.00	0.00	0.00	\N	\N	\N
93	\N	1	1	INV-001933	2026-06-23 17:02:45.424513	\N	\N	1099.00	0.00	0.00	0.00	0	1099.00	cash	2026-06-23 17:02:45.424513	\N	f	f	\N	\N	take_away	percent	0.00	0.00	0.00	\N	\N	\N
81	\N	1	1	INV-001903	2026-06-22 22:14:28.025962	\N	\N	1950.00	0.00	0.00	0.00	0	1950.00	cash	2026-06-22 22:14:28.025962	4	f	f	\N	\N	take_away	percent	0.00	0.00	0.00	\N	\N	\N
70	\N	1	1	INV-001889	2026-06-22 16:34:14.905355	\N	\N	1857.00	0.00	0.00	0.00	0	1857.00	cash	2026-06-22 16:34:14.905355	4	f	f	\N	1	dine_in	percent	0.00	0.00	0.00	\N	\N	\N
76	\N	1	1	INV-001898	2026-06-22 21:38:54.040756	\N	\N	1899.00	0.00	0.00	0.00	0	1899.00	cash	2026-06-22 21:38:54.040756	4	f	f	\N	\N	take_away	percent	0.00	0.00	0.00	\N	\N	\N
71	\N	1	1	INV-001890	2026-06-22 17:59:50.610952	\N	\N	1150.00	0.00	0.00	0.00	0	1150.00	cash	2026-06-22 17:59:50.610952	\N	f	f	\N	\N	take_away	percent	0.00	0.00	0.00	\N	\N	\N
88	\N	1	1	INV-001911	2026-06-22 23:23:39.520958	\N	\N	1650.00	0.00	0.00	0.00	0	1650.00	cash	2026-06-22 23:23:39.520958	4	f	f	\N	\N	take_away	percent	0.00	0.00	0.00	\N	\N	\N
72	\N	1	1	INV-001891	2026-06-22 18:10:29.039575	\N	\N	850.00	0.00	0.00	0.00	0	850.00	cash	2026-06-22 18:10:29.039575	4	f	f	\N	\N	take_away	percent	0.00	0.00	0.00	\N	\N	\N
77	\N	1	1	INV-001899	2026-06-22 21:41:13.976765	\N	\N	1199.00	0.00	0.00	0.00	0	1199.00	cash	2026-06-22 21:41:13.976765	4	f	f	\N	\N	take_away	percent	0.00	0.00	0.00	\N	\N	\N
85	\N	1	1	INV-001908	2026-06-22 22:56:35.086511	\N	\N	1299.00	0.00	0.00	0.00	0	1299.00	cash	2026-06-22 22:56:35.086511	4	f	f	\N	\N	take_away	percent	0.00	0.00	0.00	\N	\N	\N
82	\N	1	1	INV-001904	2026-06-22 22:20:55.759661	\N	\N	850.00	0.00	0.00	0.00	0	850.00	cash	2026-06-22 22:20:55.759661	4	f	f	\N	\N	take_away	percent	0.00	0.00	0.00	\N	\N	\N
78	\N	1	1	INV-001900	2026-06-22 22:00:32.866334	\N	\N	5537.00	0.00	0.00	0.00	0	5537.00	cash	2026-06-22 22:00:32.866334	4	f	f	\N	\N	take_away	percent	0.00	0.00	0.00	\N	\N	\N
79	\N	1	1	INV-001901	2026-06-22 22:01:17.3652	\N	\N	599.00	0.00	0.00	0.00	0	599.00	cash	2026-06-22 22:01:17.3652	4	f	f	\N	1	dine_in	percent	0.00	0.00	0.00	\N	\N	\N
91	\N	1	1	INV-001926	2026-06-23 13:54:07.09401	\N	\N	200.00	0.00	0.00	0.00	0	200.00	cash	2026-06-23 13:54:07.09401	5	f	f	\N	\N	take_away	percent	0.00	0.00	0.00	\N	\N	\N
86	\N	1	1	INV-001909	2026-06-22 23:13:04.205419	\N	\N	850.00	0.00	0.00	0.00	0	850.00	cash	2026-06-22 23:13:04.205419	4	f	f	\N	\N	take_away	percent	0.00	0.00	0.00	\N	\N	\N
83	\N	1	1	INV-001906	2026-06-22 22:45:00.968768	\N	\N	1699.00	0.00	0.00	0.00	0	1699.00	cash	2026-06-22 22:45:00.968768	4	f	f	\N	\N	take_away	percent	0.00	0.00	0.00	\N	\N	\N
89	\N	1	1	INV-001915	2026-06-22 23:59:24.064419	\N	\N	1299.00	0.00	0.00	0.00	0	1299.00	cash	2026-06-22 23:59:24.064419	4	f	f	\N	\N	take_away	percent	0.00	0.00	0.00	\N	\N	\N
87	\N	1	1	INV-001910	2026-06-22 23:15:30.582745	\N	\N	3798.00	0.00	0.00	0.00	0	3798.00	cash	2026-06-22 23:15:30.582745	4	f	f	\N	\N	take_away	percent	0.00	0.00	0.00	\N	\N	\N
90	\N	1	1	INV-001923	2026-06-23 12:12:52.480144	\N	\N	1650.00	0.00	0.00	0.00	0	1650.00	cash	2026-06-23 12:12:52.480144	\N	f	f	\N	\N	take_away	percent	0.00	0.00	0.00	\N	\N	\N
92	\N	1	1	INV-001931	2026-06-23 14:39:14.104477	\N	\N	220.00	0.00	0.00	0.00	0	220.00	cash	2026-06-23 14:39:14.104477	5	f	f	\N	\N	take_away	percent	0.00	0.00	0.00	\N	\N	\N
96	\N	1	1	INV-001938	2026-06-23 18:22:30.660052	\N	\N	2449.00	0.00	0.00	0.00	0	2449.00	cash	2026-06-23 18:22:30.660052	\N	f	f	\N	\N	take_away	percent	0.00	0.00	0.00	\N	\N	\N
95	\N	1	1	INV-001937	2026-06-23 17:16:37.309199	\N	\N	619.00	0.00	0.00	0.00	0	619.00	cash	2026-06-23 17:16:37.309199	5	f	f	\N	\N	take_away	percent	0.00	0.00	0.00	\N	\N	\N
94	\N	1	1	INV-001936	2026-06-23 17:07:05.225819	\N	\N	1639.00	0.00	0.00	0.00	0	1639.00	cash	2026-06-23 17:07:05.225819	5	f	f	\N	\N	take_away	percent	0.00	0.00	0.00	\N	\N	\N
97	\N	1	1	INV-001939	2026-06-23 18:29:14.96974	\N	\N	1950.00	0.00	0.00	0.00	0	1950.00	cash	2026-06-23 18:29:14.96974	5	f	f	\N	\N	take_away	percent	0.00	0.00	0.00	\N	\N	\N
98	\N	1	1	INV-001940	2026-06-23 18:35:37.704272	\N	\N	599.00	0.00	0.00	0.00	0	599.00	cash	2026-06-23 18:35:37.704272	5	f	f	\N	\N	take_away	percent	0.00	0.00	0.00	\N	\N	\N
99	\N	1	1	INV-001941	2026-06-23 19:04:50.188865	\N	\N	699.00	0.00	0.00	0.00	0	699.00	cash	2026-06-23 19:04:50.188865	5	f	f	\N	\N	take_away	percent	0.00	0.00	0.00	\N	\N	\N
100	\N	1	1	INV-001942	2026-06-23 19:18:15.637949	\N	\N	1299.00	0.00	0.00	0.00	0	1299.00	cash	2026-06-23 19:18:15.637949	5	f	f	\N	\N	take_away	percent	0.00	0.00	0.00	\N	\N	\N
101	\N	1	1	INV-001946	2026-06-23 20:35:06.081193	\N	\N	1996.00	0.00	0.00	0.00	0	1996.00	cash	2026-06-23 20:35:06.081193	5	f	f	\N	1	dine_in	percent	0.00	0.00	0.00	\N	\N	\N
102	\N	1	1	INV-001950	2026-06-23 20:46:21.19597	\N	\N	550.00	0.00	0.00	0.00	0	550.00	cash	2026-06-23 20:46:21.19597	5	f	f	\N	\N	take_away	percent	0.00	0.00	0.00	\N	\N	\N
103	\N	1	1	INV-001955	2026-06-23 20:51:17.778977	\N	\N	850.00	0.00	0.00	0.00	0	850.00	cash	2026-06-23 20:51:17.778977	5	f	f	\N	\N	take_away	percent	0.00	0.00	0.00	\N	\N	\N
115	\N	1	1	INV-001971	2026-06-23 23:38:09.222203	\N	\N	1599.00	0.00	0.00	0.00	0	1599.00	cash	2026-06-23 23:38:09.222203	5	f	f	\N	\N	take_away	percent	0.00	0.00	0.00	\N	\N	\N
104	\N	1	1	INV-001959	2026-06-23 21:35:57.180324	\N	\N	1150.00	0.00	0.00	0.00	0	1150.00	cash	2026-06-23 21:35:57.180324	5	f	f	\N	\N	take_away	percent	0.00	0.00	0.00	\N	\N	\N
124	\N	1	1	INV-001995	2026-06-24 16:31:40.983713	\N	\N	650.00	0.00	0.00	0.00	0	650.00	cash	2026-06-24 16:31:40.983713	\N	f	f	\N	\N	take_away	percent	0.00	0.00	0.00	\N	\N	\N
105	\N	1	1	INV-001960	2026-06-23 21:44:53.96792	\N	\N	1650.00	0.00	0.00	0.00	0	1650.00	cash	2026-06-23 21:44:53.96792	5	f	f	\N	\N	take_away	percent	0.00	0.00	0.00	\N	\N	\N
116	\N	1	1	INV-001972	2026-06-23 23:51:37.808193	\N	\N	1650.00	0.00	0.00	0.00	0	1650.00	cash	2026-06-23 23:51:37.808193	5	f	f	\N	\N	take_away	percent	0.00	0.00	0.00	\N	\N	\N
106	\N	1	1	INV-001961	2026-06-23 22:23:29.339507	\N	\N	200.00	0.00	0.00	0.00	0	200.00	cash	2026-06-23 22:23:29.339507	\N	f	f	\N	\N	take_away	percent	0.00	0.00	0.00	\N	\N	\N
131	\N	1	1	INV-002004	2026-06-24 21:52:49.143805	\N	\N	1650.00	0.00	0.00	0.00	0	1650.00	cash	2026-06-24 21:52:49.143805	7	f	f	\N	\N	take_away	percent	0.00	0.00	0.00	\N	\N	\N
107	\N	1	1	INV-001962	2026-06-23 22:26:29.020562	\N	\N	769.00	0.00	0.00	0.00	0	769.00	cash	2026-06-23 22:26:29.020562	5	f	f	\N	\N	take_away	percent	0.00	0.00	0.00	\N	\N	\N
117	\N	1	1	INV-001973	2026-06-23 23:56:53.768964	\N	\N	200.00	0.00	0.00	0.00	0	200.00	cash	2026-06-23 23:56:53.768964	5	f	f	\N	\N	take_away	percent	0.00	0.00	0.00	\N	\N	\N
108	\N	1	1	INV-001963	2026-06-23 22:50:47.608215	\N	\N	1650.00	0.00	0.00	0.00	0	1650.00	cash	2026-06-23 22:50:47.608215	5	f	f	\N	\N	take_away	percent	0.00	0.00	0.00	\N	\N	\N
125	\N	1	1	INV-001996	2026-06-24 17:25:09.695397	\N	\N	4298.00	0.00	0.00	0.00	0	4298.00	cash	2026-06-24 17:25:09.695397	\N	f	f	\N	\N	take_away	percent	0.00	0.00	0.00	\N	\N	\N
109	\N	1	1	INV-001964	2026-06-23 22:56:04.209379	\N	\N	2298.00	0.00	0.00	0.00	0	2298.00	cash	2026-06-23 22:56:04.209379	5	f	f	\N	\N	take_away	percent	0.00	0.00	0.00	\N	\N	\N
118	\N	1	1	INV-001974	2026-06-23 23:57:59.371047	\N	\N	799.00	0.00	0.00	0.00	0	799.00	cash	2026-06-23 23:57:59.371047	5	f	f	\N	\N	take_away	percent	0.00	0.00	0.00	\N	\N	\N
110	\N	1	1	INV-001965	2026-06-23 22:57:20.040518	\N	\N	1699.00	0.00	0.00	0.00	0	1699.00	cash	2026-06-23 22:57:20.040518	5	f	f	\N	\N	take_away	percent	0.00	0.00	0.00	\N	\N	\N
136	\N	1	1	INV-002010	2026-06-24 23:11:44.515399	\N	\N	898.00	0.00	0.00	0.00	0	898.00	cash	2026-06-24 23:11:44.515399	7	f	f	\N	\N	take_away	percent	0.00	0.00	0.00	\N	\N	\N
111	\N	1	1	INV-001966	2026-06-23 22:59:59.461713	\N	\N	1269.00	0.00	0.00	0.00	0	1269.00	cash	2026-06-23 22:59:59.461713	5	f	f	\N	\N	take_away	percent	0.00	0.00	0.00	\N	\N	\N
119	\N	1	1	INV-001975	2026-06-24 00:34:09.797358	\N	\N	1639.00	0.00	0.00	0.00	0	1639.00	cash	2026-06-24 00:34:09.797358	5	f	f	\N	\N	take_away	percent	0.00	0.00	0.00	\N	\N	\N
112	\N	1	1	INV-001967	2026-06-23 23:19:08.304192	\N	\N	1849.00	0.00	0.00	0.00	0	1849.00	cash	2026-06-23 23:19:08.304192	5	f	f	\N	\N	take_away	percent	0.00	0.00	0.00	\N	\N	\N
126	\N	1	1	INV-001998	2026-06-24 18:06:06.810333	\N	\N	2799.00	0.00	0.00	0.00	0	2799.00	cash	2026-06-24 18:06:06.810333	7	f	f	\N	1	dine_in	percent	0.00	0.00	0.00	\N	\N	\N
113	\N	1	1	INV-001968	2026-06-23 23:19:56.676264	\N	\N	1299.00	0.00	0.00	0.00	0	1299.00	cash	2026-06-23 23:19:56.676264	5	f	f	\N	\N	take_away	percent	0.00	0.00	0.00	\N	\N	\N
120	\N	1	1	INV-001977	2026-06-24 01:28:44.689714	\N	\N	1899.00	0.00	0.00	0.00	0	1899.00	cash	2026-06-24 01:28:44.689714	\N	f	f	\N	\N	take_away	percent	0.00	0.00	0.00	\N	\N	\N
114	\N	1	1	INV-001969	2026-06-23 23:29:29.387103	\N	\N	1650.00	0.00	0.00	0.00	0	1650.00	cash	2026-06-23 23:29:29.387103	5	f	f	\N	\N	take_away	percent	0.00	0.00	0.00	\N	\N	\N
132	\N	1	1	INV-002005	2026-06-24 22:06:06.960155	\N	\N	750.00	0.00	0.00	0.00	0	750.00	cash	2026-06-24 22:06:06.960155	7	f	f	\N	\N	take_away	percent	0.00	0.00	0.00	\N	\N	\N
121	\N	1	1	INV-001980	2026-06-24 02:08:23.079579	\N	\N	999.00	0.00	0.00	0.00	0	999.00	cash	2026-06-24 02:08:23.079579	5	f	f	\N	\N	take_away	percent	0.00	0.00	0.00	\N	\N	\N
127	\N	1	1	INV-002000	2026-06-24 18:53:34.3681	\N	\N	3500.00	0.00	0.00	0.00	0	3500.00	cash	2026-06-24 18:53:34.3681	7	f	f	\N	\N	take_away	percent	0.00	0.00	0.00	\N	\N	\N
122	\N	1	1	INV-001984	2026-06-24 02:18:16.327069	\N	\N	170.00	0.00	0.00	0.00	0	170.00	cash	2026-06-24 02:18:16.327069	5	f	f	\N	\N	take_away	percent	0.00	0.00	0.00	\N	\N	\N
140	\N	1	1	INV-002014	2026-06-24 23:41:17.348775	\N	\N	170.00	0.00	0.00	0.00	0	170.00	cash	2026-06-24 23:41:17.348775	7	f	f	\N	\N	take_away	percent	0.00	0.00	0.00	\N	\N	\N
123	\N	1	1	INV-001994	2026-06-24 14:23:34.156169	\N	\N	2099.00	0.00	0.00	0.00	0	2099.00	cash	2026-06-24 14:23:34.156169	7	f	f	\N	\N	take_away	percent	0.00	0.00	0.00	\N	\N	\N
128	\N	1	1	INV-002001	2026-06-24 20:19:41.607789	\N	\N	1850.00	0.00	0.00	0.00	0	1850.00	cash	2026-06-24 20:19:41.607789	\N	f	f	\N	\N	take_away	percent	0.00	0.00	0.00	\N	\N	\N
133	\N	1	1	INV-002006	2026-06-24 22:28:00.176581	\N	\N	599.00	0.00	0.00	0.00	0	599.00	cash	2026-06-24 22:28:00.176581	7	f	f	\N	\N	take_away	percent	0.00	0.00	0.00	\N	\N	\N
129	\N	1	1	INV-002002	2026-06-24 21:32:48.268759	\N	\N	500.00	0.00	0.00	0.00	0	500.00	cash	2026-06-24 21:32:48.268759	\N	f	f	\N	\N	take_away	percent	0.00	0.00	0.00	\N	\N	\N
137	\N	1	1	INV-002011	2026-06-24 23:16:27.385542	\N	\N	250.00	0.00	0.00	0.00	0	250.00	cash	2026-06-24 23:16:27.385542	7	f	f	\N	\N	take_away	percent	0.00	0.00	0.00	\N	\N	\N
130	\N	1	1	INV-002003	2026-06-24 21:47:18.695064	\N	\N	1060.00	0.00	0.00	0.00	0	1060.00	cash	2026-06-24 21:47:18.695064	7	f	f	\N	\N	take_away	percent	0.00	0.00	0.00	\N	\N	\N
134	\N	1	1	INV-002008	2026-06-24 22:35:10.741542	\N	\N	599.00	0.00	0.00	0.00	0	599.00	cash	2026-06-24 22:35:10.741542	7	f	f	\N	\N	take_away	percent	0.00	0.00	0.00	\N	\N	\N
143	\N	1	1	INV-002021	2026-06-25 01:48:40.668398	\N	\N	1989.00	0.00	0.00	0.00	0	1989.00	cash	2026-06-25 01:48:40.668398	7	f	f	\N	\N	take_away	percent	0.00	0.00	0.00	\N	\N	\N
135	\N	1	1	INV-002009	2026-06-24 22:55:59.117675	\N	\N	2150.00	0.00	0.00	0.00	0	2150.00	cash	2026-06-24 22:55:59.117675	7	f	f	\N	\N	take_away	percent	0.00	0.00	0.00	\N	\N	\N
138	\N	1	1	INV-002012	2026-06-24 23:19:51.78049	\N	\N	2399.00	0.00	0.00	0.00	0	2399.00	cash	2026-06-24 23:19:51.78049	7	f	f	\N	\N	take_away	percent	0.00	0.00	0.00	\N	\N	\N
142	\N	1	1	INV-002019	2026-06-25 01:38:49.104134	\N	\N	700.00	0.00	0.00	0.00	0	700.00	cash	2026-06-25 01:38:49.104134	7	f	f	\N	\N	take_away	percent	0.00	0.00	0.00	\N	\N	\N
139	\N	1	1	INV-002013	2026-06-24 23:34:59.344586	\N	\N	1850.00	0.00	0.00	0.00	0	1850.00	cash	2026-06-24 23:34:59.344586	7	f	f	\N	\N	take_away	percent	0.00	0.00	0.00	\N	\N	\N
145	\N	1	1	INV-002031	2026-06-25 17:06:24.581846	\N	\N	1150.00	0.00	0.00	0.00	0	1150.00	cash	2026-06-25 17:06:24.581846	8	f	f	\N	\N	take_away	percent	0.00	0.00	0.00	\N	\N	\N
141	\N	1	1	INV-002017	2026-06-25 01:31:33.279373	\N	\N	499.00	0.00	0.00	0.00	0	499.00	cash	2026-06-25 01:31:33.279373	7	f	f	\N	\N	take_away	percent	0.00	0.00	0.00	\N	\N	\N
144	\N	1	1	INV-002029	2026-06-25 15:58:16.265179	\N	\N	700.00	0.00	0.00	0.00	0	700.00	cash	2026-06-25 15:58:16.265179	8	f	f	\N	\N	take_away	percent	0.00	0.00	0.00	\N	\N	\N
146	\N	1	1	INV-002032	2026-06-25 17:13:18.692193	\N	\N	1180.00	0.00	0.00	0.00	0	1180.00	cash	2026-06-25 17:13:18.692193	8	f	f	\N	\N	take_away	percent	0.00	0.00	0.00	\N	\N	\N
147	\N	1	1	INV-002033	2026-06-25 18:05:59.834804	\N	\N	380.00	0.00	0.00	0.00	0	380.00	cash	2026-06-25 18:05:59.834804	\N	f	f	\N	\N	take_away	percent	0.00	0.00	0.00	\N	\N	\N
148	\N	1	1	INV-002034	2026-06-25 18:26:37.169349	\N	\N	1099.00	0.00	0.00	0.00	0	1099.00	cash	2026-06-25 18:26:37.169349	8	f	f	\N	\N	take_away	percent	0.00	0.00	0.00	\N	\N	\N
149	\N	1	1	INV-002035	2026-06-25 19:14:46.537091	\N	\N	2150.00	0.00	0.00	0.00	0	2150.00	cash	2026-06-25 19:14:46.537091	\N	f	f	\N	1	dine_in	percent	0.00	0.00	0.00	\N	\N	\N
150	\N	1	1	INV-002036	2026-06-25 19:15:52.100897	\N	\N	2150.00	0.00	0.00	0.00	0	2150.00	cash	2026-06-25 19:15:52.100897	8	f	f	\N	\N	take_away	percent	0.00	0.00	0.00	\N	\N	\N
151	\N	1	1	INV-002037	2026-06-25 19:42:34.978474	\N	\N	799.00	0.00	0.00	0.00	0	799.00	cash	2026-06-25 19:42:34.978474	8	f	f	\N	\N	take_away	percent	0.00	0.00	0.00	\N	\N	\N
152	\N	1	1	INV-002038	2026-06-25 19:49:54.315637	\N	\N	2099.00	0.00	0.00	0.00	0	2099.00	cash	2026-06-25 19:49:54.315637	8	f	f	\N	\N	take_away	percent	0.00	0.00	0.00	\N	\N	\N
153	\N	1	1	INV-002039	2026-06-25 19:50:25.264407	\N	\N	1299.00	0.00	0.00	0.00	0	1299.00	cash	2026-06-25 19:50:25.264407	8	f	f	\N	\N	take_away	percent	0.00	0.00	0.00	\N	\N	\N
166	\N	1	1	INV-002060	2026-06-26 19:54:03.70327	\N	\N	2099.00	0.00	0.00	0.00	0	2099.00	cash	2026-06-26 19:54:03.70327	\N	f	f	\N	\N	take_away	percent	0.00	0.00	0.00	\N	\N	\N
154	\N	1	1	INV-002041	2026-06-25 21:08:50.014223	\N	\N	3098.00	0.00	0.00	0.00	0	3098.00	cash	2026-06-25 21:08:50.014223	8	f	f	\N	\N	take_away	percent	0.00	0.00	0.00	\N	\N	\N
190	\N	1	1	INV-002096	2026-06-27 21:07:35.177297	\N	\N	499.00	0.00	0.00	0.00	0	499.00	cash	2026-06-27 21:07:35.177297	10	f	f	\N	\N	take_away	percent	0.00	0.00	0.00	\N	\N	\N
155	\N	1	1	INV-002042	2026-06-25 21:10:33.054312	\N	\N	2968.00	0.00	0.00	0.00	0	2968.00	cash	2026-06-25 21:10:33.054312	8	f	f	\N	\N	take_away	percent	0.00	0.00	0.00	\N	\N	\N
175	\N	1	1	INV-002069	2026-06-26 21:47:52.359137	\N	\N	1650.00	0.00	0.00	0.00	0	1650.00	cash	2026-06-26 21:47:52.359137	9	f	f	\N	\N	take_away	percent	0.00	0.00	0.00	\N	\N	\N
167	\N	1	1	INV-002061	2026-06-26 20:00:31.15931	\N	\N	899.00	0.00	0.00	0.00	0	899.00	cash	2026-06-26 20:00:31.15931	9	f	f	\N	\N	take_away	percent	0.00	0.00	0.00	\N	\N	\N
156	\N	1	1	INV-002043	2026-06-25 21:13:18.385195	\N	\N	1950.00	0.00	0.00	0.00	0	1950.00	cash	2026-06-25 21:13:18.385195	8	f	f	\N	\N	take_away	percent	0.00	0.00	0.00	\N	\N	\N
157	\N	1	1	INV-002044	2026-06-25 21:15:19.463321	\N	\N	1569.00	0.00	0.00	0.00	0	1569.00	cash	2026-06-25 21:15:19.463321	8	f	f	\N	\N	take_away	percent	0.00	0.00	0.00	\N	\N	\N
168	\N	1	1	INV-002062	2026-06-26 20:03:48.075647	\N	\N	1299.00	0.00	0.00	0.00	0	1299.00	cash	2026-06-26 20:03:48.075647	9	f	f	\N	\N	take_away	percent	0.00	0.00	0.00	\N	\N	\N
158	\N	1	1	INV-002045	2026-06-25 21:39:33.603985	\N	\N	1150.00	0.00	0.00	0.00	0	1150.00	cash	2026-06-25 21:39:33.603985	8	f	f	\N	\N	take_away	percent	0.00	0.00	0.00	\N	\N	\N
182	\N	1	1	INV-002085	2026-06-27 17:25:43.887006	\N	\N	999.00	0.00	0.00	0.00	0	999.00	cash	2026-06-27 17:25:43.887006	10	f	f	\N	\N	take_away	percent	0.00	0.00	0.00	\N	\N	\N
159	\N	1	1	INV-002046	2026-06-26 00:22:24.077016	\N	\N	2298.00	0.00	0.00	0.00	0	2298.00	cash	2026-06-26 00:22:24.077016	\N	f	f	\N	\N	take_away	percent	0.00	0.00	0.00	\N	\N	\N
176	\N	1	1	INV-002070	2026-06-26 21:49:50.24095	\N	\N	2599.00	0.00	0.00	0.00	0	2599.00	cash	2026-06-26 21:49:50.24095	9	f	f	\N	\N	take_away	percent	0.00	0.00	0.00	\N	\N	\N
169	\N	1	1	INV-002063	2026-06-26 20:34:32.893986	\N	\N	2099.00	0.00	0.00	0.00	0	2099.00	cash	2026-06-26 20:34:32.893986	9	f	f	\N	\N	take_away	percent	0.00	0.00	0.00	\N	\N	\N
160	\N	1	1	INV-002047	2026-06-26 00:42:43.590803	\N	\N	1068.00	0.00	0.00	0.00	0	1068.00	cash	2026-06-26 00:42:43.590803	8	f	f	\N	\N	take_away	percent	0.00	0.00	0.00	\N	\N	\N
161	\N	1	1	INV-002054	2026-06-26 16:28:44.680763	\N	\N	1650.00	0.00	0.00	0.00	0	1650.00	cash	2026-06-26 16:28:44.680763	9	f	f	\N	\N	take_away	percent	0.00	0.00	0.00	\N	\N	\N
170	\N	1	1	INV-002064	2026-06-26 20:48:04.87159	\N	\N	4449.00	0.00	0.00	0.00	0	4449.00	cash	2026-06-26 20:48:04.87159	9	f	f	\N	\N	take_away	percent	0.00	0.00	0.00	\N	\N	\N
162	\N	1	1	INV-002055	2026-06-26 16:29:17.18108	\N	\N	1150.00	0.00	0.00	0.00	0	1150.00	cash	2026-06-26 16:29:17.18108	9	f	f	\N	\N	take_away	percent	0.00	0.00	0.00	\N	\N	\N
187	\N	1	1	INV-002093	2026-06-27 20:43:58.331751	\N	\N	1950.00	0.00	0.00	0.00	0	1950.00	cash	2026-06-27 20:43:58.331751	10	f	f	\N	\N	take_away	percent	0.00	0.00	0.00	\N	\N	\N
163	\N	1	1	INV-002057	2026-06-26 17:59:01.272999	\N	\N	1150.00	0.00	0.00	0.00	0	1150.00	cash	2026-06-26 17:59:01.272999	9	f	f	\N	\N	take_away	percent	0.00	0.00	0.00	\N	\N	\N
177	\N	1	1	INV-002076	2026-06-26 23:51:32.483047	\N	\N	1439.00	0.00	0.00	0.00	0	1439.00	cash	2026-06-26 23:51:32.483047	9	f	f	\N	\N	take_away	percent	0.00	0.00	0.00	\N	\N	\N
171	\N	1	1	INV-002065	2026-06-26 20:52:01.687424	\N	\N	499.00	0.00	0.00	0.00	0	499.00	cash	2026-06-26 20:52:01.687424	9	f	f	\N	\N	take_away	percent	0.00	0.00	0.00	\N	\N	\N
164	\N	1	1	INV-002058	2026-06-26 18:55:29.097619	\N	\N	699.00	0.00	0.00	0.00	0	699.00	cash	2026-06-26 18:55:29.097619	\N	f	f	\N	\N	take_away	percent	0.00	0.00	0.00	\N	\N	\N
165	\N	1	1	INV-002059	2026-06-26 18:58:02.842271	\N	\N	1769.00	0.00	0.00	0.00	0	1769.00	cash	2026-06-26 18:58:02.842271	9	f	f	\N	\N	take_away	percent	0.00	0.00	0.00	\N	\N	\N
183	\N	1	1	INV-002086	2026-06-27 17:33:25.011782	\N	\N	599.00	0.00	0.00	0.00	0	599.00	cash	2026-06-27 17:33:25.011782	10	f	f	\N	\N	take_away	percent	0.00	0.00	0.00	\N	\N	\N
172	\N	1	1	INV-002066	2026-06-26 20:55:48.514951	\N	\N	2099.00	0.00	0.00	0.00	0	2099.00	cash	2026-06-26 20:55:48.514951	9	f	f	\N	\N	take_away	percent	0.00	0.00	0.00	\N	\N	\N
178	\N	1	1	INV-002077	2026-06-26 23:54:11.874145	\N	\N	940.00	0.00	0.00	0.00	0	940.00	cash	2026-06-26 23:54:11.874145	9	f	f	\N	\N	take_away	percent	0.00	0.00	0.00	\N	\N	\N
173	\N	1	1	INV-002067	2026-06-26 21:32:46.803406	\N	\N	1899.00	0.00	0.00	0.00	0	1899.00	cash	2026-06-26 21:32:46.803406	9	f	f	\N	\N	take_away	percent	0.00	0.00	0.00	\N	\N	\N
174	\N	1	1	INV-002068	2026-06-26 21:34:02.071833	\N	\N	170.00	0.00	0.00	0.00	0	170.00	cash	2026-06-26 21:34:02.071833	9	f	f	\N	\N	take_away	percent	0.00	0.00	0.00	\N	\N	\N
179	\N	1	1	INV-002078	2026-06-26 23:57:17.969139	\N	\N	4964.00	0.00	0.00	0.00	0	4964.00	cash	2026-06-26 23:57:17.969139	9	f	f	\N	\N	take_away	percent	0.00	0.00	0.00	\N	\N	\N
184	\N	1	1	INV-002087	2026-06-27 18:02:18.61559	\N	\N	250.00	0.00	0.00	0.00	0	250.00	cash	2026-06-27 18:02:18.61559	10	f	f	\N	\N	take_away	percent	0.00	0.00	0.00	\N	\N	\N
180	\N	1	1	INV-002080	2026-06-27 00:13:41.247203	\N	\N	769.00	0.00	0.00	0.00	0	769.00	cash	2026-06-27 00:13:41.247203	9	f	f	\N	\N	take_away	percent	0.00	0.00	0.00	\N	\N	\N
188	\N	1	1	INV-002094	2026-06-27 20:48:57.364372	\N	\N	1099.00	0.00	0.00	0.00	0	1099.00	cash	2026-06-27 20:48:57.364372	10	f	f	\N	\N	take_away	percent	0.00	0.00	0.00	\N	\N	\N
181	\N	1	1	INV-002084	2026-06-27 17:24:09.156664	\N	\N	8195.00	0.00	0.00	0.00	0	8195.00	cash	2026-06-27 17:24:09.156664	10	f	f	\N	\N	take_away	percent	0.00	0.00	0.00	\N	\N	\N
185	\N	1	1	INV-002090	2026-06-27 18:25:46.216116	\N	\N	1499.00	0.00	0.00	0.00	0	1499.00	cash	2026-06-27 18:25:46.216116	10	f	f	\N	\N	take_away	percent	0.00	0.00	0.00	\N	\N	\N
191	\N	1	1	INV-002098	2026-06-27 21:31:06.382016	\N	\N	1650.00	0.00	0.00	0.00	0	1650.00	cash	2026-06-27 21:31:06.382016	10	f	f	\N	\N	take_away	percent	0.00	0.00	0.00	\N	\N	\N
186	\N	1	1	INV-002092	2026-06-27 20:42:45.622712	\N	\N	2800.00	0.00	0.00	0.00	0	2800.00	cash	2026-06-27 20:42:45.622712	10	f	f	\N	\N	take_away	percent	0.00	0.00	0.00	\N	\N	\N
189	\N	1	1	INV-002095	2026-06-27 21:06:41.476783	\N	\N	3598.00	0.00	0.00	0.00	0	3598.00	cash	2026-06-27 21:06:41.476783	10	f	f	\N	\N	take_away	percent	0.00	0.00	0.00	\N	\N	\N
194	\N	1	1	INV-002101	2026-06-27 21:42:23.40822	\N	\N	100.00	0.00	0.00	0.00	0	100.00	cash	2026-06-27 21:42:23.40822	10	f	f	\N	\N	take_away	percent	0.00	0.00	0.00	\N	\N	\N
193	\N	1	1	INV-002100	2026-06-27 21:40:28.136253	\N	\N	399.00	0.00	0.00	0.00	0	399.00	cash	2026-06-27 21:40:28.136253	10	f	f	\N	\N	take_away	percent	0.00	0.00	0.00	\N	\N	\N
196	\N	1	1	INV-002107	2026-06-28 00:46:58.072872	\N	\N	8466.00	0.00	0.00	0.00	0	8466.00	cash	2026-06-28 00:46:58.072872	10	f	f	\N	\N	take_away	percent	0.00	0.00	0.00	\N	\N	\N
192	\N	1	1	INV-002099	2026-06-27 21:33:24.565327	\N	\N	1099.00	0.00	0.00	0.00	0	1099.00	cash	2026-06-27 21:33:24.565327	10	f	f	\N	\N	take_away	percent	0.00	0.00	0.00	\N	\N	\N
195	\N	1	1	INV-002106	2026-06-28 00:40:32.265856	\N	\N	1599.00	0.00	0.00	0.00	0	1599.00	cash	2026-06-28 00:40:32.265856	10	f	f	\N	\N	take_away	percent	0.00	0.00	0.00	\N	\N	\N
197	\N	1	1	INV-002108	2026-06-28 00:47:54.882918	\N	\N	1150.00	0.00	0.00	0.00	0	1150.00	cash	2026-06-28 00:47:54.882918	10	f	f	\N	\N	take_away	percent	0.00	0.00	0.00	\N	\N	\N
198	\N	1	1	INV-002109	2026-06-28 00:49:09.535616	\N	\N	1899.00	0.00	0.00	0.00	0	1899.00	cash	2026-06-28 00:49:09.535616	10	f	f	\N	\N	take_away	percent	0.00	0.00	0.00	\N	\N	\N
199	\N	1	1	INV-002110	2026-06-28 01:13:20.679344	\N	\N	2650.00	0.00	0.00	0.00	0	2650.00	cash	2026-06-28 01:13:20.679344	10	f	f	\N	\N	take_away	percent	0.00	0.00	0.00	\N	\N	\N
200	\N	1	1	INV-002115	2026-06-28 15:54:38.696525	\N	\N	3449.00	0.00	0.00	0.00	0	3449.00	cash	2026-06-28 15:54:38.696525	11	f	f	\N	\N	take_away	percent	0.00	0.00	0.00	\N	\N	\N
201	\N	1	1	INV-002116	2026-06-28 16:35:41.097465	\N	\N	1170.00	0.00	0.00	0.00	0	1170.00	cash	2026-06-28 16:35:41.097465	11	f	f	\N	\N	take_away	percent	0.00	0.00	0.00	\N	\N	\N
202	\N	1	1	INV-002117	2026-06-28 16:38:51.220741	\N	\N	450.00	0.00	0.00	0.00	0	450.00	cash	2026-06-28 16:38:51.220741	11	f	f	\N	\N	take_away	percent	0.00	0.00	0.00	\N	\N	\N
203	\N	1	1	INV-002119	2026-06-28 16:43:08.368594	\N	\N	390.00	0.00	0.00	0.00	0	390.00	cash	2026-06-28 16:43:08.368594	11	f	f	\N	\N	take_away	percent	0.00	0.00	0.00	\N	\N	\N
204	\N	1	1	INV-002121	2026-06-28 17:31:53.468476	\N	\N	3049.00	0.00	0.00	0.00	0	3049.00	cash	2026-06-28 17:31:53.468476	11	f	f	\N	\N	take_away	percent	0.00	0.00	0.00	\N	\N	\N
205	\N	1	1	INV-002122	2026-06-28 17:44:57.144299	\N	\N	1498.00	0.00	0.00	0.00	0	1498.00	cash	2026-06-28 17:44:57.144299	11	f	f	\N	\N	take_away	percent	0.00	0.00	0.00	\N	\N	\N
217	\N	1	1	INV-002135	2026-06-28 20:27:34.236908	\N	\N	1599.00	0.00	0.00	0.00	0	1599.00	cash	2026-06-28 20:27:34.236908	11	f	f	\N	\N	take_away	percent	0.00	0.00	0.00	\N	\N	\N
206	\N	1	1	INV-002123	2026-06-28 17:49:08.866855	\N	\N	2298.00	0.00	0.00	0.00	0	2298.00	cash	2026-06-28 17:49:08.866855	11	f	f	\N	\N	take_away	percent	0.00	0.00	0.00	\N	\N	\N
226	\N	1	1	INV-002145	2026-06-28 21:51:00.247078	\N	\N	100.00	0.00	0.00	0.00	0	100.00	cash	2026-06-28 21:51:00.247078	11	f	f	\N	\N	take_away	percent	0.00	0.00	0.00	\N	\N	\N
207	\N	1	1	INV-002120	2026-06-28 18:27:16.566007	\N	\N	1150.00	0.00	0.00	0.00	0	1150.00	cash	2026-06-28 18:27:16.566007	11	f	f	\N	\N	take_away	percent	0.00	0.00	0.00	\N	\N	\N
218	\N	1	1	INV-002136	2026-06-28 20:28:15.968593	\N	\N	190.00	0.00	0.00	0.00	0	190.00	cash	2026-06-28 20:28:15.968593	11	f	f	\N	\N	take_away	percent	0.00	0.00	0.00	\N	\N	\N
208	\N	1	1	INV-002125	2026-06-28 18:44:27.551667	\N	\N	1650.00	0.00	0.00	0.00	0	1650.00	cash	2026-06-28 18:44:27.551667	11	f	f	\N	\N	take_away	percent	0.00	0.00	0.00	\N	\N	\N
241	\N	1	1	INV-002167	2026-06-29 13:50:42.031599	\N	\N	1599.00	0.00	0.00	0.00	0	1599.00	cash	2026-06-29 13:50:42.031599	12	f	f	\N	\N	take_away	percent	0.00	0.00	0.00	\N	\N	\N
233	\N	1	1	INV-002152	2026-06-28 22:56:54.714469	\N	\N	2040.00	0.00	0.00	0.00	0	2040.00	cash	2026-06-28 22:56:54.714469	11	f	f	\N	\N	take_away	percent	0.00	0.00	0.00	\N	\N	\N
209	\N	1	1	INV-002127	2026-06-28 18:51:39.399851	\N	\N	1650.00	0.00	0.00	0.00	0	1650.00	cash	2026-06-28 18:51:39.399851	11	f	f	\N	\N	take_away	percent	0.00	0.00	0.00	\N	\N	\N
219	\N	1	1	INV-002137	2026-06-28 20:32:47.432591	\N	\N	1150.00	0.00	0.00	0.00	0	1150.00	cash	2026-06-28 20:32:47.432591	11	f	f	\N	\N	take_away	percent	0.00	0.00	0.00	\N	\N	\N
210	\N	1	1	INV-002128	2026-06-28 18:56:35.112641	\N	\N	190.00	0.00	0.00	0.00	0	190.00	cash	2026-06-28 18:56:35.112641	11	f	f	\N	\N	take_away	percent	0.00	0.00	0.00	\N	\N	\N
227	\N	1	1	INV-002146	2026-06-28 22:06:23.647007	\N	\N	2140.00	0.00	0.00	0.00	0	2140.00	cash	2026-06-28 22:06:23.647007	11	f	f	\N	\N	take_away	percent	0.00	0.00	0.00	\N	\N	\N
211	\N	1	1	INV-002129	2026-06-28 19:08:16.153294	\N	\N	550.00	0.00	0.00	0.00	0	550.00	cash	2026-06-28 19:08:16.153294	11	f	f	\N	\N	take_away	percent	0.00	0.00	0.00	\N	\N	\N
220	\N	1	1	INV-002138	2026-06-28 20:34:46.198262	\N	\N	100.00	0.00	0.00	0.00	0	100.00	cash	2026-06-28 20:34:46.198262	11	f	f	\N	\N	take_away	percent	0.00	0.00	0.00	\N	\N	\N
212	\N	1	1	INV-002130	2026-06-28 19:30:42.271512	\N	\N	599.00	0.00	0.00	0.00	0	599.00	cash	2026-06-28 19:30:42.271512	11	f	f	\N	\N	take_away	percent	0.00	0.00	0.00	\N	\N	\N
213	\N	1	1	INV-002131	2026-06-28 19:35:08.649008	\N	\N	599.00	0.00	0.00	0.00	0	599.00	cash	2026-06-28 19:35:08.649008	11	f	f	\N	\N	take_away	percent	0.00	0.00	0.00	\N	\N	\N
221	\N	1	1	INV-002139	2026-06-28 20:44:55.748128	\N	\N	1400.00	0.00	0.00	0.00	0	1400.00	cash	2026-06-28 20:44:55.748128	11	f	f	\N	\N	take_away	percent	0.00	0.00	0.00	\N	\N	\N
214	\N	1	1	INV-002132	2026-06-28 19:36:01.532986	\N	\N	2750.00	0.00	0.00	0.00	0	2750.00	cash	2026-06-28 19:36:01.532986	11	f	f	\N	\N	take_away	percent	0.00	0.00	0.00	\N	\N	\N
228	\N	1	1	INV-002147	2026-06-28 22:10:36.136866	\N	\N	1498.00	0.00	0.00	0.00	0	1498.00	cash	2026-06-28 22:10:36.136866	11	f	f	\N	\N	take_away	percent	0.00	0.00	0.00	\N	\N	\N
215	\N	1	1	INV-002133	2026-06-28 20:07:12.079695	\N	\N	850.00	0.00	0.00	0.00	0	850.00	cash	2026-06-28 20:07:12.079695	11	f	f	\N	\N	take_away	percent	0.00	0.00	0.00	\N	\N	\N
222	\N	1	1	INV-002141	2026-06-28 21:04:15.841252	\N	\N	1617.00	0.00	0.00	0.00	0	1617.00	cash	2026-06-28 21:04:15.841252	11	f	f	\N	\N	take_away	percent	0.00	0.00	0.00	\N	\N	\N
216	\N	1	1	INV-002134	2026-06-28 20:17:06.367508	\N	\N	1599.00	0.00	0.00	0.00	0	1599.00	cash	2026-06-28 20:17:06.367508	11	f	f	\N	\N	take_away	percent	0.00	0.00	0.00	\N	\N	\N
238	\N	1	1	INV-002164	2026-06-29 12:35:08.588551	\N	\N	1699.00	0.00	0.00	0.00	0	1699.00	cash	2026-06-29 12:35:08.588551	12	f	f	\N	\N	take_away	percent	0.00	0.00	0.00	\N	\N	\N
234	\N	1	1	INV-002153	2026-06-28 23:02:59.630348	\N	\N	399.00	0.00	0.00	0.00	0	399.00	cash	2026-06-28 23:02:59.630348	11	f	f	\N	\N	take_away	percent	0.00	0.00	0.00	\N	\N	\N
223	\N	1	1	INV-002142	2026-06-28 21:05:58.158155	\N	\N	1150.00	0.00	0.00	0.00	0	1150.00	cash	2026-06-28 21:05:58.158155	11	f	f	\N	\N	take_away	percent	0.00	0.00	0.00	\N	\N	\N
229	\N	1	1	INV-002148	2026-06-28 22:13:27.828716	\N	\N	850.00	0.00	0.00	0.00	0	850.00	cash	2026-06-28 22:13:27.828716	11	f	f	\N	\N	take_away	percent	0.00	0.00	0.00	\N	\N	\N
224	\N	1	1	INV-002143	2026-06-28 21:19:43.719255	\N	\N	499.00	0.00	0.00	0.00	0	499.00	cash	2026-06-28 21:19:43.719255	11	f	f	\N	\N	take_away	percent	0.00	0.00	0.00	\N	\N	\N
225	\N	1	1	INV-002144	2026-06-28 21:45:58.958962	\N	\N	1299.00	0.00	0.00	0.00	0	1299.00	cash	2026-06-28 21:45:58.958962	11	f	f	\N	\N	take_away	percent	0.00	0.00	0.00	\N	\N	\N
230	\N	1	1	INV-002149	2026-06-28 22:17:36.16698	\N	\N	1150.00	0.00	0.00	0.00	0	1150.00	cash	2026-06-28 22:17:36.16698	11	f	f	\N	\N	take_away	percent	0.00	0.00	0.00	\N	\N	\N
235	\N	1	1	INV-002154	2026-06-28 23:34:49.237853	\N	\N	1499.00	0.00	0.00	0.00	0	1499.00	cash	2026-06-28 23:34:49.237853	11	f	f	\N	\N	take_away	percent	0.00	0.00	0.00	\N	\N	\N
231	\N	1	1	INV-002150	2026-06-28 22:22:18.511986	\N	\N	1150.00	0.00	0.00	0.00	0	1150.00	cash	2026-06-28 22:22:18.511986	11	f	f	\N	\N	take_away	percent	0.00	0.00	0.00	\N	\N	\N
232	\N	1	1	INV-002151	2026-06-28 22:55:42.996664	\N	\N	2040.00	0.00	0.00	0.00	0	2040.00	cash	2026-06-28 22:55:42.996664	11	f	f	\N	\N	take_away	percent	0.00	0.00	0.00	\N	\N	\N
239	\N	1	1	INV-002165	2026-06-29 13:05:28.476954	\N	\N	1599.00	0.00	0.00	0.00	0	1599.00	cash	2026-06-29 13:05:28.476954	12	f	f	\N	\N	take_away	percent	0.00	0.00	0.00	\N	\N	\N
236	\N	1	1	INV-002157	2026-06-29 02:06:17.595946	\N	\N	5486.00	0.00	0.00	0.00	0	5486.00	cash	2026-06-29 02:06:17.595946	11	f	f	\N	\N	take_away	percent	0.00	0.00	0.00	\N	\N	\N
242	\N	1	1	INV-002168	2026-06-29 13:51:19.610459	\N	\N	1150.00	0.00	0.00	0.00	0	1150.00	cash	2026-06-29 13:51:19.610459	12	f	f	\N	\N	take_away	percent	0.00	0.00	0.00	\N	\N	\N
237	\N	1	1	INV-002158	2026-06-29 02:14:05.932583	\N	\N	1299.00	0.00	0.00	0.00	0	1299.00	cash	2026-06-29 02:14:05.932583	11	f	f	\N	\N	take_away	percent	0.00	0.00	0.00	\N	\N	\N
240	\N	1	1	INV-002166	2026-06-29 13:31:01.270129	\N	\N	200.00	0.00	0.00	0.00	0	200.00	cash	2026-06-29 13:31:01.270129	12	f	f	\N	\N	take_away	percent	0.00	0.00	0.00	\N	\N	\N
245	\N	1	1	INV-002176	2026-06-29 17:21:47.597471	\N	\N	1150.00	0.00	0.00	0.00	0	1150.00	cash	2026-06-29 17:21:47.597471	12	f	f	\N	\N	take_away	percent	0.00	0.00	0.00	\N	\N	\N
244	\N	1	1	INV-002175	2026-06-29 16:53:51.836721	\N	\N	1500.00	0.00	0.00	0.00	0	1500.00	cash	2026-06-29 16:53:51.836721	12	f	f	\N	\N	take_away	percent	0.00	0.00	0.00	\N	\N	\N
247	\N	1	1	INV-002180	2026-06-29 18:38:17.232992	\N	\N	2099.00	0.00	0.00	0.00	0	2099.00	cash	2026-06-29 18:38:17.232992	12	f	f	\N	\N	take_away	percent	0.00	0.00	0.00	\N	\N	\N
243	\N	1	1	INV-002173	2026-06-29 15:15:28.210667	\N	\N	1849.00	0.00	0.00	0.00	0	1849.00	cash	2026-06-29 15:15:28.210667	12	f	f	\N	\N	take_away	percent	0.00	0.00	0.00	\N	\N	\N
246	\N	1	1	INV-002179	2026-06-29 17:56:05.413029	\N	\N	2099.00	0.00	0.00	0.00	0	2099.00	cash	2026-06-29 17:56:05.413029	12	f	f	\N	\N	take_away	percent	0.00	0.00	0.00	\N	\N	\N
248	\N	1	1	INV-002182	2026-06-29 19:20:29.571359	\N	\N	850.00	0.00	0.00	0.00	0	850.00	cash	2026-06-29 19:20:29.571359	12	f	f	\N	\N	take_away	percent	0.00	0.00	0.00	\N	\N	\N
249	\N	1	1	INV-002183	2026-06-29 19:31:13.087368	\N	\N	1699.00	0.00	0.00	0.00	0	1699.00	cash	2026-06-29 19:31:13.087368	12	f	f	\N	\N	take_away	percent	0.00	0.00	0.00	\N	\N	\N
250	\N	1	1	INV-002184	2026-06-29 19:42:55.239167	\N	\N	699.00	0.00	0.00	0.00	0	699.00	cash	2026-06-29 19:42:55.239167	12	f	f	\N	\N	take_away	percent	0.00	0.00	0.00	\N	\N	\N
251	\N	1	1	INV-002185	2026-06-29 19:51:29.647856	\N	\N	1199.00	0.00	0.00	0.00	0	1199.00	cash	2026-06-29 19:51:29.647856	12	f	f	\N	\N	take_away	percent	0.00	0.00	0.00	\N	\N	\N
252	\N	1	1	INV-002186	2026-06-29 20:08:37.226952	\N	\N	799.00	0.00	0.00	0.00	0	799.00	cash	2026-06-29 20:08:37.226952	12	f	f	\N	\N	take_away	percent	0.00	0.00	0.00	\N	\N	\N
253	\N	1	1	INV-002187	2026-06-29 20:10:18.224556	\N	\N	170.00	0.00	0.00	0.00	0	170.00	cash	2026-06-29 20:10:18.224556	12	f	f	\N	\N	take_away	percent	0.00	0.00	0.00	\N	\N	\N
266	\N	1	1	INV-002201	2026-06-29 23:20:03.757267	\N	\N	799.00	0.00	0.00	0.00	0	799.00	cash	2026-06-29 23:20:03.757267	12	f	f	\N	\N	take_away	percent	0.00	0.00	0.00	\N	\N	\N
254	\N	1	1	INV-002188	2026-06-29 20:21:11.065166	\N	\N	499.00	0.00	0.00	0.00	0	499.00	cash	2026-06-29 20:21:11.065166	12	f	f	\N	\N	take_away	percent	0.00	0.00	0.00	\N	\N	\N
275	\N	1	1	INV-002210	2026-06-30 00:18:32.499293	\N	\N	1299.00	0.00	0.00	0.00	0	1299.00	cash	2026-06-30 00:18:32.499293	12	f	f	\N	\N	take_away	percent	0.00	0.00	0.00	\N	\N	\N
255	\N	1	1	INV-002189	2026-06-29 20:59:09.339736	\N	\N	2550.00	0.00	0.00	0.00	0	2550.00	cash	2026-06-29 20:59:09.339736	12	f	f	\N	\N	take_away	percent	0.00	0.00	0.00	\N	\N	\N
267	\N	1	1	INV-002202	2026-06-29 23:25:05.460077	\N	\N	850.00	0.00	0.00	0.00	0	850.00	cash	2026-06-29 23:25:05.460077	12	f	f	\N	\N	take_away	percent	0.00	0.00	0.00	\N	\N	\N
256	\N	1	1	INV-002190	2026-06-29 21:07:44.857811	\N	\N	2699.00	0.00	0.00	0.00	0	2699.00	cash	2026-06-29 21:07:44.857811	12	f	f	\N	\N	take_away	percent	0.00	0.00	0.00	\N	\N	\N
257	\N	1	1	INV-002191	2026-06-29 21:27:41.115859	\N	\N	2399.00	0.00	0.00	0.00	0	2399.00	cash	2026-06-29 21:27:41.115859	12	f	f	\N	\N	take_away	percent	0.00	0.00	0.00	\N	\N	\N
282	\N	1	1	INV-002221	2026-06-30 02:51:15.878493	\N	\N	699.00	0.00	0.00	0.00	0	699.00	cash	2026-06-30 02:51:15.878493	12	f	f	\N	\N	take_away	percent	0.00	0.00	0.00	\N	\N	\N
268	\N	1	1	INV-002203	2026-06-29 23:33:34.274122	\N	\N	1850.00	0.00	0.00	0.00	0	1850.00	cash	2026-06-29 23:33:34.274122	12	f	f	\N	\N	take_away	percent	0.00	0.00	0.00	\N	\N	\N
258	\N	1	1	INV-002192	2026-06-29 21:30:38.580093	\N	\N	1699.00	0.00	0.00	0.00	0	1699.00	cash	2026-06-29 21:30:38.580093	12	f	f	\N	\N	take_away	percent	0.00	0.00	0.00	\N	\N	\N
276	\N	1	1	INV-002211	2026-06-30 00:20:32.331331	\N	\N	499.00	0.00	0.00	0.00	0	499.00	cash	2026-06-30 00:20:32.331331	12	f	f	\N	\N	take_away	percent	0.00	0.00	0.00	\N	\N	\N
259	\N	1	1	INV-002193	2026-06-29 22:07:13.809725	\N	\N	190.00	0.00	0.00	0.00	0	190.00	cash	2026-06-29 22:07:13.809725	12	f	f	\N	\N	take_away	percent	0.00	0.00	0.00	\N	\N	\N
269	\N	1	1	INV-002204	2026-06-29 23:37:42.839775	\N	\N	640.00	0.00	0.00	0.00	0	640.00	cash	2026-06-29 23:37:42.839775	12	f	f	\N	\N	take_away	percent	0.00	0.00	0.00	\N	\N	\N
260	\N	1	1	INV-002195	2026-06-29 22:38:20.852121	\N	\N	3648.00	0.00	0.00	0.00	0	3648.00	cash	2026-06-29 22:38:20.852121	12	f	f	\N	\N	take_away	percent	0.00	0.00	0.00	\N	\N	\N
261	\N	1	1	INV-002196	2026-06-29 22:53:30.073336	\N	\N	1150.00	0.00	0.00	0.00	0	1150.00	cash	2026-06-29 22:53:30.073336	12	f	f	\N	\N	take_away	percent	0.00	0.00	0.00	\N	\N	\N
287	\N	1	1	INV-002234	2026-06-30 19:18:10.409451	\N	\N	420.00	0.00	0.00	0.00	0	420.00	cash	2026-06-30 19:18:10.409451	13	f	f	\N	\N	take_away	percent	0.00	0.00	0.00	\N	\N	\N
270	\N	1	1	INV-002205	2026-06-29 23:47:53.654689	\N	\N	120.00	0.00	0.00	0.00	0	120.00	cash	2026-06-29 23:47:53.654689	12	f	f	\N	\N	take_away	percent	0.00	0.00	0.00	\N	\N	\N
262	\N	1	1	INV-002197	2026-06-29 22:58:46.611931	\N	\N	2698.00	0.00	0.00	0.00	0	2698.00	cash	2026-06-29 22:58:46.611931	12	f	f	\N	\N	take_away	percent	0.00	0.00	0.00	\N	\N	\N
277	\N	1	1	INV-002214	2026-06-30 01:05:30.113453	\N	\N	2099.00	0.00	0.00	0.00	0	2099.00	cash	2026-06-30 01:05:30.113453	12	f	f	\N	\N	take_away	percent	0.00	0.00	0.00	\N	\N	\N
263	\N	1	1	INV-002198	2026-06-29 23:12:11.819159	\N	\N	2099.00	0.00	0.00	0.00	0	2099.00	cash	2026-06-29 23:12:11.819159	12	f	f	\N	\N	take_away	percent	0.00	0.00	0.00	\N	\N	\N
271	\N	1	1	INV-002206	2026-06-29 23:49:33.835646	\N	\N	200.00	0.00	0.00	0.00	0	200.00	cash	2026-06-29 23:49:33.835646	12	f	f	\N	\N	take_away	percent	0.00	0.00	0.00	\N	\N	\N
264	\N	1	1	INV-002199	2026-06-29 23:13:47.196142	\N	\N	1650.00	0.00	0.00	0.00	0	1650.00	cash	2026-06-29 23:13:47.196142	12	f	f	\N	\N	take_away	percent	0.00	0.00	0.00	\N	\N	\N
265	\N	1	1	INV-002200	2026-06-29 23:17:51.716335	\N	\N	200.00	0.00	0.00	0.00	0	200.00	cash	2026-06-29 23:17:51.716335	12	f	f	\N	\N	take_away	percent	0.00	0.00	0.00	\N	\N	\N
283	\N	1	1	INV-002225	2026-06-30 14:24:09.461957	\N	\N	1099.00	0.00	0.00	0.00	0	1099.00	cash	2026-06-30 14:24:09.461957	13	f	f	\N	\N	take_away	percent	0.00	0.00	0.00	\N	\N	\N
278	\N	1	1	INV-002215	2026-06-30 01:07:33.805069	\N	\N	1699.00	0.00	0.00	0.00	0	1699.00	cash	2026-06-30 01:07:33.805069	12	f	f	\N	\N	take_away	percent	0.00	0.00	0.00	\N	\N	\N
272	\N	1	1	INV-002207	2026-06-29 23:56:29.114008	\N	\N	4396.00	0.00	0.00	0.00	0	4396.00	cash	2026-06-29 23:56:29.114008	12	f	f	\N	\N	take_away	percent	0.00	0.00	0.00	\N	\N	\N
273	\N	1	1	INV-002208	2026-06-29 23:57:55.079609	\N	\N	599.00	0.00	0.00	0.00	0	599.00	cash	2026-06-29 23:57:55.079609	12	f	f	\N	\N	take_away	percent	0.00	0.00	0.00	\N	\N	\N
279	\N	1	1	INV-002217	2026-06-30 01:46:07.90972	\N	\N	2650.00	0.00	0.00	0.00	0	2650.00	cash	2026-06-30 01:46:07.90972	12	f	f	\N	\N	take_away	percent	0.00	0.00	0.00	\N	\N	\N
274	\N	1	1	INV-002209	2026-06-30 00:05:14.236179	\N	\N	220.00	0.00	0.00	0.00	0	220.00	cash	2026-06-30 00:05:14.236179	12	f	f	\N	\N	take_away	percent	0.00	0.00	0.00	\N	\N	\N
291	\N	1	1	INV-002240	2026-06-30 20:14:06.845428	\N	\N	1899.00	0.00	0.00	0.00	0	1899.00	cash	2026-06-30 20:14:06.845428	13	f	f	\N	\N	take_away	percent	0.00	0.00	0.00	\N	\N	\N
284	\N	1	1	INV-002226	2026-06-30 14:26:52.840767	\N	\N	120.00	0.00	0.00	0.00	0	120.00	cash	2026-06-30 14:26:52.840767	13	f	f	\N	\N	take_away	percent	0.00	0.00	0.00	\N	\N	\N
280	\N	1	1	INV-002218	2026-06-30 01:46:57.47772	\N	\N	1950.00	0.00	0.00	0.00	0	1950.00	cash	2026-06-30 01:46:57.47772	12	f	f	\N	\N	take_away	percent	0.00	0.00	0.00	\N	\N	\N
288	\N	1	1	INV-002235	2026-06-30 19:26:43.261032	\N	\N	998.00	0.00	0.00	0.00	0	998.00	cash	2026-06-30 19:26:43.261032	13	f	f	\N	\N	take_away	percent	0.00	0.00	0.00	\N	\N	\N
281	\N	1	1	INV-002219	2026-06-30 01:49:15.972435	\N	\N	200.00	0.00	0.00	0.00	0	200.00	cash	2026-06-30 01:49:15.972435	12	f	f	\N	\N	take_away	percent	0.00	0.00	0.00	\N	\N	\N
285	\N	1	1	INV-002228	2026-06-30 16:38:07.883788	\N	\N	2849.00	0.00	0.00	0.00	0	2849.00	cash	2026-06-30 16:38:07.883788	13	f	f	\N	\N	take_away	percent	0.00	0.00	0.00	\N	\N	\N
295	\N	1	1	INV-002247	2026-06-30 22:03:49.775211	\N	\N	3098.00	0.00	0.00	0.00	0	3098.00	cash	2026-06-30 22:03:49.775211	13	f	f	\N	\N	take_away	percent	0.00	0.00	0.00	\N	\N	\N
286	\N	1	1	INV-002230	2026-06-30 17:08:01.595626	\N	\N	899.00	0.00	0.00	0.00	0	899.00	cash	2026-06-30 17:08:01.595626	13	f	f	\N	\N	take_away	percent	0.00	0.00	0.00	\N	\N	\N
289	\N	1	1	INV-002236	2026-06-30 19:35:31.759229	\N	\N	1299.00	0.00	0.00	0.00	0	1299.00	cash	2026-06-30 19:35:31.759229	13	f	f	\N	\N	take_away	percent	0.00	0.00	0.00	\N	\N	\N
294	\N	1	1	INV-002246	2026-06-30 21:58:13.986045	\N	\N	3549.00	0.00	0.00	0.00	0	3549.00	cash	2026-06-30 21:58:13.986045	13	f	f	\N	\N	take_away	percent	0.00	0.00	0.00	\N	\N	\N
292	\N	1	1	INV-002244	2026-06-30 21:22:56.82132	\N	\N	1650.00	0.00	0.00	0.00	0	1650.00	cash	2026-06-30 21:22:56.82132	13	f	f	\N	\N	take_away	percent	0.00	0.00	0.00	\N	\N	\N
290	\N	1	1	INV-002237	2026-06-30 19:49:35.146355	\N	\N	5300.00	0.00	0.00	0.00	0	5300.00	cash	2026-06-30 19:49:35.146355	13	f	f	\N	\N	take_away	percent	0.00	0.00	0.00	\N	\N	\N
293	\N	1	1	INV-002245	2026-06-30 21:50:03.429217	\N	\N	3499.00	0.00	0.00	0.00	0	3499.00	cash	2026-06-30 21:50:03.429217	13	f	f	\N	\N	take_away	percent	0.00	0.00	0.00	\N	\N	\N
298	\N	1	1	INV-002252	2026-07-01 00:08:09.776737	\N	\N	2398.00	0.00	0.00	0.00	0	2398.00	cash	2026-07-01 00:08:09.776737	13	f	f	\N	\N	take_away	percent	0.00	0.00	0.00	\N	\N	\N
297	\N	1	1	INV-002250	2026-06-30 22:59:41.534388	\N	\N	1299.00	0.00	0.00	0.00	0	1299.00	cash	2026-06-30 22:59:41.534388	13	f	f	\N	\N	take_away	percent	0.00	0.00	0.00	\N	\N	\N
296	\N	1	1	INV-002248	2026-06-30 22:14:03.451917	\N	\N	440.00	0.00	0.00	0.00	0	440.00	cash	2026-06-30 22:14:03.451917	13	f	f	\N	\N	take_away	percent	0.00	0.00	0.00	\N	\N	\N
299	\N	1	1	INV-002254	2026-07-01 01:13:26.047833	\N	\N	2438.00	0.00	0.00	0.00	0	2438.00	cash	2026-07-01 01:13:26.047833	13	f	f	\N	\N	take_away	percent	0.00	0.00	0.00	\N	\N	\N
300	\N	1	1	INV-002255	2026-07-01 01:14:25.004444	\N	\N	1820.00	0.00	0.00	0.00	0	1820.00	cash	2026-07-01 01:14:25.004444	13	f	f	\N	\N	take_away	percent	0.00	0.00	0.00	\N	\N	\N
301	\N	1	1	INV-002258	2026-07-01 02:02:40.075005	\N	\N	870.00	0.00	0.00	0.00	0	870.00	cash	2026-07-01 02:02:40.075005	13	f	f	\N	\N	take_away	percent	0.00	0.00	0.00	\N	\N	\N
302	\N	1	1	INV-002263	2026-07-01 12:15:52.857137	\N	\N	499.00	0.00	0.00	0.00	0	499.00	cash	2026-07-01 12:15:52.857137	14	f	f	\N	1	dine_in	percent	0.00	0.00	0.00	\N	\N	\N
303	\N	1	1	INV-002265	2026-07-01 14:00:49.542138	\N	\N	1299.00	0.00	0.00	0.00	0	1299.00	cash	2026-07-01 14:00:49.542138	14	f	f	\N	\N	take_away	percent	0.00	0.00	0.00	\N	\N	\N
316	\N	1	1	INV-002282	2026-07-01 20:16:27.325264	\N	\N	1650.00	0.00	0.00	0.00	0	1650.00	cash	2026-07-01 20:16:27.325264	14	f	f	\N	\N	take_away	percent	0.00	0.00	0.00	\N	\N	\N
304	\N	1	1	INV-002266	2026-07-01 14:17:53.490498	\N	\N	850.00	0.00	0.00	0.00	0	850.00	cash	2026-07-01 14:17:53.490498	14	f	f	\N	\N	take_away	percent	0.00	0.00	0.00	\N	\N	\N
325	\N	1	1	INV-002291	2026-07-01 21:22:25.431186	\N	\N	2550.00	0.00	0.00	0.00	0	2550.00	cash	2026-07-01 21:22:25.431186	14	f	f	\N	1	dine_in	percent	0.00	0.00	0.00	\N	\N	\N
305	\N	1	1	INV-002268	2026-07-01 15:42:42.589676	\N	\N	1150.00	0.00	0.00	0.00	0	1150.00	cash	2026-07-01 15:42:42.589676	14	f	f	\N	\N	take_away	percent	0.00	0.00	0.00	\N	\N	\N
317	\N	1	1	INV-002283	2026-07-01 20:20:03.815038	\N	\N	799.00	0.00	0.00	0.00	0	799.00	cash	2026-07-01 20:20:03.815038	14	f	f	\N	\N	take_away	percent	0.00	0.00	0.00	\N	\N	\N
306	\N	1	1	INV-002270	2026-07-01 17:17:06.802476	\N	\N	1950.00	0.00	0.00	0.00	0	1950.00	cash	2026-07-01 17:17:06.802476	14	f	f	\N	\N	take_away	percent	0.00	0.00	0.00	\N	\N	\N
307	\N	1	1	INV-002271	2026-07-01 17:23:39.472811	\N	\N	1499.00	0.00	0.00	0.00	0	1499.00	cash	2026-07-01 17:23:39.472811	14	f	f	\N	\N	take_away	percent	0.00	0.00	0.00	\N	\N	\N
332	\N	1	1	INV-002298	2026-07-01 22:28:57.553785	\N	\N	1850.00	0.00	0.00	0.00	0	1850.00	cash	2026-07-01 22:28:57.553785	14	f	f	\N	\N	take_away	percent	0.00	0.00	0.00	\N	\N	\N
318	\N	1	1	INV-002284	2026-07-01 20:32:09.489854	\N	\N	1850.00	0.00	0.00	0.00	0	1850.00	cash	2026-07-01 20:32:09.489854	14	f	f	\N	\N	take_away	percent	0.00	0.00	0.00	\N	\N	\N
308	\N	1	1	INV-002273	2026-07-01 18:29:11.332912	\N	\N	650.00	0.00	0.00	0.00	0	650.00	cash	2026-07-01 18:29:11.332912	14	f	f	\N	\N	take_away	percent	0.00	0.00	0.00	\N	\N	\N
326	\N	1	1	INV-002292	2026-07-01 21:23:13.657759	\N	\N	1699.00	0.00	0.00	0.00	0	1699.00	cash	2026-07-01 21:23:13.657759	14	f	f	\N	\N	take_away	percent	0.00	0.00	0.00	\N	\N	\N
309	\N	1	1	INV-002274	2026-07-01 18:30:44.148043	\N	\N	599.00	0.00	0.00	0.00	0	599.00	cash	2026-07-01 18:30:44.148043	14	f	f	\N	\N	take_away	percent	0.00	0.00	0.00	\N	\N	\N
319	\N	1	1	INV-002285	2026-07-01 20:49:58.185622	\N	\N	850.00	0.00	0.00	0.00	0	850.00	cash	2026-07-01 20:49:58.185622	14	f	f	\N	\N	take_away	percent	0.00	0.00	0.00	\N	\N	\N
310	\N	1	1	INV-002275	2026-07-01 18:43:34.905592	\N	\N	1820.00	0.00	0.00	0.00	0	1820.00	cash	2026-07-01 18:43:34.905592	14	f	f	\N	\N	take_away	percent	0.00	0.00	0.00	\N	\N	\N
311	\N	1	1	INV-002276	2026-07-01 18:45:55.420555	\N	\N	1150.00	0.00	0.00	0.00	0	1150.00	cash	2026-07-01 18:45:55.420555	14	f	f	\N	\N	take_away	percent	0.00	0.00	0.00	\N	\N	\N
337	\N	1	1	INV-002304	2026-07-01 23:23:37.795412	\N	\N	1199.00	0.00	0.00	0.00	0	1199.00	cash	2026-07-01 23:23:37.795412	14	f	f	\N	\N	take_away	percent	0.00	0.00	0.00	\N	\N	\N
320	\N	1	1	INV-002286	2026-07-01 20:57:17.447513	\N	\N	1599.00	0.00	0.00	0.00	0	1599.00	cash	2026-07-01 20:57:17.447513	14	f	f	\N	\N	take_away	percent	0.00	0.00	0.00	\N	\N	\N
312	\N	1	1	INV-002277	2026-07-01 18:46:55.041705	\N	\N	1950.00	0.00	0.00	0.00	0	1950.00	cash	2026-07-01 18:46:55.041705	14	f	f	\N	\N	take_away	percent	0.00	0.00	0.00	\N	\N	\N
327	\N	1	1	INV-002293	2026-07-01 21:25:17.781967	\N	\N	1320.00	0.00	0.00	0.00	0	1320.00	cash	2026-07-01 21:25:17.781967	14	f	f	\N	\N	take_away	percent	0.00	0.00	0.00	\N	\N	\N
313	\N	1	1	INV-002278	2026-07-01 18:49:44.347259	\N	\N	2399.00	0.00	0.00	0.00	0	2399.00	cash	2026-07-01 18:49:44.347259	14	f	f	\N	\N	take_away	percent	0.00	0.00	0.00	\N	\N	\N
321	\N	1	1	INV-002287	2026-07-01 21:08:52.148418	\N	\N	1700.00	0.00	0.00	0.00	0	1700.00	cash	2026-07-01 21:08:52.148418	14	f	f	\N	\N	take_away	percent	0.00	0.00	0.00	\N	\N	\N
314	\N	1	1	INV-002280	2026-07-01 19:55:09.171631	\N	\N	390.00	0.00	0.00	0.00	0	390.00	cash	2026-07-01 19:55:09.171631	14	f	f	\N	\N	take_away	percent	0.00	0.00	0.00	\N	\N	\N
315	\N	1	1	INV-002281	2026-07-01 20:01:56.42704	\N	\N	550.00	0.00	0.00	0.00	0	550.00	cash	2026-07-01 20:01:56.42704	14	f	f	\N	\N	take_away	percent	0.00	0.00	0.00	\N	\N	\N
333	\N	1	1	INV-002300	2026-07-01 22:43:45.114834	\N	\N	799.00	0.00	0.00	0.00	0	799.00	cash	2026-07-01 22:43:45.114834	14	f	f	\N	\N	take_away	percent	0.00	0.00	0.00	\N	\N	\N
328	\N	1	1	INV-002294	2026-07-01 21:28:15.192033	\N	\N	320.00	0.00	0.00	0.00	0	320.00	cash	2026-07-01 21:28:15.192033	14	f	f	\N	\N	take_away	percent	0.00	0.00	0.00	\N	\N	\N
322	\N	1	1	INV-002288	2026-07-01 21:12:35.618742	\N	\N	1650.00	0.00	0.00	0.00	0	1650.00	cash	2026-07-01 21:12:35.618742	14	f	f	\N	\N	take_away	percent	0.00	0.00	0.00	\N	\N	\N
323	\N	1	1	INV-002289	2026-07-01 21:16:43.180715	\N	\N	2650.00	0.00	0.00	0.00	0	2650.00	cash	2026-07-01 21:16:43.180715	14	f	f	\N	\N	take_away	percent	0.00	0.00	0.00	\N	\N	\N
347	\N	1	1	INV-002315	2026-07-02 00:25:59.066938	\N	\N	480.00	0.00	0.00	0.00	0	480.00	cash	2026-07-02 00:25:59.066938	14	f	f	\N	\N	take_away	percent	0.00	0.00	0.00	\N	\N	\N
329	\N	1	1	INV-002295	2026-07-01 22:02:14.509455	\N	\N	1150.00	0.00	0.00	0.00	0	1150.00	cash	2026-07-01 22:02:14.509455	14	f	f	\N	\N	take_away	percent	0.00	0.00	0.00	\N	\N	\N
324	\N	1	1	INV-002290	2026-07-01 21:19:45.509703	\N	\N	1850.00	0.00	0.00	0.00	0	1850.00	cash	2026-07-01 21:19:45.509703	14	f	f	\N	\N	take_away	percent	0.00	0.00	0.00	\N	\N	\N
341	\N	1	1	INV-002309	2026-07-01 23:41:46.54533	\N	\N	1599.00	0.00	0.00	0.00	0	1599.00	cash	2026-07-01 23:41:46.54533	14	f	f	\N	\N	take_away	percent	0.00	0.00	0.00	\N	\N	\N
334	\N	1	1	INV-002301	2026-07-01 22:45:17.086309	\N	\N	1899.00	0.00	0.00	0.00	0	1899.00	cash	2026-07-01 22:45:17.086309	14	f	f	\N	\N	take_away	percent	0.00	0.00	0.00	\N	\N	\N
330	\N	1	1	INV-002296	2026-07-01 22:12:46.344086	\N	\N	1699.00	0.00	0.00	0.00	0	1699.00	cash	2026-07-01 22:12:46.344086	14	f	f	\N	\N	take_away	percent	0.00	0.00	0.00	\N	\N	\N
338	\N	1	1	INV-002305	2026-07-01 23:25:44.324086	\N	\N	1650.00	0.00	0.00	0.00	0	1650.00	cash	2026-07-01 23:25:44.324086	14	f	f	\N	\N	take_away	percent	0.00	0.00	0.00	\N	\N	\N
331	\N	1	1	INV-002297	2026-07-01 22:25:30.619405	\N	\N	1850.00	0.00	0.00	0.00	0	1850.00	cash	2026-07-01 22:25:30.619405	14	f	f	\N	\N	take_away	percent	0.00	0.00	0.00	\N	\N	\N
335	\N	1	1	INV-002302	2026-07-01 22:46:31.101392	\N	\N	850.00	0.00	0.00	0.00	0	850.00	cash	2026-07-01 22:46:31.101392	14	f	f	\N	\N	take_away	percent	0.00	0.00	0.00	\N	\N	\N
336	\N	1	1	INV-002303	2026-07-01 22:51:27.843207	\N	\N	599.00	0.00	0.00	0.00	0	599.00	cash	2026-07-01 22:51:27.843207	14	f	f	\N	1	dine_in	percent	0.00	0.00	0.00	\N	\N	\N
339	\N	1	1	INV-002306	2026-07-01 23:27:20.388443	\N	\N	700.00	0.00	0.00	0.00	0	700.00	cash	2026-07-01 23:27:20.388443	14	f	f	\N	\N	take_away	percent	0.00	0.00	0.00	\N	\N	\N
344	\N	1	1	INV-002312	2026-07-02 00:15:02.101076	\N	\N	1299.00	0.00	0.00	0.00	0	1299.00	cash	2026-07-02 00:15:02.101076	14	f	f	\N	\N	take_away	percent	0.00	0.00	0.00	\N	\N	\N
342	\N	1	1	INV-002310	2026-07-01 23:44:24.510648	\N	\N	400.00	0.00	0.00	0.00	0	400.00	cash	2026-07-01 23:44:24.510648	14	f	f	\N	\N	take_away	percent	0.00	0.00	0.00	\N	\N	\N
340	\N	1	1	INV-002308	2026-07-01 23:34:04.222774	\N	\N	100.00	0.00	0.00	0.00	0	100.00	cash	2026-07-01 23:34:04.222774	14	f	f	\N	\N	take_away	percent	0.00	0.00	0.00	\N	\N	\N
346	\N	1	1	INV-002314	2026-07-02 00:23:27.649053	\N	\N	1559.00	0.00	0.00	0.00	0	1559.00	cash	2026-07-02 00:23:27.649053	14	f	f	\N	\N	take_away	percent	0.00	0.00	0.00	\N	\N	\N
343	\N	1	1	INV-002311	2026-07-01 23:49:50.956028	\N	\N	290.00	0.00	0.00	0.00	0	290.00	cash	2026-07-01 23:49:50.956028	14	f	f	\N	1	dine_in	percent	0.00	0.00	0.00	\N	\N	\N
345	\N	1	1	INV-002313	2026-07-02 00:19:42.041587	\N	\N	360.00	0.00	0.00	0.00	0	360.00	cash	2026-07-02 00:19:42.041587	14	f	f	\N	\N	take_away	percent	0.00	0.00	0.00	\N	\N	\N
348	\N	1	1	INV-002316	2026-07-02 00:32:50.926562	\N	\N	2250.00	0.00	0.00	0.00	0	2250.00	cash	2026-07-02 00:32:50.926562	14	f	f	\N	\N	take_away	percent	0.00	0.00	0.00	\N	\N	\N
349	\N	1	1	INV-002319	2026-07-02 01:28:20.17634	\N	\N	599.00	0.00	0.00	0.00	0	599.00	cash	2026-07-02 01:28:20.17634	14	f	f	\N	\N	take_away	percent	0.00	0.00	0.00	\N	\N	\N
350	\N	1	1	INV-002327	2026-07-02 16:47:15.872532	\N	\N	1099.00	0.00	0.00	0.00	0	1099.00	cash	2026-07-02 16:47:15.872532	15	f	f	\N	\N	take_away	percent	0.00	0.00	0.00	\N	\N	\N
351	\N	1	1	INV-002328	2026-07-02 17:07:59.479169	\N	\N	499.00	0.00	0.00	0.00	0	499.00	cash	2026-07-02 17:07:59.479169	15	f	f	\N	\N	take_away	percent	0.00	0.00	0.00	\N	\N	\N
352	\N	1	1	INV-002329	2026-07-02 17:14:24.335873	\N	\N	2199.00	0.00	0.00	0.00	0	2199.00	cash	2026-07-02 17:14:24.335873	15	f	f	\N	\N	take_away	percent	0.00	0.00	0.00	\N	\N	\N
353	\N	1	1	INV-002330	2026-07-02 17:17:11.697746	\N	\N	499.00	0.00	0.00	0.00	0	499.00	cash	2026-07-02 17:17:11.697746	15	f	f	\N	\N	take_away	percent	0.00	0.00	0.00	\N	\N	\N
354	\N	1	1	INV-002332	2026-07-02 17:31:14.847537	\N	\N	850.00	0.00	0.00	0.00	0	850.00	cash	2026-07-02 17:31:14.847537	15	f	f	\N	\N	take_away	percent	0.00	0.00	0.00	\N	\N	\N
355	\N	1	1	INV-002334	2026-07-02 17:44:49.776895	\N	\N	1499.00	0.00	0.00	0.00	0	1499.00	cash	2026-07-02 17:44:49.776895	15	f	f	\N	\N	take_away	percent	0.00	0.00	0.00	\N	\N	\N
367	\N	1	1	INV-002356	2026-07-02 21:09:29.231033	\N	\N	1599.00	0.00	0.00	0.00	0	1599.00	cash	2026-07-02 21:09:29.231033	15	f	f	\N	\N	take_away	percent	0.00	0.00	0.00	\N	\N	\N
356	\N	1	1	INV-002336	2026-07-02 17:46:52.997206	\N	\N	1399.00	0.00	0.00	0.00	0	1399.00	cash	2026-07-02 17:46:52.997206	15	f	f	\N	\N	take_away	percent	0.00	0.00	0.00	\N	\N	\N
376	\N	1	1	INV-002365	2026-07-02 22:31:48.016514	\N	\N	850.00	0.00	0.00	0.00	0	850.00	cash	2026-07-02 22:31:48.016514	15	f	f	\N	\N	take_away	percent	0.00	0.00	0.00	\N	\N	\N
357	\N	1	1	INV-002340	2026-07-02 18:35:07.203705	\N	\N	100.00	0.00	0.00	0.00	0	100.00	cash	2026-07-02 18:35:07.203705	15	f	f	\N	\N	take_away	percent	0.00	0.00	0.00	\N	\N	\N
368	\N	1	1	INV-002357	2026-07-02 21:10:17.17784	\N	\N	1599.00	0.00	0.00	0.00	0	1599.00	cash	2026-07-02 21:10:17.17784	15	f	f	\N	\N	take_away	percent	0.00	0.00	0.00	\N	\N	\N
358	\N	1	1	INV-002343	2026-07-02 18:44:24.337951	\N	\N	700.00	0.00	0.00	0.00	0	700.00	cash	2026-07-02 18:44:24.337951	15	f	f	\N	\N	take_away	percent	0.00	0.00	0.00	\N	\N	\N
383	\N	1	1	INV-002373	2026-07-02 23:13:08.642959	\N	\N	599.00	0.00	0.00	0.00	0	599.00	cash	2026-07-02 23:13:08.642959	15	f	f	\N	\N	take_away	percent	0.00	0.00	0.00	\N	\N	\N
359	\N	1	1	INV-002347	2026-07-02 20:16:49.891664	\N	\N	499.00	0.00	0.00	0.00	0	499.00	cash	2026-07-02 20:16:49.891664	15	f	f	\N	\N	take_away	percent	0.00	0.00	0.00	\N	\N	\N
369	\N	1	1	INV-002358	2026-07-02 21:13:57.305494	\N	\N	400.00	0.00	0.00	0.00	0	400.00	cash	2026-07-02 21:13:57.305494	15	f	f	\N	\N	take_away	percent	0.00	0.00	0.00	\N	\N	\N
360	\N	1	1	INV-002348	2026-07-02 20:19:31.877785	\N	\N	1650.00	0.00	0.00	0.00	0	1650.00	cash	2026-07-02 20:19:31.877785	15	f	f	\N	\N	take_away	percent	0.00	0.00	0.00	\N	\N	\N
377	\N	1	1	INV-002366	2026-07-02 22:37:46.401656	\N	\N	1699.00	0.00	0.00	0.00	0	1699.00	cash	2026-07-02 22:37:46.401656	15	f	f	\N	\N	take_away	percent	0.00	0.00	0.00	\N	\N	\N
361	\N	1	1	INV-002349	2026-07-02 20:21:28.884975	\N	\N	1850.00	0.00	0.00	0.00	0	1850.00	cash	2026-07-02 20:21:28.884975	15	f	f	\N	\N	take_away	percent	0.00	0.00	0.00	\N	\N	\N
370	\N	1	1	INV-002359	2026-07-02 21:20:32.297318	\N	\N	1699.00	0.00	0.00	0.00	0	1699.00	cash	2026-07-02 21:20:32.297318	15	f	f	\N	\N	take_away	percent	0.00	0.00	0.00	\N	\N	\N
362	\N	1	1	INV-002350	2026-07-02 20:32:03.941034	\N	\N	750.00	0.00	0.00	0.00	0	750.00	cash	2026-07-02 20:32:03.941034	15	f	f	\N	\N	take_away	percent	0.00	0.00	0.00	\N	\N	\N
363	\N	1	1	INV-002351	2026-07-02 20:34:02.82815	\N	\N	2497.00	0.00	0.00	0.00	0	2497.00	cash	2026-07-02 20:34:02.82815	15	f	f	\N	\N	take_away	percent	0.00	0.00	0.00	\N	\N	\N
371	\N	1	1	INV-002360	2026-07-02 21:21:44.071098	\N	\N	2650.00	0.00	0.00	0.00	0	2650.00	cash	2026-07-02 21:21:44.071098	15	f	f	\N	\N	take_away	percent	0.00	0.00	0.00	\N	\N	\N
364	\N	1	1	INV-002352	2026-07-02 20:38:53.276732	\N	\N	2099.00	0.00	0.00	0.00	0	2099.00	cash	2026-07-02 20:38:53.276732	15	f	f	\N	\N	take_away	percent	0.00	0.00	0.00	\N	\N	\N
378	\N	1	1	INV-002367	2026-07-02 22:40:47.121669	\N	\N	1099.00	0.00	0.00	0.00	0	1099.00	cash	2026-07-02 22:40:47.121669	15	f	f	\N	\N	take_away	percent	0.00	0.00	0.00	\N	\N	\N
365	\N	1	1	INV-002353	2026-07-02 20:44:18.722365	\N	\N	170.00	0.00	0.00	0.00	0	170.00	cash	2026-07-02 20:44:18.722365	15	f	f	\N	\N	take_away	percent	0.00	0.00	0.00	\N	\N	\N
372	\N	1	1	INV-002361	2026-07-02 21:27:53.925303	\N	\N	1650.00	0.00	0.00	0.00	0	1650.00	cash	2026-07-02 21:27:53.925303	15	f	f	\N	\N	take_away	percent	0.00	0.00	0.00	\N	\N	\N
366	\N	1	1	INV-002355	2026-07-02 21:05:23.817461	\N	\N	1650.00	0.00	0.00	0.00	0	1650.00	cash	2026-07-02 21:05:23.817461	15	f	f	\N	\N	take_away	percent	0.00	0.00	0.00	\N	\N	\N
388	\N	1	1	INV-002379	2026-07-03 00:22:19.804498	\N	\N	220.00	0.00	0.00	0.00	0	220.00	cash	2026-07-03 00:22:19.804498	15	f	f	\N	\N	take_away	percent	0.00	0.00	0.00	\N	\N	\N
384	\N	1	1	INV-002374	2026-07-02 23:18:19.597163	\N	\N	200.00	0.00	0.00	0.00	0	200.00	cash	2026-07-02 23:18:19.597163	15	f	f	\N	\N	take_away	percent	0.00	0.00	0.00	\N	\N	\N
373	\N	1	1	INV-002362	2026-07-02 21:32:49.096353	\N	\N	1299.00	0.00	0.00	0.00	0	1299.00	cash	2026-07-02 21:32:49.096353	15	f	f	\N	\N	take_away	percent	0.00	0.00	0.00	\N	\N	\N
379	\N	1	1	INV-002368	2026-07-02 22:43:32.729904	\N	\N	170.00	0.00	0.00	0.00	0	170.00	cash	2026-07-02 22:43:32.729904	15	f	f	\N	\N	take_away	percent	0.00	0.00	0.00	\N	\N	\N
374	\N	1	1	INV-002363	2026-07-02 22:07:23.288728	\N	\N	1299.00	0.00	0.00	0.00	0	1299.00	cash	2026-07-02 22:07:23.288728	15	f	f	\N	\N	take_away	percent	0.00	0.00	0.00	\N	\N	\N
375	\N	1	1	INV-002364	2026-07-02 22:25:50.53142	\N	\N	699.00	0.00	0.00	0.00	0	699.00	cash	2026-07-02 22:25:50.53142	15	f	f	\N	\N	take_away	percent	0.00	0.00	0.00	\N	\N	\N
380	\N	1	1	INV-002369	2026-07-02 22:46:55.719579	\N	\N	200.00	0.00	0.00	0.00	0	200.00	cash	2026-07-02 22:46:55.719579	15	f	f	\N	\N	take_away	percent	0.00	0.00	0.00	\N	\N	\N
397	\N	1	1	INV-002406	2026-07-03 17:58:19.335365	\N	\N	550.00	0.00	0.00	0.00	0	550.00	cash	2026-07-03 17:58:19.335365	16	f	f	\N	\N	take_away	percent	0.00	0.00	0.00	\N	\N	\N
385	\N	1	1	INV-002375	2026-07-02 23:19:38.600162	\N	\N	200.00	0.00	0.00	0.00	0	200.00	cash	2026-07-02 23:19:38.600162	15	f	f	\N	\N	take_away	percent	0.00	0.00	0.00	\N	\N	\N
381	\N	1	1	INV-002370	2026-07-02 22:47:29.312223	\N	\N	1650.00	0.00	0.00	0.00	0	1650.00	cash	2026-07-02 22:47:29.312223	15	f	f	\N	\N	take_away	percent	0.00	0.00	0.00	\N	\N	\N
391	\N	1	1	INV-002394	2026-07-03 15:41:04.985097	\N	\N	1099.00	0.00	0.00	0.00	0	1099.00	cash	2026-07-03 15:41:04.985097	16	f	f	\N	\N	take_away	percent	0.00	0.00	0.00	\N	\N	\N
382	\N	1	1	INV-002371	2026-07-02 22:48:13.960992	\N	\N	1650.00	0.00	0.00	0.00	0	1650.00	cash	2026-07-02 22:48:13.960992	15	f	f	\N	\N	take_away	percent	0.00	0.00	0.00	\N	\N	\N
389	\N	1	1	INV-002391	2026-07-03 14:20:30.650496	\N	\N	799.00	0.00	0.00	0.00	0	799.00	cash	2026-07-03 14:20:30.650496	16	f	f	\N	\N	take_away	percent	0.00	0.00	0.00	\N	\N	\N
386	\N	1	1	INV-002376	2026-07-02 23:37:35.745549	\N	\N	220.00	0.00	0.00	0.00	0	220.00	cash	2026-07-02 23:37:35.745549	15	f	f	\N	\N	take_away	percent	0.00	0.00	0.00	\N	\N	\N
387	\N	1	1	INV-002377	2026-07-02 23:38:42.968715	\N	\N	100.00	0.00	0.00	0.00	0	100.00	cash	2026-07-02 23:38:42.968715	15	f	f	\N	\N	take_away	percent	0.00	0.00	0.00	\N	\N	\N
394	\N	1	1	INV-002400	2026-07-03 17:34:50.030523	\N	\N	599.00	0.00	0.00	0.00	0	599.00	cash	2026-07-03 17:34:50.030523	16	f	f	\N	\N	take_away	percent	0.00	0.00	0.00	\N	\N	\N
392	\N	1	1	INV-002396	2026-07-03 16:22:41.925939	\N	2	1650.00	0.00	0.00	0.00	0	1650.00	cash	2026-07-03 16:22:41.925939	16	f	f	\N	\N	delivery	percent	0.00	0.00	0.00	\N	\N	\N
390	\N	1	1	INV-002393	2026-07-03 15:23:16.17258	\N	\N	2258.00	0.00	0.00	0.00	0	2258.00	cash	2026-07-03 15:23:16.17258	16	f	f	\N	\N	take_away	percent	0.00	0.00	0.00	\N	\N	\N
396	\N	1	1	INV-002403	2026-07-03 17:43:03.201675	\N	\N	2098.00	0.00	0.00	0.00	0	2098.00	cash	2026-07-03 17:43:03.201675	16	f	f	\N	\N	take_away	percent	0.00	0.00	0.00	\N	\N	\N
393	\N	1	1	INV-002399	2026-07-03 17:34:25.479243	\N	\N	650.00	0.00	0.00	0.00	0	650.00	cash	2026-07-03 17:34:25.479243	16	f	f	\N	\N	take_away	percent	0.00	0.00	0.00	\N	\N	\N
395	\N	1	1	INV-002401	2026-07-03 17:38:01.135059	\N	\N	2150.00	0.00	0.00	0.00	0	2150.00	cash	2026-07-03 17:38:01.135059	16	f	f	\N	\N	take_away	percent	0.00	0.00	0.00	\N	\N	\N
398	\N	1	1	INV-002408	2026-07-03 18:26:28.944901	\N	\N	3500.00	0.00	0.00	0.00	0	3500.00	cash	2026-07-03 18:26:28.944901	16	f	f	\N	\N	take_away	percent	0.00	0.00	0.00	\N	\N	\N
399	\N	1	1	INV-002409	2026-07-03 19:00:50.902655	\N	\N	1499.00	0.00	0.00	0.00	0	1499.00	cash	2026-07-03 19:00:50.902655	16	f	f	\N	\N	take_away	percent	0.00	0.00	0.00	\N	\N	\N
400	\N	1	1	INV-002410	2026-07-03 19:04:05.544964	\N	\N	1650.00	0.00	0.00	0.00	0	1650.00	cash	2026-07-03 19:04:05.544964	16	f	f	\N	\N	take_away	percent	0.00	0.00	0.00	\N	\N	\N
401	\N	1	1	INV-002411	2026-07-03 19:05:09.177915	\N	\N	599.00	0.00	0.00	0.00	0	599.00	cash	2026-07-03 19:05:09.177915	16	f	f	\N	\N	take_away	percent	0.00	0.00	0.00	\N	\N	\N
402	\N	1	1	INV-002412	2026-07-03 19:28:32.458616	\N	\N	1650.00	0.00	0.00	0.00	0	1650.00	cash	2026-07-03 19:28:32.458616	16	f	f	\N	\N	take_away	percent	0.00	0.00	0.00	\N	\N	\N
403	\N	1	1	INV-002413	2026-07-03 19:31:35.274468	\N	\N	750.00	0.00	0.00	0.00	0	750.00	cash	2026-07-03 19:31:35.274468	16	f	f	\N	\N	take_away	percent	0.00	0.00	0.00	\N	\N	\N
404	\N	1	1	INV-002414	2026-07-03 19:34:07.722413	\N	\N	2150.00	0.00	0.00	0.00	0	2150.00	cash	2026-07-03 19:34:07.722413	16	f	f	\N	\N	take_away	percent	0.00	0.00	0.00	\N	\N	\N
405	\N	1	1	INV-002415	2026-07-03 19:35:57.063758	\N	\N	1150.00	0.00	0.00	0.00	0	1150.00	cash	2026-07-03 19:35:57.063758	16	f	f	\N	1	dine_in	percent	0.00	0.00	0.00	\N	\N	\N
417	\N	1	1	INV-002427	2026-07-03 20:40:26.539096	\N	\N	399.00	0.00	0.00	0.00	0	399.00	cash	2026-07-03 20:40:26.539096	16	f	f	\N	\N	take_away	percent	0.00	0.00	0.00	\N	\N	\N
406	\N	1	1	INV-002416	2026-07-03 19:36:29.273358	\N	\N	1699.00	0.00	0.00	0.00	0	1699.00	cash	2026-07-03 19:36:29.273358	16	f	f	\N	\N	take_away	percent	0.00	0.00	0.00	\N	\N	\N
426	\N	1	1	INV-002437	2026-07-03 21:20:00.579878	\N	\N	190.00	0.00	0.00	0.00	0	190.00	cash	2026-07-03 21:20:00.579878	16	f	f	\N	\N	take_away	percent	0.00	0.00	0.00	\N	\N	\N
407	\N	1	1	INV-002417	2026-07-03 19:38:37.902642	\N	\N	1880.00	0.00	0.00	0.00	0	1880.00	cash	2026-07-03 19:38:37.902642	16	f	f	\N	\N	take_away	percent	0.00	0.00	0.00	\N	\N	\N
418	\N	1	1	INV-002428	2026-07-03 20:43:31.812181	\N	\N	2250.00	0.00	0.00	0.00	0	2250.00	cash	2026-07-03 20:43:31.812181	16	f	f	\N	\N	take_away	percent	0.00	0.00	0.00	\N	\N	\N
408	\N	1	1	INV-002418	2026-07-03 19:39:29.221414	\N	\N	1299.00	0.00	0.00	0.00	0	1299.00	cash	2026-07-03 19:39:29.221414	16	f	f	\N	\N	take_away	percent	0.00	0.00	0.00	\N	\N	\N
441	\N	1	1	INV-002454	2026-07-03 23:45:21.264481	\N	\N	499.00	0.00	0.00	0.00	0	499.00	cash	2026-07-03 23:45:21.264481	16	f	f	\N	\N	take_away	percent	0.00	0.00	0.00	\N	\N	\N
433	\N	1	1	INV-002444	2026-07-03 21:52:22.065136	\N	\N	1650.00	0.00	0.00	0.00	0	1650.00	cash	2026-07-03 21:52:22.065136	16	f	f	\N	\N	take_away	percent	0.00	0.00	0.00	\N	\N	\N
409	\N	1	1	INV-002419	2026-07-03 19:44:37.143057	\N	\N	1598.00	0.00	0.00	0.00	0	1598.00	cash	2026-07-03 19:44:37.143057	16	f	f	\N	\N	take_away	percent	0.00	0.00	0.00	\N	\N	\N
419	\N	1	1	INV-002429	2026-07-03 20:48:28.443316	\N	\N	2299.00	0.00	0.00	0.00	0	2299.00	cash	2026-07-03 20:48:28.443316	16	f	f	\N	\N	take_away	percent	0.00	0.00	0.00	\N	\N	\N
410	\N	1	1	INV-002420	2026-07-03 19:59:41.662632	\N	\N	1889.00	0.00	0.00	0.00	0	1889.00	cash	2026-07-03 19:59:41.662632	16	f	f	\N	\N	take_away	percent	0.00	0.00	0.00	\N	\N	\N
427	\N	1	1	INV-002438	2026-07-03 21:22:36.423349	\N	\N	660.00	0.00	0.00	0.00	0	660.00	cash	2026-07-03 21:22:36.423349	16	f	f	\N	\N	take_away	percent	0.00	0.00	0.00	\N	\N	\N
411	\N	1	1	INV-002421	2026-07-03 20:05:49.754797	\N	\N	2399.00	0.00	0.00	0.00	0	2399.00	cash	2026-07-03 20:05:49.754797	16	f	f	\N	\N	take_away	percent	0.00	0.00	0.00	\N	\N	\N
420	\N	1	1	INV-002430	2026-07-03 20:54:09.068432	\N	\N	1650.00	0.00	0.00	0.00	0	1650.00	cash	2026-07-03 20:54:09.068432	16	f	f	\N	\N	take_away	percent	0.00	0.00	0.00	\N	\N	\N
412	\N	1	1	INV-002422	2026-07-03 20:34:41.613121	\N	\N	1099.00	0.00	0.00	0.00	0	1099.00	cash	2026-07-03 20:34:41.613121	16	f	f	\N	\N	take_away	percent	0.00	0.00	0.00	\N	\N	\N
413	\N	1	1	INV-002423	2026-07-03 20:35:33.713249	\N	\N	1199.00	0.00	0.00	0.00	0	1199.00	cash	2026-07-03 20:35:33.713249	16	f	f	\N	\N	take_away	percent	0.00	0.00	0.00	\N	\N	\N
421	\N	1	1	INV-002431	2026-07-03 20:57:07.747116	\N	\N	1048.00	0.00	0.00	0.00	0	1048.00	cash	2026-07-03 20:57:07.747116	16	f	f	\N	\N	take_away	percent	0.00	0.00	0.00	\N	\N	\N
414	\N	1	1	INV-002424	2026-07-03 20:36:06.088541	\N	\N	1650.00	0.00	0.00	0.00	0	1650.00	cash	2026-07-03 20:36:06.088541	16	f	f	\N	\N	take_away	percent	0.00	0.00	0.00	\N	\N	\N
428	\N	1	1	INV-002439	2026-07-03 21:30:47.639482	\N	\N	1650.00	0.00	0.00	0.00	0	1650.00	cash	2026-07-03 21:30:47.639482	16	f	f	\N	\N	take_away	percent	0.00	0.00	0.00	\N	\N	\N
415	\N	1	1	INV-002425	2026-07-03 20:37:10.367028	\N	\N	1199.00	0.00	0.00	0.00	0	1199.00	cash	2026-07-03 20:37:10.367028	16	f	f	\N	\N	take_away	percent	0.00	0.00	0.00	\N	\N	\N
422	\N	1	1	INV-002433	2026-07-03 21:08:07.5259	\N	\N	1150.00	0.00	0.00	0.00	0	1150.00	cash	2026-07-03 21:08:07.5259	16	f	f	\N	\N	take_away	percent	0.00	0.00	0.00	\N	\N	\N
416	\N	1	1	INV-002426	2026-07-03 20:39:40.799665	\N	\N	1650.00	0.00	0.00	0.00	0	1650.00	cash	2026-07-03 20:39:40.799665	16	f	f	\N	\N	take_away	percent	0.00	0.00	0.00	\N	\N	\N
438	\N	1	1	INV-002450	2026-07-03 22:58:59.805729	\N	\N	1268.00	0.00	0.00	0.00	0	1268.00	cash	2026-07-03 22:58:59.805729	16	f	f	\N	\N	take_away	percent	0.00	0.00	0.00	\N	\N	\N
434	\N	1	1	INV-002445	2026-07-03 21:53:36.012059	\N	\N	1619.00	0.00	0.00	0.00	0	1619.00	cash	2026-07-03 21:53:36.012059	16	f	f	\N	\N	take_away	percent	0.00	0.00	0.00	\N	\N	\N
423	\N	1	1	INV-002434	2026-07-03 21:15:29.550364	\N	\N	1600.00	0.00	0.00	0.00	0	1600.00	cash	2026-07-03 21:15:29.550364	16	f	f	\N	\N	take_away	percent	0.00	0.00	0.00	\N	\N	\N
429	\N	1	1	INV-002440	2026-07-03 21:31:12.729099	\N	\N	1650.00	0.00	0.00	0.00	0	1650.00	cash	2026-07-03 21:31:12.729099	16	f	f	\N	\N	take_away	percent	0.00	0.00	0.00	\N	\N	\N
424	\N	1	1	INV-002435	2026-07-03 21:18:39.35653	\N	\N	1399.00	0.00	0.00	0.00	0	1399.00	cash	2026-07-03 21:18:39.35653	16	f	f	\N	\N	take_away	percent	0.00	0.00	0.00	\N	\N	\N
425	\N	1	1	INV-002436	2026-07-03 21:19:20.244722	\N	\N	1650.00	0.00	0.00	0.00	0	1650.00	cash	2026-07-03 21:19:20.244722	16	f	f	\N	\N	take_away	percent	0.00	0.00	0.00	\N	\N	\N
430	\N	1	1	INV-002441	2026-07-03 21:46:04.162972	\N	\N	2099.00	0.00	0.00	0.00	0	2099.00	cash	2026-07-03 21:46:04.162972	16	f	f	\N	\N	take_away	percent	0.00	0.00	0.00	\N	\N	\N
435	\N	1	1	INV-002446	2026-07-03 21:57:24.068139	\N	\N	2650.00	0.00	0.00	0.00	0	2650.00	cash	2026-07-03 21:57:24.068139	16	f	f	\N	\N	take_away	percent	0.00	0.00	0.00	\N	\N	\N
431	\N	1	1	INV-002442	2026-07-03 21:49:55.342382	\N	\N	2150.00	0.00	0.00	0.00	0	2150.00	cash	2026-07-03 21:49:55.342382	16	f	f	\N	\N	take_away	percent	0.00	0.00	0.00	\N	\N	\N
432	\N	1	1	INV-002443	2026-07-03 21:51:34.051304	\N	\N	1650.00	0.00	0.00	0.00	0	1650.00	cash	2026-07-03 21:51:34.051304	16	f	f	\N	\N	take_away	percent	0.00	0.00	0.00	\N	\N	\N
439	\N	1	1	INV-002452	2026-07-03 23:38:38.717576	\N	\N	2549.00	0.00	0.00	0.00	0	2549.00	cash	2026-07-03 23:38:38.717576	16	f	f	\N	\N	take_away	percent	0.00	0.00	0.00	\N	\N	\N
436	\N	1	1	INV-002448	2026-07-03 22:45:17.504611	\N	\N	880.00	0.00	0.00	0.00	0	880.00	cash	2026-07-03 22:45:17.504611	16	f	f	\N	\N	take_away	percent	0.00	0.00	0.00	\N	\N	\N
442	\N	1	1	INV-002455	2026-07-04 00:22:39.305052	\N	\N	1699.00	0.00	0.00	0.00	0	1699.00	cash	2026-07-04 00:22:39.305052	16	f	f	\N	\N	take_away	percent	0.00	0.00	0.00	\N	\N	\N
437	\N	1	1	INV-002449	2026-07-03 22:48:58.595716	\N	\N	799.00	0.00	0.00	0.00	0	799.00	cash	2026-07-03 22:48:58.595716	16	f	f	\N	\N	take_away	percent	0.00	0.00	0.00	\N	\N	\N
440	\N	1	1	INV-002453	2026-07-03 23:40:38.194254	\N	\N	220.00	0.00	0.00	0.00	0	220.00	cash	2026-07-03 23:40:38.194254	16	f	f	\N	\N	take_away	percent	0.00	0.00	0.00	\N	\N	\N
445	\N	1	1	INV-002458	2026-07-04 01:04:31.737869	\N	\N	1399.00	0.00	0.00	0.00	0	1399.00	cash	2026-07-04 01:04:31.737869	16	f	f	\N	\N	take_away	percent	0.00	0.00	0.00	\N	\N	\N
444	\N	1	1	INV-002457	2026-07-04 01:03:56.238523	\N	\N	220.00	0.00	0.00	0.00	0	220.00	cash	2026-07-04 01:03:56.238523	16	f	f	\N	\N	take_away	percent	0.00	0.00	0.00	\N	\N	\N
443	\N	1	1	INV-002456	2026-07-04 00:49:13.758812	\N	\N	599.00	0.00	0.00	0.00	0	599.00	cash	2026-07-04 00:49:13.758812	16	f	f	\N	\N	take_away	percent	0.00	0.00	0.00	\N	\N	\N
448	\N	1	1	INV-002465	2026-07-04 15:00:38.515373	\N	\N	799.00	0.00	0.00	0.00	0	799.00	cash	2026-07-04 15:00:38.515373	17	f	f	\N	\N	take_away	percent	0.00	0.00	0.00	\N	\N	\N
447	\N	1	1	INV-002464	2026-07-04 14:31:25.929086	\N	\N	399.00	0.00	0.00	0.00	0	399.00	cash	2026-07-04 14:31:25.929086	17	f	f	\N	\N	take_away	percent	0.00	0.00	0.00	\N	\N	\N
446	\N	1	1	INV-002460	2026-07-04 01:55:59.443987	\N	\N	889.00	0.00	0.00	0.00	0	889.00	cash	2026-07-04 01:55:59.443987	16	f	f	\N	\N	take_away	percent	0.00	0.00	0.00	\N	\N	\N
449	\N	1	1	INV-002466	2026-07-04 15:26:33.601814	\N	\N	1650.00	0.00	0.00	0.00	0	1650.00	cash	2026-07-04 15:26:33.601814	17	f	f	\N	\N	take_away	percent	0.00	0.00	0.00	\N	\N	\N
450	\N	1	1	INV-002468	2026-07-04 16:48:30.105391	\N	\N	1700.00	0.00	0.00	0.00	0	1700.00	cash	2026-07-04 16:48:30.105391	17	f	f	\N	\N	take_away	percent	0.00	0.00	0.00	\N	\N	\N
451	\N	1	1	INV-002469	2026-07-04 17:05:42.718405	\N	\N	1650.00	0.00	0.00	0.00	0	1650.00	cash	2026-07-04 17:05:42.718405	17	f	f	\N	\N	take_away	percent	0.00	0.00	0.00	\N	\N	\N
452	\N	1	1	INV-002470	2026-07-04 17:37:22.198352	\N	\N	1699.00	0.00	0.00	0.00	0	1699.00	cash	2026-07-04 17:37:22.198352	17	f	f	\N	\N	take_away	percent	0.00	0.00	0.00	\N	\N	\N
453	\N	1	1	INV-002472	2026-07-04 18:56:57.365001	\N	3	2099.00	0.00	0.00	0.00	0	2099.00	cash	2026-07-04 18:56:57.365001	17	f	f	\N	\N	delivery	percent	0.00	0.00	0.00	\N	\N	\N
454	\N	1	1	INV-002473	2026-07-04 19:19:54.232743	\N	\N	499.00	0.00	0.00	0.00	0	499.00	cash	2026-07-04 19:19:54.232743	17	f	f	\N	\N	take_away	percent	0.00	0.00	0.00	\N	\N	\N
455	\N	1	1	INV-002474	2026-07-04 19:23:50.720634	\N	\N	499.00	0.00	0.00	0.00	0	499.00	cash	2026-07-04 19:23:50.720634	17	f	f	\N	\N	take_away	percent	0.00	0.00	0.00	\N	\N	\N
467	\N	1	1	INV-002493	2026-07-04 21:13:06.686816	\N	\N	710.00	0.00	0.00	0.00	0	710.00	cash	2026-07-04 21:13:06.686816	17	f	f	\N	\N	take_away	percent	0.00	0.00	0.00	\N	\N	\N
456	\N	1	1	INV-002475	2026-07-04 19:30:27.745138	\N	\N	2877.00	0.00	0.00	0.00	0	2877.00	cash	2026-07-04 19:30:27.745138	17	f	f	\N	\N	take_away	percent	0.00	0.00	0.00	\N	\N	\N
476	\N	1	1	INV-002505	2026-07-04 22:38:40.67967	\N	\N	1950.00	0.00	0.00	0.00	0	1950.00	cash	2026-07-04 22:38:40.67967	17	f	f	\N	\N	take_away	percent	0.00	0.00	0.00	\N	\N	\N
457	\N	1	1	INV-002476	2026-07-04 19:36:53.633639	\N	\N	599.00	0.00	0.00	0.00	0	599.00	cash	2026-07-04 19:36:53.633639	17	f	f	\N	\N	take_away	percent	0.00	0.00	0.00	\N	\N	\N
468	\N	1	1	INV-002494	2026-07-04 21:19:59.501686	\N	\N	399.00	0.00	0.00	0.00	0	399.00	cash	2026-07-04 21:19:59.501686	17	f	f	\N	\N	take_away	percent	0.00	0.00	0.00	\N	\N	\N
458	\N	1	1	INV-002477	2026-07-04 19:37:56.038187	\N	\N	499.00	0.00	0.00	0.00	0	499.00	cash	2026-07-04 19:37:56.038187	17	f	f	\N	\N	take_away	percent	0.00	0.00	0.00	\N	\N	\N
483	\N	1	1	INV-002518	2026-07-05 00:26:30.740659	\N	\N	100.00	0.00	0.00	0.00	0	100.00	cash	2026-07-05 00:26:30.740659	17	f	f	\N	\N	take_away	percent	0.00	0.00	0.00	\N	\N	\N
459	\N	1	1	INV-002478	2026-07-04 19:49:33.728005	\N	\N	1650.00	0.00	0.00	0.00	0	1650.00	cash	2026-07-04 19:49:33.728005	17	f	f	\N	\N	take_away	percent	0.00	0.00	0.00	\N	\N	\N
469	\N	1	1	INV-002495	2026-07-04 21:20:36.178864	\N	\N	1299.00	0.00	0.00	0.00	0	1299.00	cash	2026-07-04 21:20:36.178864	17	f	f	\N	1	dine_in	percent	0.00	0.00	0.00	\N	\N	\N
460	\N	1	1	INV-002479	2026-07-04 19:53:21.385593	\N	\N	3300.00	0.00	0.00	0.00	0	3300.00	cash	2026-07-04 19:53:21.385593	17	f	f	\N	\N	take_away	percent	0.00	0.00	0.00	\N	\N	\N
477	\N	1	1	INV-002506	2026-07-04 22:40:10.087306	\N	\N	1499.00	0.00	0.00	0.00	0	1499.00	cash	2026-07-04 22:40:10.087306	17	f	f	\N	\N	take_away	percent	0.00	0.00	0.00	\N	\N	\N
461	\N	1	1	INV-002484	2026-07-04 20:04:11.785462	\N	\N	3499.00	0.00	0.00	0.00	0	3499.00	cash	2026-07-04 20:04:11.785462	17	f	f	\N	\N	take_away	percent	0.00	0.00	0.00	\N	\N	\N
470	\N	1	1	INV-002497	2026-07-04 21:29:13.894394	\N	\N	2949.00	0.00	0.00	0.00	0	2949.00	cash	2026-07-04 21:29:13.894394	17	f	f	\N	\N	take_away	percent	0.00	0.00	0.00	\N	\N	\N
462	\N	1	1	INV-002487	2026-07-04 20:17:36.835322	\N	\N	1899.00	0.00	0.00	0.00	0	1899.00	cash	2026-07-04 20:17:36.835322	17	f	f	\N	\N	take_away	percent	0.00	0.00	0.00	\N	\N	\N
487	\N	1	1	INV-002523	2026-07-05 01:48:27.622812	\N	\N	1299.00	0.00	0.00	0.00	0	1299.00	cash	2026-07-05 01:48:27.622812	17	f	f	\N	\N	take_away	percent	0.00	0.00	0.00	\N	\N	\N
463	\N	1	1	INV-002488	2026-07-04 20:19:37.03673	\N	\N	390.00	0.00	0.00	0.00	0	390.00	cash	2026-07-04 20:19:37.03673	17	f	f	\N	\N	take_away	percent	0.00	0.00	0.00	\N	\N	\N
471	\N	1	1	INV-002498	2026-07-04 21:37:00.064457	\N	\N	320.00	0.00	0.00	0.00	0	320.00	cash	2026-07-04 21:37:00.064457	17	f	f	\N	\N	take_away	percent	0.00	0.00	0.00	\N	\N	\N
464	\N	1	1	INV-002489	2026-07-04 20:20:26.114146	\N	\N	1199.00	0.00	0.00	0.00	0	1199.00	cash	2026-07-04 20:20:26.114146	17	f	f	\N	\N	take_away	percent	0.00	0.00	0.00	\N	\N	\N
478	\N	1	1	INV-002510	2026-07-04 23:25:35.342696	\N	\N	220.00	0.00	0.00	0.00	0	220.00	cash	2026-07-04 23:25:35.342696	17	f	f	\N	1	dine_in	percent	0.00	0.00	0.00	\N	\N	\N
465	\N	1	1	INV-002491	2026-07-04 20:55:54.119446	\N	\N	2099.00	0.00	0.00	0.00	0	2099.00	cash	2026-07-04 20:55:54.119446	17	f	f	\N	\N	take_away	percent	0.00	0.00	0.00	\N	\N	\N
472	\N	1	1	INV-002499	2026-07-04 21:53:27.715106	\N	\N	399.00	0.00	0.00	0.00	0	399.00	cash	2026-07-04 21:53:27.715106	17	f	f	\N	\N	take_away	percent	0.00	0.00	0.00	\N	\N	\N
466	\N	1	1	INV-002492	2026-07-04 21:01:50.856654	\N	\N	2949.00	0.00	0.00	0.00	0	2949.00	cash	2026-07-04 21:01:50.856654	17	f	f	\N	\N	take_away	percent	0.00	0.00	0.00	\N	\N	\N
484	\N	1	1	INV-002519	2026-07-05 00:29:25.303778	\N	\N	499.00	0.00	0.00	0.00	0	499.00	cash	2026-07-05 00:29:25.303778	17	f	f	\N	\N	take_away	percent	0.00	0.00	0.00	\N	\N	\N
473	\N	1	1	INV-002501	2026-07-04 22:00:15.266891	\N	\N	399.00	0.00	0.00	0.00	0	399.00	cash	2026-07-04 22:00:15.266891	17	f	f	\N	\N	take_away	percent	0.00	0.00	0.00	\N	\N	\N
479	\N	1	1	INV-002511	2026-07-04 23:32:43.28552	\N	\N	1650.00	0.00	0.00	0.00	0	1650.00	cash	2026-07-04 23:32:43.28552	17	f	f	\N	\N	take_away	percent	0.00	0.00	0.00	\N	\N	\N
474	\N	1	1	INV-002503	2026-07-04 22:31:01.804929	\N	\N	2099.00	0.00	0.00	0.00	0	2099.00	cash	2026-07-04 22:31:01.804929	17	f	f	\N	\N	take_away	percent	0.00	0.00	0.00	\N	\N	\N
497	\N	1	1	INV-002543	2026-07-05 18:55:40.144938	\N	\N	799.00	0.00	0.00	0.00	0	799.00	cash	2026-07-05 18:55:40.144938	18	f	f	\N	\N	take_away	percent	0.00	0.00	0.00	\N	\N	\N
475	\N	1	1	INV-002504	2026-07-04 22:32:26.511613	\N	\N	400.00	0.00	0.00	0.00	0	400.00	cash	2026-07-04 22:32:26.511613	17	f	f	\N	\N	take_away	percent	0.00	0.00	0.00	\N	\N	\N
480	\N	1	1	INV-002512	2026-07-04 23:53:04.75483	\N	\N	1348.00	0.00	0.00	0.00	0	1348.00	cash	2026-07-04 23:53:04.75483	17	f	f	\N	\N	take_away	percent	0.00	0.00	0.00	\N	\N	\N
491	\N	1	1	INV-002536	2026-07-05 17:00:56.473381	\N	\N	599.00	0.00	0.00	0.00	0	599.00	cash	2026-07-05 17:00:56.473381	18	f	f	\N	\N	take_away	percent	0.00	0.00	0.00	\N	\N	\N
485	\N	1	1	INV-002520	2026-07-05 00:49:04.68334	\N	\N	599.00	0.00	0.00	0.00	0	599.00	cash	2026-07-05 00:49:04.68334	17	f	f	\N	\N	take_away	percent	0.00	0.00	0.00	\N	\N	\N
481	\N	1	1	INV-002513	2026-07-04 23:58:46.828137	\N	\N	2099.00	0.00	0.00	0.00	0	2099.00	cash	2026-07-04 23:58:46.828137	17	f	f	\N	\N	take_away	percent	0.00	0.00	0.00	\N	\N	\N
488	\N	1	1	INV-002529	2026-07-05 14:14:29.525653	\N	\N	850.00	0.00	0.00	0.00	0	850.00	cash	2026-07-05 14:14:29.525653	18	f	f	\N	\N	take_away	percent	0.00	0.00	0.00	\N	\N	\N
482	\N	1	1	INV-002517	2026-07-05 00:25:46.10546	\N	\N	1200.00	0.00	0.00	0.00	0	1200.00	cash	2026-07-05 00:25:46.10546	17	f	f	\N	\N	take_away	percent	0.00	0.00	0.00	\N	\N	\N
486	\N	1	1	INV-002521	2026-07-05 01:08:55.193926	\N	\N	1150.00	0.00	0.00	0.00	0	1150.00	cash	2026-07-05 01:08:55.193926	17	f	f	\N	\N	take_away	percent	0.00	0.00	0.00	\N	\N	\N
489	\N	1	1	INV-002531	2026-07-05 14:46:50.339551	\N	\N	1650.00	0.00	0.00	0.00	0	1650.00	cash	2026-07-05 14:46:50.339551	18	f	f	\N	\N	take_away	percent	0.00	0.00	0.00	\N	\N	\N
494	\N	1	1	INV-002539	2026-07-05 17:56:26.995556	\N	\N	1950.00	0.00	0.00	0.00	0	1950.00	cash	2026-07-05 17:56:26.995556	18	f	f	\N	\N	take_away	percent	0.00	0.00	0.00	\N	\N	\N
492	\N	1	1	INV-002537	2026-07-05 17:22:01.435441	\N	\N	1899.00	0.00	0.00	0.00	0	1899.00	cash	2026-07-05 17:22:01.435441	18	f	f	\N	\N	take_away	percent	0.00	0.00	0.00	\N	\N	\N
490	\N	1	1	INV-002535	2026-07-05 16:57:20.498352	\N	\N	1699.00	0.00	0.00	0.00	0	1699.00	cash	2026-07-05 16:57:20.498352	18	f	f	\N	\N	take_away	percent	0.00	0.00	0.00	\N	\N	\N
496	\N	1	1	INV-002542	2026-07-05 18:54:28.033444	\N	\N	390.00	0.00	0.00	0.00	0	390.00	cash	2026-07-05 18:54:28.033444	18	f	f	\N	\N	take_away	percent	0.00	0.00	0.00	\N	\N	\N
493	\N	1	1	INV-002538	2026-07-05 17:25:44.225966	\N	\N	710.00	0.00	0.00	0.00	0	710.00	cash	2026-07-05 17:25:44.225966	18	f	f	\N	\N	take_away	percent	0.00	0.00	0.00	\N	\N	\N
495	\N	1	1	INV-002540	2026-07-05 18:22:46.908495	\N	\N	1650.00	0.00	0.00	0.00	0	1650.00	cash	2026-07-05 18:22:46.908495	18	f	f	\N	\N	take_away	percent	0.00	0.00	0.00	\N	\N	\N
498	\N	1	1	INV-002544	2026-07-05 18:56:43.262357	\N	\N	450.00	0.00	0.00	0.00	0	450.00	cash	2026-07-05 18:56:43.262357	18	f	f	\N	\N	take_away	percent	0.00	0.00	0.00	\N	\N	\N
499	\N	1	1	INV-002545	2026-07-05 19:11:23.496023	\N	\N	499.00	0.00	0.00	0.00	0	499.00	cash	2026-07-05 19:11:23.496023	18	f	f	\N	\N	take_away	percent	0.00	0.00	0.00	\N	\N	\N
500	\N	1	1	INV-002546	2026-07-05 19:14:40.153853	\N	\N	190.00	0.00	0.00	0.00	0	190.00	cash	2026-07-05 19:14:40.153853	18	f	f	\N	\N	take_away	percent	0.00	0.00	0.00	\N	\N	\N
501	\N	1	1	INV-002547	2026-07-05 19:25:08.817981	\N	\N	1150.00	0.00	0.00	0.00	0	1150.00	cash	2026-07-05 19:25:08.817981	18	f	f	\N	\N	take_away	percent	0.00	0.00	0.00	\N	\N	\N
502	\N	1	1	INV-002548	2026-07-05 19:30:05.303916	\N	\N	499.00	0.00	0.00	0.00	0	499.00	cash	2026-07-05 19:30:05.303916	18	f	f	\N	\N	take_away	percent	0.00	0.00	0.00	\N	\N	\N
503	\N	1	1	INV-002549	2026-07-05 19:34:51.13751	\N	\N	450.00	0.00	0.00	0.00	0	450.00	cash	2026-07-05 19:34:51.13751	18	f	f	\N	\N	take_away	percent	0.00	0.00	0.00	\N	\N	\N
504	\N	1	1	INV-002550	2026-07-05 19:36:04.087252	\N	\N	1299.00	0.00	0.00	0.00	0	1299.00	cash	2026-07-05 19:36:04.087252	18	f	f	\N	\N	take_away	percent	0.00	0.00	0.00	\N	\N	\N
505	\N	1	1	INV-002551	2026-07-05 19:52:14.355555	\N	\N	2599.00	0.00	0.00	0.00	0	2599.00	cash	2026-07-05 19:52:14.355555	18	f	f	\N	\N	take_away	percent	0.00	0.00	0.00	\N	\N	\N
517	\N	1	1	INV-002567	2026-07-05 22:40:50.196472	\N	\N	1249.00	0.00	0.00	0.00	0	1249.00	cash	2026-07-05 22:40:50.196472	18	f	f	\N	\N	take_away	percent	0.00	0.00	0.00	\N	\N	\N
506	\N	1	1	INV-002553	2026-07-05 20:14:45.960128	\N	\N	2650.00	0.00	0.00	0.00	0	2650.00	cash	2026-07-05 20:14:45.960128	18	f	f	\N	\N	take_away	percent	0.00	0.00	0.00	\N	\N	\N
526	\N	1	1	INV-002577	2026-07-06 00:10:29.212311	\N	\N	1869.00	0.00	0.00	0.00	0	1869.00	cash	2026-07-06 00:10:29.212311	18	f	f	\N	\N	take_away	percent	0.00	0.00	0.00	\N	\N	\N
507	\N	1	1	INV-002555	2026-07-05 20:54:28.656023	\N	\N	540.00	0.00	0.00	0.00	0	540.00	cash	2026-07-05 20:54:28.656023	18	f	f	\N	\N	take_away	percent	0.00	0.00	0.00	\N	\N	\N
518	\N	1	1	INV-002568	2026-07-05 23:02:36.10588	\N	\N	689.00	0.00	0.00	0.00	0	689.00	cash	2026-07-05 23:02:36.10588	18	f	f	\N	\N	take_away	percent	0.00	0.00	0.00	\N	\N	\N
508	\N	1	1	INV-002557	2026-07-05 21:21:12.568989	\N	\N	850.00	0.00	0.00	0.00	0	850.00	cash	2026-07-05 21:21:12.568989	18	f	f	\N	\N	take_away	percent	0.00	0.00	0.00	\N	\N	\N
541	\N	1	1	INV-002598	2026-07-06 16:29:54.93655	\N	\N	1499.00	0.00	0.00	0.00	0	1499.00	cash	2026-07-06 16:29:54.93655	19	f	f	\N	\N	take_away	percent	0.00	0.00	0.00	\N	\N	\N
533	\N	1	1	INV-002588	2026-07-06 13:33:16.97553	\N	\N	1650.00	0.00	0.00	0.00	0	1650.00	cash	2026-07-06 13:33:16.97553	19	f	f	\N	\N	take_away	percent	0.00	0.00	0.00	\N	\N	\N
509	\N	1	1	INV-002558	2026-07-05 21:23:41.085035	\N	\N	1650.00	0.00	0.00	0.00	0	1650.00	cash	2026-07-05 21:23:41.085035	18	f	f	\N	\N	take_away	percent	0.00	0.00	0.00	\N	\N	\N
519	\N	1	1	INV-002569	2026-07-05 23:24:33.168822	\N	\N	2150.00	0.00	0.00	0.00	0	2150.00	cash	2026-07-05 23:24:33.168822	18	f	f	\N	\N	take_away	percent	0.00	0.00	0.00	\N	\N	\N
510	\N	1	1	INV-002559	2026-07-05 21:35:08.579552	\N	\N	380.00	0.00	0.00	0.00	0	380.00	cash	2026-07-05 21:35:08.579552	18	f	f	\N	\N	take_away	percent	0.00	0.00	0.00	\N	\N	\N
527	\N	1	1	INV-002578	2026-07-06 00:31:01.685375	\N	\N	1650.00	0.00	0.00	0.00	0	1650.00	cash	2026-07-06 00:31:01.685375	18	f	f	\N	\N	take_away	percent	0.00	0.00	0.00	\N	\N	\N
511	\N	1	1	INV-002560	2026-07-05 21:48:36.356276	\N	\N	1650.00	0.00	0.00	0.00	0	1650.00	cash	2026-07-05 21:48:36.356276	18	f	f	\N	\N	take_away	percent	0.00	0.00	0.00	\N	\N	\N
520	\N	1	1	INV-002570	2026-07-05 23:29:23.90967	\N	\N	290.00	0.00	0.00	0.00	0	290.00	cash	2026-07-05 23:29:23.90967	18	f	f	\N	\N	take_away	percent	0.00	0.00	0.00	\N	\N	\N
512	\N	1	1	INV-002561	2026-07-05 22:00:12.753533	\N	\N	499.00	0.00	0.00	0.00	0	499.00	cash	2026-07-05 22:00:12.753533	18	f	f	\N	\N	take_away	percent	0.00	0.00	0.00	\N	\N	\N
513	\N	1	1	INV-002562	2026-07-05 22:02:05.822829	\N	\N	1499.00	0.00	0.00	0.00	0	1499.00	cash	2026-07-05 22:02:05.822829	18	f	f	\N	\N	take_away	percent	0.00	0.00	0.00	\N	\N	\N
521	\N	1	1	INV-002571	2026-07-05 23:30:42.721182	\N	\N	1699.00	0.00	0.00	0.00	0	1699.00	cash	2026-07-05 23:30:42.721182	18	f	f	\N	\N	take_away	percent	0.00	0.00	0.00	\N	\N	\N
514	\N	1	1	INV-002564	2026-07-05 22:07:03.554073	\N	\N	550.00	0.00	0.00	0.00	0	550.00	cash	2026-07-05 22:07:03.554073	18	f	f	\N	\N	take_away	percent	0.00	0.00	0.00	\N	\N	\N
528	\N	1	1	INV-002579	2026-07-06 00:45:08.323455	\N	\N	599.00	0.00	0.00	0.00	0	599.00	cash	2026-07-06 00:45:08.323455	18	f	f	\N	\N	take_away	percent	0.00	0.00	0.00	\N	\N	\N
515	\N	1	1	INV-002565	2026-07-05 22:16:31.580095	\N	\N	1850.00	0.00	0.00	0.00	0	1850.00	cash	2026-07-05 22:16:31.580095	18	f	f	\N	\N	take_away	percent	0.00	0.00	0.00	\N	\N	\N
522	\N	1	1	INV-002572	2026-07-05 23:32:35.951976	\N	\N	2349.00	0.00	0.00	0.00	0	2349.00	cash	2026-07-05 23:32:35.951976	18	f	f	\N	\N	take_away	percent	0.00	0.00	0.00	\N	\N	\N
516	\N	1	1	INV-002566	2026-07-05 22:37:04.923457	\N	\N	3649.00	0.00	0.00	0.00	0	3649.00	cash	2026-07-05 22:37:04.923457	18	f	f	\N	\N	take_away	percent	0.00	0.00	0.00	\N	\N	\N
538	\N	1	1	INV-002594	2026-07-06 14:46:41.619667	\N	\N	1650.00	0.00	0.00	0.00	0	1650.00	cash	2026-07-06 14:46:41.619667	19	f	f	\N	\N	take_away	percent	0.00	0.00	0.00	\N	\N	\N
534	\N	1	1	INV-002589	2026-07-06 13:43:26.127903	\N	\N	1650.00	0.00	0.00	0.00	0	1650.00	cash	2026-07-06 13:43:26.127903	19	f	f	\N	\N	take_away	percent	0.00	0.00	0.00	\N	\N	\N
523	\N	1	1	INV-002573	2026-07-05 23:41:07.34824	\N	\N	1299.00	0.00	0.00	0.00	0	1299.00	cash	2026-07-05 23:41:07.34824	18	f	f	\N	\N	take_away	percent	0.00	0.00	0.00	\N	\N	\N
529	\N	1	1	INV-002580	2026-07-06 01:06:05.001769	\N	\N	699.00	0.00	0.00	0.00	0	699.00	cash	2026-07-06 01:06:05.001769	18	f	f	\N	\N	take_away	percent	0.00	0.00	0.00	\N	\N	\N
524	\N	1	1	INV-002575	2026-07-05 23:52:11.541835	\N	\N	1869.00	0.00	0.00	0.00	0	1869.00	cash	2026-07-05 23:52:11.541835	18	f	f	\N	\N	take_away	percent	0.00	0.00	0.00	\N	\N	\N
525	\N	1	1	INV-002576	2026-07-05 23:52:44.806645	\N	\N	1650.00	0.00	0.00	0.00	0	1650.00	cash	2026-07-05 23:52:44.806645	18	f	f	\N	\N	take_away	percent	0.00	0.00	0.00	\N	\N	\N
530	\N	1	1	INV-002581	2026-07-06 01:19:06.770721	\N	\N	200.00	0.00	0.00	0.00	0	200.00	cash	2026-07-06 01:19:06.770721	18	f	f	\N	\N	take_away	percent	0.00	0.00	0.00	\N	\N	\N
535	\N	1	1	INV-002591	2026-07-06 14:10:49.456109	\N	\N	200.00	0.00	0.00	0.00	0	200.00	cash	2026-07-06 14:10:49.456109	19	f	f	\N	\N	take_away	percent	0.00	0.00	0.00	\N	\N	\N
531	\N	1	1	INV-002582	2026-07-06 01:59:10.116637	\N	\N	360.00	0.00	0.00	0.00	0	360.00	cash	2026-07-06 01:59:10.116637	18	f	f	\N	\N	take_away	percent	0.00	0.00	0.00	\N	\N	\N
547	\N	1	1	INV-002605	2026-07-06 17:18:37.94208	\N	\N	499.00	0.00	0.00	0.00	0	499.00	cash	2026-07-06 17:18:37.94208	19	f	f	\N	\N	take_away	percent	0.00	0.00	0.00	\N	\N	\N
532	\N	1	1	INV-002583	2026-07-06 02:02:51.985165	\N	\N	100.00	0.00	0.00	0.00	0	100.00	cash	2026-07-06 02:02:51.985165	18	f	f	\N	\N	take_away	percent	0.00	0.00	0.00	\N	\N	\N
539	\N	1	1	INV-002596	2026-07-06 16:02:04.191608	\N	\N	1499.00	0.00	0.00	0.00	0	1499.00	cash	2026-07-06 16:02:04.191608	19	f	f	\N	\N	take_away	percent	0.00	0.00	0.00	\N	\N	\N
536	\N	1	1	INV-002592	2026-07-06 14:19:06.25352	\N	\N	1599.00	0.00	0.00	0.00	0	1599.00	cash	2026-07-06 14:19:06.25352	19	f	f	\N	\N	take_away	percent	0.00	0.00	0.00	\N	\N	\N
542	\N	1	1	INV-002599	2026-07-06 16:51:25.122226	\N	\N	499.00	0.00	0.00	0.00	0	499.00	cash	2026-07-06 16:51:25.122226	19	f	f	\N	\N	take_away	percent	0.00	0.00	0.00	\N	\N	\N
537	\N	1	1	INV-002593	2026-07-06 14:29:37.731688	\N	\N	550.00	0.00	0.00	0.00	0	550.00	cash	2026-07-06 14:29:37.731688	19	f	f	\N	\N	take_away	percent	0.00	0.00	0.00	\N	\N	\N
540	\N	1	1	INV-002597	2026-07-06 16:06:36.447274	\N	\N	100.00	0.00	0.00	0.00	0	100.00	cash	2026-07-06 16:06:36.447274	19	f	f	\N	\N	take_away	percent	0.00	0.00	0.00	\N	\N	\N
544	\N	1	1	INV-002602	2026-07-06 17:05:44.168621	\N	\N	1650.00	0.00	0.00	0.00	0	1650.00	cash	2026-07-06 17:05:44.168621	19	f	f	\N	\N	take_away	percent	0.00	0.00	0.00	\N	\N	\N
546	\N	1	1	INV-002604	2026-07-06 17:13:29.517607	\N	\N	1650.00	0.00	0.00	0.00	0	1650.00	cash	2026-07-06 17:13:29.517607	19	f	f	\N	\N	take_away	percent	0.00	0.00	0.00	\N	\N	\N
543	\N	1	1	INV-002600	2026-07-06 16:54:06.089563	\N	\N	100.00	0.00	0.00	0.00	0	100.00	cash	2026-07-06 16:54:06.089563	19	f	f	\N	\N	take_away	percent	0.00	0.00	0.00	\N	\N	\N
545	\N	1	1	INV-002603	2026-07-06 17:07:58.421863	\N	\N	170.00	0.00	0.00	0.00	0	170.00	cash	2026-07-06 17:07:58.421863	19	f	f	\N	\N	take_away	percent	0.00	0.00	0.00	\N	\N	\N
548	\N	1	1	INV-002606	2026-07-06 17:36:06.356752	\N	\N	200.00	0.00	0.00	0.00	0	200.00	cash	2026-07-06 17:36:06.356752	19	f	f	\N	\N	take_away	percent	0.00	0.00	0.00	\N	\N	\N
549	\N	1	1	INV-002608	2026-07-06 18:30:24.677859	\N	\N	320.00	0.00	0.00	0.00	0	320.00	cash	2026-07-06 18:30:24.677859	19	f	f	\N	\N	take_away	percent	0.00	0.00	0.00	\N	\N	\N
550	\N	1	1	INV-002609	2026-07-06 19:06:39.413008	\N	\N	599.00	0.00	0.00	0.00	0	599.00	cash	2026-07-06 19:06:39.413008	19	f	f	\N	\N	take_away	percent	0.00	0.00	0.00	\N	\N	\N
551	\N	1	1	INV-002610	2026-07-06 19:36:55.510719	\N	\N	1650.00	0.00	0.00	0.00	0	1650.00	cash	2026-07-06 19:36:55.510719	19	f	f	\N	\N	take_away	percent	0.00	0.00	0.00	\N	\N	\N
552	\N	1	1	INV-002612	2026-07-06 20:16:31.713588	\N	\N	699.00	0.00	0.00	0.00	0	699.00	cash	2026-07-06 20:16:31.713588	19	f	f	\N	\N	take_away	percent	0.00	0.00	0.00	\N	\N	\N
553	\N	1	1	INV-002614	2026-07-06 20:24:18.265927	\N	\N	1650.00	0.00	0.00	0.00	0	1650.00	cash	2026-07-06 20:24:18.265927	19	f	f	\N	\N	take_away	percent	0.00	0.00	0.00	\N	\N	\N
554	\N	1	1	INV-002615	2026-07-06 20:27:26.630712	\N	\N	400.00	0.00	0.00	0.00	0	400.00	cash	2026-07-06 20:27:26.630712	19	f	f	\N	\N	take_away	percent	0.00	0.00	0.00	\N	\N	\N
555	\N	1	1	INV-002616	2026-07-06 20:29:42.945928	\N	\N	1840.00	0.00	0.00	0.00	0	1840.00	cash	2026-07-06 20:29:42.945928	19	f	f	\N	\N	take_away	percent	0.00	0.00	0.00	\N	\N	\N
567	\N	1	1	INV-002629	2026-07-06 22:24:24.215016	\N	\N	1199.00	0.00	0.00	0.00	0	1199.00	cash	2026-07-06 22:24:24.215016	19	f	f	\N	\N	take_away	percent	0.00	0.00	0.00	\N	\N	\N
556	\N	1	1	INV-002617	2026-07-06 20:39:45.187679	\N	\N	440.00	0.00	0.00	0.00	0	440.00	cash	2026-07-06 20:39:45.187679	19	f	f	\N	\N	take_away	percent	0.00	0.00	0.00	\N	\N	\N
576	\N	1	1	INV-002639	2026-07-06 23:20:45.011773	\N	\N	100.00	0.00	0.00	0.00	0	100.00	cash	2026-07-06 23:20:45.011773	19	f	f	\N	\N	take_away	percent	0.00	0.00	0.00	\N	\N	\N
557	\N	1	1	INV-002618	2026-07-06 20:47:42.600971	\N	\N	599.00	0.00	0.00	0.00	0	599.00	cash	2026-07-06 20:47:42.600971	19	f	f	\N	\N	take_away	percent	0.00	0.00	0.00	\N	\N	\N
568	\N	1	1	INV-002630	2026-07-06 22:26:44.886038	\N	\N	170.00	0.00	0.00	0.00	0	170.00	cash	2026-07-06 22:26:44.886038	19	f	f	\N	\N	take_away	percent	0.00	0.00	0.00	\N	\N	\N
558	\N	1	1	INV-002619	2026-07-06 20:51:06.361449	\N	\N	1650.00	0.00	0.00	0.00	0	1650.00	cash	2026-07-06 20:51:06.361449	19	f	f	\N	1	dine_in	percent	0.00	0.00	0.00	\N	\N	\N
583	\N	1	1	INV-002646	2026-07-07 00:13:40.2069	\N	\N	1650.00	0.00	0.00	0.00	0	1650.00	cash	2026-07-07 00:13:40.2069	19	f	f	\N	\N	take_away	percent	0.00	0.00	0.00	\N	\N	\N
559	\N	1	1	INV-002620	2026-07-06 20:55:15.822354	\N	\N	220.00	0.00	0.00	0.00	0	220.00	cash	2026-07-06 20:55:15.822354	19	f	f	\N	\N	take_away	percent	0.00	0.00	0.00	\N	\N	\N
569	\N	1	1	INV-002631	2026-07-06 22:29:13.757122	\N	\N	1599.00	0.00	0.00	0.00	0	1599.00	cash	2026-07-06 22:29:13.757122	19	f	f	\N	\N	take_away	percent	0.00	0.00	0.00	\N	\N	\N
560	\N	1	1	INV-002622	2026-07-06 21:12:44.192551	\N	\N	2399.00	0.00	0.00	0.00	0	2399.00	cash	2026-07-06 21:12:44.192551	19	f	f	\N	\N	take_away	percent	0.00	0.00	0.00	\N	\N	\N
577	\N	1	1	INV-002640	2026-07-06 23:21:38.577527	\N	\N	850.00	0.00	0.00	0.00	0	850.00	cash	2026-07-06 23:21:38.577527	19	f	f	\N	\N	take_away	percent	0.00	0.00	0.00	\N	\N	\N
561	\N	1	1	INV-002623	2026-07-06 21:17:23.162824	\N	\N	1650.00	0.00	0.00	0.00	0	1650.00	cash	2026-07-06 21:17:23.162824	19	f	f	\N	\N	take_away	percent	0.00	0.00	0.00	\N	\N	\N
570	\N	1	1	INV-002632	2026-07-06 22:32:53.929265	\N	\N	1299.00	0.00	0.00	0.00	0	1299.00	cash	2026-07-06 22:32:53.929265	19	f	f	\N	\N	take_away	percent	0.00	0.00	0.00	\N	\N	\N
562	\N	1	1	INV-002624	2026-07-06 21:19:56.095315	\N	\N	200.00	0.00	0.00	0.00	0	200.00	cash	2026-07-06 21:19:56.095315	19	f	f	\N	1	dine_in	percent	0.00	0.00	0.00	\N	\N	\N
587	\N	1	1	INV-002651	2026-07-07 01:11:13.246255	\N	\N	200.00	0.00	0.00	0.00	0	200.00	cash	2026-07-07 01:11:13.246255	19	f	f	\N	\N	take_away	percent	0.00	0.00	0.00	\N	\N	\N
563	\N	1	1	INV-002625	2026-07-06 21:24:50.716394	\N	\N	1499.00	0.00	0.00	0.00	0	1499.00	cash	2026-07-06 21:24:50.716394	19	f	f	\N	\N	take_away	percent	0.00	0.00	0.00	\N	\N	\N
571	\N	1	1	INV-002633	2026-07-06 22:34:30.187128	\N	\N	1820.00	0.00	0.00	0.00	0	1820.00	cash	2026-07-06 22:34:30.187128	19	f	f	\N	\N	take_away	percent	0.00	0.00	0.00	\N	\N	\N
564	\N	1	1	INV-002626	2026-07-06 21:36:36.537463	\N	\N	170.00	0.00	0.00	0.00	0	170.00	cash	2026-07-06 21:36:36.537463	19	f	f	\N	\N	take_away	percent	0.00	0.00	0.00	\N	\N	\N
578	\N	1	1	INV-002641	2026-07-06 23:38:47.998365	\N	\N	200.00	0.00	0.00	0.00	0	200.00	cash	2026-07-06 23:38:47.998365	19	f	f	\N	\N	take_away	percent	0.00	0.00	0.00	\N	\N	\N
565	\N	1	1	INV-002627	2026-07-06 21:48:33.943004	\N	\N	440.00	0.00	0.00	0.00	0	440.00	cash	2026-07-06 21:48:33.943004	19	f	f	\N	\N	take_away	percent	0.00	0.00	0.00	\N	\N	\N
572	\N	1	1	INV-002634	2026-07-06 22:39:39.139776	\N	\N	1020.00	0.00	0.00	0.00	0	1020.00	cash	2026-07-06 22:39:39.139776	19	f	f	\N	\N	take_away	percent	0.00	0.00	0.00	\N	\N	\N
566	\N	1	1	INV-002628	2026-07-06 22:19:06.733991	\N	\N	1199.00	0.00	0.00	0.00	0	1199.00	cash	2026-07-06 22:19:06.733991	19	f	f	\N	\N	take_away	percent	0.00	0.00	0.00	\N	\N	\N
584	\N	1	1	INV-002647	2026-07-07 00:16:26.423845	\N	\N	440.00	0.00	0.00	0.00	0	440.00	cash	2026-07-07 00:16:26.423845	19	f	f	\N	\N	take_away	percent	0.00	0.00	0.00	\N	\N	\N
573	\N	1	1	INV-002635	2026-07-06 22:41:09.208525	\N	\N	200.00	0.00	0.00	0.00	0	200.00	cash	2026-07-06 22:41:09.208525	19	f	f	\N	\N	take_away	percent	0.00	0.00	0.00	\N	\N	\N
579	\N	1	1	INV-002642	2026-07-06 23:42:45.955025	\N	\N	1399.00	0.00	0.00	0.00	0	1399.00	cash	2026-07-06 23:42:45.955025	19	f	f	\N	\N	take_away	percent	0.00	0.00	0.00	\N	\N	\N
574	\N	1	1	INV-002636	2026-07-06 22:52:20.46641	\N	\N	1899.00	0.00	0.00	0.00	0	1899.00	cash	2026-07-06 22:52:20.46641	19	f	f	\N	\N	take_away	percent	0.00	0.00	0.00	\N	\N	\N
575	\N	1	1	INV-002638	2026-07-06 23:05:48.371347	\N	\N	640.00	0.00	0.00	0.00	0	640.00	cash	2026-07-06 23:05:48.371347	19	f	f	\N	\N	take_away	percent	0.00	0.00	0.00	\N	\N	\N
580	\N	1	1	INV-002643	2026-07-06 23:50:20.161304	\N	\N	170.00	0.00	0.00	0.00	0	170.00	cash	2026-07-06 23:50:20.161304	19	f	f	\N	\N	take_away	percent	0.00	0.00	0.00	\N	\N	\N
591	\N	1	1	INV-002664	2026-07-07 16:44:49.620739	\N	\N	1899.00	0.00	0.00	0.00	0	1899.00	cash	2026-07-07 16:44:49.620739	20	f	f	\N	\N	take_away	percent	0.00	0.00	0.00	\N	\N	\N
585	\N	1	1	INV-002649	2026-07-07 00:58:20.949991	\N	\N	1269.00	0.00	0.00	0.00	0	1269.00	cash	2026-07-07 00:58:20.949991	19	f	f	\N	\N	take_away	percent	0.00	0.00	0.00	\N	\N	\N
581	\N	1	1	INV-002644	2026-07-06 23:55:17.230537	\N	\N	2396.00	0.00	0.00	0.00	0	2396.00	cash	2026-07-06 23:55:17.230537	19	f	f	\N	\N	take_away	percent	0.00	0.00	0.00	\N	\N	\N
588	\N	1	1	INV-002659	2026-07-07 13:23:17.057428	\N	\N	880.00	0.00	0.00	0.00	0	880.00	cash	2026-07-07 13:23:17.057428	20	f	f	\N	\N	take_away	percent	0.00	0.00	0.00	\N	\N	\N
582	\N	1	1	INV-002645	2026-07-07 00:08:40.18105	\N	\N	699.00	0.00	0.00	0.00	0	699.00	cash	2026-07-07 00:08:40.18105	19	f	f	\N	\N	take_away	percent	0.00	0.00	0.00	\N	\N	\N
586	\N	1	1	INV-002650	2026-07-07 01:04:59.586377	\N	\N	1839.00	0.00	0.00	0.00	0	1839.00	cash	2026-07-07 01:04:59.586377	19	f	f	\N	\N	take_away	percent	0.00	0.00	0.00	\N	\N	\N
589	\N	1	1	INV-002660	2026-07-07 13:57:13.133413	\N	\N	850.00	0.00	0.00	0.00	0	850.00	cash	2026-07-07 13:57:13.133413	20	f	f	\N	\N	take_away	percent	0.00	0.00	0.00	\N	\N	\N
594	\N	1	1	INV-002667	2026-07-07 17:30:06.062	\N	\N	1150.00	0.00	0.00	0.00	0	1150.00	cash	2026-07-07 17:30:06.062	20	f	f	\N	\N	take_away	percent	0.00	0.00	0.00	\N	\N	\N
592	\N	1	1	INV-002665	2026-07-07 16:47:56.717569	\N	\N	2189.00	0.00	0.00	0.00	0	2189.00	cash	2026-07-07 16:47:56.717569	20	f	f	\N	\N	take_away	percent	0.00	0.00	0.00	\N	\N	\N
590	\N	1	1	INV-002662	2026-07-07 15:02:30.801043	\N	\N	1850.00	0.00	0.00	0.00	0	1850.00	cash	2026-07-07 15:02:30.801043	20	f	f	\N	\N	take_away	percent	0.00	0.00	0.00	\N	\N	\N
593	\N	1	1	INV-002666	2026-07-07 16:49:01.888955	\N	\N	1850.00	0.00	0.00	0.00	0	1850.00	cash	2026-07-07 16:49:01.888955	20	f	f	\N	\N	take_away	percent	0.00	0.00	0.00	\N	\N	\N
\.


--
-- Data for Name: setting_categories; Type: TABLE DATA; Schema: public; Owner: postgres
--

COPY public.setting_categories (id, name, code) FROM stdin;
1	Print Settings	print_settings
2	FBR Integration	integration
3	FBR Digital Integration	fbr_digital_integration
4	Sales Orders	sales_orders
5	Barcode Settings	barcode_settings
6	POS	pos
7	System Settings	system_settings
8	KPRA Integration	kpra_integration
9	Tax Settings	tax_settings
10	KDS	kds
11	Accounts	accounts
12	ZATCA Integration	zatca_integration
13	WhatsApp	whatsapp
\.


--
-- Data for Name: setting_options; Type: TABLE DATA; Schema: public; Owner: postgres
--

COPY public.setting_options (id, setting_id, option_label, option_value) FROM stdin;
1	11	Pakistan (Karachi)	Asia/Karachi
2	11	Pakistan (Lahore)	Asia/Karachi
3	11	Pakistan (Islamabad)	Asia/Karachi
4	11	India (Mumbai)	Asia/Kolkata
5	11	India (Delhi)	Asia/Kolkata
6	11	Bangladesh (Dhaka)	Asia/Dhaka
7	11	Sri Lanka (Colombo)	Asia/Colombo
8	11	Nepal (Kathmandu)	Asia/Kathmandu
9	11	UAE (Dubai)	Asia/Dubai
10	11	Saudi Arabia (Riyadh)	Asia/Riyadh
11	11	Qatar (Doha)	Asia/Qatar
12	11	Kuwait (Kuwait City)	Asia/Kuwait
13	11	Bahrain (Manama)	Asia/Bahrain
14	11	Oman (Muscat)	Asia/Muscat
15	11	UK (London)	Europe/London
16	11	USA (New York)	America/New_York
17	11	USA (Los Angeles)	America/Los_Angeles
18	11	Canada (Toronto)	America/Toronto
19	11	Australia (Sydney)	Australia/Sydney
20	11	UTC (Universal Time)	UTC
21	12	YYYY-MM-DD (ISO)	Y-m-d
22	12	DD/MM/YYYY	d/m/Y
23	12	MM/DD/YYYY	m/d/Y
24	12	DD-MM-YYYY	d-m-Y
25	12	MM-DD-YYYY	m-d-Y
26	12	DD.MM.YYYY	d.m.Y
27	12	MM.DD.YYYY	m.d.Y
28	17	Item-wise Tax (Current)	item_wise
29	17	Payment Method Tax	payment_method
30	28	Popup (Browser Dialog)	popup
31	28	Direct to Device	direct
32	29	Ask User	ask
33	29	Auto Print	auto
34	29	No Print	no
35	34	Before GST (reduce taxable amount)	before_tax
36	34	After GST (discount tax-inclusive total)	after_tax
37	35	Thermal (80mm)	thermal
38	35	A4 (Letter Size)	a4
39	38	Pakistani Rupee (Rs)	Rs
40	38	Saudi Riyal (SR)	SR
41	38	US Dollar ($)	$
42	38	Euro (€)	€
43	38	UAE Dirham (AED)	AED
44	42	Touch Screen (Restaurant)	touch_screen
45	42	Desktop	desktop
46	44	Username & Password	username_password
47	44	PIN	pin
48	45	Descending (Newest at Top)	descending
49	45	Ascending (Newest at Bottom)	ascending
50	54	Phase 1	phase1
51	54	Phase 2	phase2
52	56	Sandbox	sandbox
53	56	Production	production
\.


--
-- Data for Name: settings; Type: TABLE DATA; Schema: public; Owner: postgres
--

COPY public.settings (id, store_id, category_id, name, code, type, value, default_value, description, is_active) FROM stdin;
2	\N	1	Print KOT	print_kot	boolean	1	1	Print Kitchen Order Ticket (KOT)	t
6	\N	1	Receipt Font Size	receipt_font_size	number	16	16	\N	t
7	\N	1	Receipt Logo Width	receipt_logo_width	number	100	100	Width of the branch logo on printed receipts (in pixels)	t
8	\N	5	Barcode Logo Width	barcode_logo_width	number	80	80	Width of the branch logo on printed barcodes (in pixels)	t
9	\N	5	Display Barcode Logo	barcode_logo_display	boolean	0	1	Show or hide the branch logo on printed barcodes	t
10	\N	6	Show Material Items on POS	show_material_items_on_pos	boolean	0	0	Show material items on POS item list	t
11	\N	7	System Timezone	system_timezone	select	Asia/Karachi	Asia/Karachi	Set the timezone for all date and time operations in the system. This affects reports, logs, and all time-sensitive operations.	t
12	\N	7	Date Display Format	date_display_format	select	Y-m-d	Y-m-d	Choose how dates are displayed throughout the system (YYYY-MM-DD, DD/MM/YYYY, etc.)	t
15	\N	6	KDS Auto Refresh	kds_auto_refresh	boolean	1	1	Enable automatic refresh for KDS screens	t
16	\N	6	KDS Sound Notifications	kds_sound_notifications	boolean	1	1	Enable sound notifications for new orders	t
20	\N	10	KDS Record Retention Days	kds_record_retention_days	number	7	7	Number of days to keep KDS records before automatic cleanup (1-90 days)	t
21	\N	10	Enable KDS Auto Cleanup	kds_auto_cleanup_enabled	boolean	1	1	Enable automatic cleanup of old KDS records	t
22	\N	10	KDS Last Cleanup Date	kds_last_cleanup_date	text			Timestamp of last KDS cleanup operation (system managed)	f
24	\N	1	Print Customer Address	print_cus_address	boolean	1	1	Print Customer Address on Print	t
25	\N	1	Dealer Branding	dealer_branding	text	www.itresources.com.pk	www.itresources.com.pk	Dealer company name and contact info for receipt footer	t
26	\N	1	Print Date and Time	print_datetime	boolean	1	1	Display date and time on printed receipts	t
27	\N	1	Print Remarks	print_remarks	boolean	1	1	Display remarks/notes on printed receipts	t
29	\N	1	Global Print Mode	global_print_mode	select	ask	ask	Global print behavior: Ask (prompt user), Auto (direct print), No (no print)	t
30	\N	7	Default Language	default_language	select	en	en	Default system language	t
31	\N	7	Language Switcher	language_switcher_enabled	boolean	1	1	Enable language switcher in header	t
32	\N	7	RTL Support	rtl_support_enabled	boolean	1	1	Enable RTL (Right-to-Left) support	t
33	\N	11	Enable Expense Approval	expense_approval_enabled	boolean	0	0	When enabled, all new expenses will require approval before being processed	t
34	\N	9	Discount Tax Sequence	discount_tax_sequence	select	after_tax	before_tax	Choose whether discounts apply before GST (reduce taxable base) or after GST (on tax-inclusive total).	t
35	\N	1	Receipt Print Format	receipt_print_format	select	thermal	thermal	Choose receipt print format: Thermal (80mm) or A4 (Letter Size)	t
36	\N	1	Print Complete Shift Summary Report	print_complete_shift_summary	boolean	0	0	When enabled, prints the complete detailed shift summary report. When disabled (default), prints a short condensed summary.	t
37	\N	1	Print Customer Previous Balance	print_cus_previous_balance	boolean	0	0	When enabled, the receipt will display the customer's outstanding balance/dues before the current transaction	t
38	\N	7	System Currency	system_currency	select	Rs	Rs	Select the default currency symbol to be used throughout the system	t
39	\N	1	KOT Font Size	kot_font_size	number	10	10	Font size for Kitchen Order Tickets (KOT) when printing to LAN printers	t
40	\N	6	Subcategory Font Size	pos_subcategory_font_size	number	16	16	Font size for subcategory text displayed in POS (in pixels, recommended: 14-20)	t
41	\N	4	Catering	catering	boolean	0	1	Enable Catering orders	t
43	\N	6	Display Order Taker Selection	pos_display_order_taker	boolean	1	0	Enable to show order taker selection dropdown on POS (appears next to customer selection)	t
44	\N	7	Login Authentication Method	login_authentication_method	select	username_password	username_password	Choose the authentication method for user login: Username/Password or PIN	t
45	\N	6	List Item Order	pos_list_item_order	select	descending	descending	Select the order in which items appear in the POS list: Descending (newest at top) or Ascending (newest at bottom)	t
46	\N	4	Display Number of Guests (Dine-In)	dine_in_show_number_of_guests	boolean	0	1	When enabled, selecting a dine-in table will ask for number of guests and display it. When disabled, the prompt and guest count are hidden.	t
48	\N	6	Reset invoice number on new shift	pos_reset_invoice_on_shift_start	boolean	0	0	When enabled, invoice count starts from 1 (e.g. INV-000001) each time a new shift is opened. When disabled, invoice numbers continue in sequence across shifts.	t
13	\N	6	Display Images on POS	display_images_on_pos	boolean	0	1	Show product images on POS item cards	t
18	\N	9	Show Payment Method Tax Rates	show_payment_method_tax_rates	boolean	0	1	Display tax rates for different payment methods on POS interface	t
19	\N	9	Enable Tax Preview on Payment Selection	enable_tax_preview_on_payment	boolean	0	1	Show updated tax amount when payment method is selected (for payment method tax mode)	t
4	\N	4	Take Away	take_away	boolean	1	1	Enable Take Away orders	t
17	\N	9	Tax Calculation Method	tax_calculation_method	select	item_wise	item_wise	Choose how taxes are calculated: item-wise (per item) or payment method based (uniform rate per payment type)	t
3	\N	4	Dine In	dine_in	boolean	1	1	Enable Dine In for table Orders	t
5	\N	4	Delivery	delivery	boolean	1	1	Delivery Orders	t
14	\N	6	Enable Kitchen Display System	enable_kds	boolean	0	0	Enable Kitchen Display System for order management	t
1	\N	1	Print Customer Name	print_cus_name	boolean	1	1	Print Customer Name on Print	t
23	\N	1	Print Customer Number	print_cus_number	boolean	1	1	Print Customer Phone Number on Print	t
28	\N	1	Print Method	print_method	select	popup	popup	Choose print method: Popup (browser dialog) or Direct (use configured devices)	t
50	\N	1	Invoice Footer Note	invoice_footer_note	text			Optional note shown at the bottom of invoices and receipts (thermal, A4, POS preview, LAN/USB). Use multiple lines if needed.	t
52	\N	13	Send sales invoice via WhatsApp	pos_whatsapp_invoice_enabled	boolean	1	0	When enabled, the WhatsApp invoice button appears on the POS after payment so staff can send the invoice text to the customer.	t
53	\N	13	Customer ledger on WhatsApp	whatsapp_customer_ledger_enabled	boolean	1	0	When enabled, staff can send the customer account ledger as a WhatsApp message from the Customer Ledger screen.	t
54	\N	12	ZATCA Mode	zatca_mode	select	phase2	phase1	ZATCA integration mode: phase1 or phase2	t
55	\N	12	Enable ZATCA Phase 2	zatca_phase2_enabled	boolean	0	0	Enable Phase 2 (clearance/reporting)	t
56	\N	12	ZATCA Phase 2 Environment	zatca_phase2_environment	select	sandbox	sandbox	sandbox or production environment	t
57	\N	12	Enable ZATCA Phase 2 Worker	zatca_phase2_worker_enabled	boolean	1	1	Enable background worker for retries/reporting	t
58	\N	12	ZATCA Retry Delay Seconds	zatca_phase2_retry_delay_seconds	number	120	120	Base retry delay in seconds	t
59	\N	12	ZATCA Max Retries	zatca_phase2_max_retries	number	8	8	Maximum retries for failed submissions	t
60	\N	12	ZATCA Reporting SLA Hours	zatca_phase2_reporting_sla_hours	number	24	24	Simplified invoice reporting deadline in hours	t
61	\N	12	ZATCA Phase 2 API Base URL	zatca_phase2_api_base_url	text	https://sandbox.fatoora.zatca.gov.sa	https://sandbox.fatoora.zatca.gov.sa	Base URL for ZATCA Phase 2 APIs	t
62	\N	12	ZATCA Phase 2 API Token	zatca_phase2_api_token	text			Authorization token/credential for ZATCA APIs	t
63	\N	12	ZATCA Clearance Endpoint	zatca_phase2_clearance_endpoint	text	/api/v1/invoices/clearance/single	/api/v1/invoices/clearance/single	Endpoint path for standard invoice clearance	t
64	\N	12	ZATCA Reporting Endpoint	zatca_phase2_reporting_endpoint	text	/api/v1/invoices/reporting/single	/api/v1/invoices/reporting/single	Endpoint path for simplified invoice reporting	t
65	\N	12	ZATCA Device Identifier	zatca_phase2_device_identifier	text			Optional fixed EGS device identifier for hash chain	t
67	\N	6	Display shift summary before shift close	pos_display_shift_summary_before_close	boolean	0	1	When enabled, the cashier reviews expected cash and discrepancy before confirming shift close. When disabled, the shift closes after entering closing cash and the full summary is shown afterward.	t
70	\N	6	Scale barcode — code digits	pos_scale_barcode_code_digits	number	5	5	Number of digits in scale barcode for item/PLU code (matches 5-digit item codes, e.g. 10010).	t
71	\N	6	Scale barcode — qty digits	pos_scale_barcode_qty_digits	number	6	6	Number of digits in scale barcode used for weight/qty (default 6).	t
68	\N	6	Show Cost Price in Edit Modal	pos_show_cost_in_edit_modal	boolean	0	0	When enabled, the Qty/Rate edit modal (row click or F7) shows item cost price under the Rate column.	t
69	\N	4	Require Order Mode Selection	pos_require_order_mode_when_enabled	boolean	1	1	When enabled, POS requires selecting an order mode (Dine In / Take Away / Delivery / Catering) before starting a sale whenever at least one order mode is enabled. When disabled, POS will allow sales without choosing an order mode.	t
42	\N	6	POS Screen Type	pos_screen_type	select	touch_screen	touch_screen	Select POS interface type: Touch Screen (restaurant) shows categories/subcategories, Desktop shows search bar	t
72	\N	6	Scale barcode — qty decimals	pos_scale_barcode_qty_decimals	number	3	3	Decimal places within qty digits (default 3, e.g. 001500 = 1.500).	t
73	\N	6	Scale barcode — prefix	pos_scale_barcode_prefix	text			Optional leading digits to skip before item code and weight (e.g. 3, 2, or 21). Leave empty if no prefix.	t
49	\N	11	Enable Financials (GL)	financials_enabled	boolean	0	1	When enabled, the system creates and posts journal entries (double-entry) for sales, purchases, expenses, payments, transfers, and adjustments. When disabled, day-to-day operations continue without writing to the general ledger.	t
66	\N	1	Print Logo	print_logo	boolean	0	1	When enabled, the receipt prints logo; when disabled, logo is hidden.	t
47	\N	1	Next Invoice Number	next_invoice_number	number	2704	1	Internal: next sequential invoice number (do not edit manually)	f
\.


--
-- Data for Name: shift_logs; Type: TABLE DATA; Schema: public; Owner: postgres
--

COPY public.shift_logs (id, store_id, shift_id, action_type, amount, note, created_at) FROM stdin;
\.


--
-- Data for Name: shifts; Type: TABLE DATA; Schema: public; Owner: postgres
--

COPY public.shifts (id, store_id, branch_id, user_id, start_time, end_time, opening_cash, closing_cash, expected_cash, actual_cash, discrepancy, status) FROM stdin;
1	1	1	1	2026-06-20 12:21:55.827108	2026-06-20 15:13:48.696856	0.00	0.00	100.00	0.00	-100.00	closed
2	1	1	1	2026-06-20 15:14:07.444206	2026-06-20 15:18:19.602566	1.00	0.00	1.00	0.00	-1.00	closed
3	1	1	1	2026-06-20 15:18:49.620152	2026-06-21 02:40:57.723511	0.00	0.00	41211.00	0.00	-41211.00	closed
4	1	1	1	2026-06-21 14:25:58.6464	2026-06-23 02:24:39.33916	0.00	0.00	56053.00	0.00	-56053.00	closed
5	1	1	1	2026-06-23 11:32:45.715698	2026-06-24 02:47:55.209143	0.00	0.00	32960.00	0.00	-32960.00	closed
6	1	1	1	2026-06-24 02:48:42.090673	2026-06-24 02:49:48.356574	0.00	0.00	0.00	0.00	0.00	closed
7	1	1	1	2026-06-24 14:22:55.533709	2026-06-25 03:11:14.404809	0.00	31000.00	23961.00	31000.00	7039.00	closed
8	1	1	1	2026-06-25 15:57:44.455928	2026-06-26 02:55:01.470008	0.00	22280.00	22279.00	22280.00	1.00	closed
9	1	1	1	2026-06-26 16:05:48.197385	2026-06-27 02:52:34.218137	0.00	34200.00	31493.00	34200.00	2707.00	closed
10	1	1	1	2026-06-27 16:48:56.049697	2026-06-28 02:54:11.205212	0.00	0.00	40500.00	0.00	-40500.00	closed
11	1	1	1	2026-06-28 15:53:48.236429	2026-06-29 03:09:36.958868	0.00	52546.00	52546.00	52546.00	0.00	closed
12	1	1	1	2026-06-29 12:34:30.002616	2026-06-30 09:49:18.866021	0.00	0.00	62610.00	0.00	-62610.00	closed
13	1	1	1	2026-06-30 14:22:20.931193	2026-07-01 03:04:45.13705	0.00	35944.00	35944.00	35944.00	0.00	closed
14	1	1	1	2026-07-01 12:15:28.896895	2026-07-02 03:17:55.407141	0.00	0.00	60423.00	0.00	-60423.00	closed
15	1	1	1	2026-07-02 12:13:56.835854	2026-07-03 02:28:31.124938	0.00	0.00	41760.00	0.00	-41760.00	closed
16	1	1	1	2026-07-03 12:11:30.682467	2026-07-04 02:52:48.942953	0.00	0.00	82796.00	0.00	-82796.00	closed
17	1	1	1	2026-07-04 14:04:50.343055	2026-07-05 02:57:09.599352	0.00	0.00	54541.00	0.00	-54541.00	closed
18	1	1	1	2026-07-05 11:44:50.929421	2026-07-06 03:22:27.111258	0.00	0.00	53820.00	0.00	-53820.00	closed
19	1	1	1	2026-07-06 13:32:26.642722	2026-07-07 02:55:56.261781	0.00	0.00	53847.00	0.00	-53847.00	closed
20	1	1	1	2026-07-07 12:14:55.985449	\N	0.00	0.00	0.00	0.00	0.00	open
\.


--
-- Data for Name: site_installation; Type: TABLE DATA; Schema: public; Owner: postgres
--

COPY public.site_installation (id, installation_role, license_key, machine_id, last_verified_at, license_cache, license_type, setup_completed_at, created_at, updated_at) FROM stdin;
1	branch_server	ITR-9122-9B84-71C3	063b26e4223497c09a759a60b8449a49	2026-07-07 21:16:41.794042	{"success":true,"message":"License verified successfully.","type":"real","branch_name":"BiteSa","branch_address":"Shah Alla Dita D-12, near Saver Cash n Carry Islamabad","support_end_date":"2027-05-05","cloud_branch_id":276,"cloud_customer_id":231,"installation_type":"store","pos_max_users":1}	store	\N	2026-06-11 20:32:52.537378	2026-07-07 21:16:41.794042
\.


--
-- Data for Name: stock_adjustment_items; Type: TABLE DATA; Schema: public; Owner: postgres
--

COPY public.stock_adjustment_items (id, adjustment_id, item_id, item_name, current_quantity, adjustment_quantity, new_quantity, cost_price, current_stock_value, adjustment_value, new_stock_value) FROM stdin;
\.


--
-- Data for Name: stock_adjustments; Type: TABLE DATA; Schema: public; Owner: postgres
--

COPY public.stock_adjustments (id, adjustment_number, store_id, adjustment_date, total_items, total_adjustment_value, total_current_stock_value, total_new_stock_value, remarks, created_by, journal_entry_id, created_at) FROM stdin;
\.


--
-- Data for Name: stock_transfer_items; Type: TABLE DATA; Schema: public; Owner: postgres
--

COPY public.stock_transfer_items (id, to_store_id, from_store_id, transfer_id, item_id, item_name, quantity, cost_price, remarks) FROM stdin;
\.


--
-- Data for Name: stock_transfers; Type: TABLE DATA; Schema: public; Owner: postgres
--

COPY public.stock_transfers (id, transfer_number, from_store_id, to_store_id, transfer_date, status, total_items, total_quantity, notes, requested_by, approved_by, received_by, created_at, updated_at) FROM stdin;
\.


--
-- Data for Name: store_inventory; Type: TABLE DATA; Schema: public; Owner: postgres
--

COPY public.store_inventory (id, store_id, item_id, quantity, last_updated) FROM stdin;
\.


--
-- Data for Name: stores; Type: TABLE DATA; Schema: public; Owner: postgres
--

COPY public.stores (id, branch_id, store_name, store_code, address, phone, email, manager_name, is_active, is_default, created_at) FROM stdin;
1	1	Main Store	1					t	t	2026-06-11 20:54:47.361271
\.


--
-- Data for Name: sub_categories; Type: TABLE DATA; Schema: public; Owner: postgres
--

COPY public.sub_categories (id, category_id, name, display_color) FROM stdin;
1	1	STARTER	\N
2	2	9" Regular	\N
3	2	12" Large	\N
4	1	BURGER	\N
5	3	FAMILY DEALS	\N
6	3	PIZZA DEAL	\N
7	4	DRINKS	\N
8	5	Small	\N
9	5	Party	\N
10	5	Large	\N
11	5	Regular	\N
12	1	SANDWICH	\N
13	2	15" Party	\N
14	2	6" Small	\N
15	3	BITESA,S	\N
16	3	3 PERSON  DEAL	\N
17	3	SINGLE PERSON	\N
18	3	2 PERSON DEAL	\N
\.


--
-- Data for Name: subscription_plans; Type: TABLE DATA; Schema: public; Owner: postgres
--

COPY public.subscription_plans (id, store_id, name, billing_interval, is_active, created_at, updated_at) FROM stdin;
\.


--
-- Data for Name: sup_outstanding; Type: TABLE DATA; Schema: public; Owner: postgres
--

COPY public.sup_outstanding (id, purchase_id, vendor_id, amount, status, created_at) FROM stdin;
\.


--
-- Data for Name: sup_payments; Type: TABLE DATA; Schema: public; Owner: postgres
--

COPY public.sup_payments (id, store_id, vendor_id, purchase_id, balance_entry_id, amount_paid, discount_amount, withholding_rate, withholding_amount, gross_settlement_amount, net_cash_paid, payment_date, remarks) FROM stdin;
\.


--
-- Data for Name: supplier_balance_entries; Type: TABLE DATA; Schema: public; Owner: postgres
--

COPY public.supplier_balance_entries (id, entry_number, vendor_id, store_id, entry_type, amount, remaining_amount, reference_no, remarks, map_account_id, journal_entry_id, status, created_by, created_at, updated_at) FROM stdin;
\.


--
-- Data for Name: sync_settings; Type: TABLE DATA; Schema: public; Owner: postgres
--

COPY public.sync_settings (id, sync_allow, db_prefix, sync_mode, server_name, database_name, username, password, last_sync_date, sync_status, created_at, updated_at, is_cloud_hub) FROM stdin;
\.


--
-- Data for Name: table_transfer_logs; Type: TABLE DATA; Schema: public; Owner: postgres
--

COPY public.table_transfer_logs (id, source_table_id, target_table_id, hold_order_id, transferred_by, transfer_type, created_at) FROM stdin;
\.


--
-- Data for Name: tax_rates; Type: TABLE DATA; Schema: public; Owner: postgres
--

COPY public.tax_rates (id, name, rate) FROM stdin;
1	GST	18.00
2	VAT	15.00
\.


--
-- Data for Name: terminals; Type: TABLE DATA; Schema: public; Owner: postgres
--

COPY public.terminals (id, terminal_name, computer_name, ip_address, terminal_type, branch_id, store_id, description, is_active, created_at, updated_at) FROM stdin;
\.


--
-- Data for Name: translations; Type: TABLE DATA; Schema: public; Owner: postgres
--

COPY public.translations (id, language_code, key, value, context, created_at, updated_at) FROM stdin;
1	en	dashboard	Dashboard	navigation	2025-11-05 22:16:29	2025-11-05 22:16:29
2	en	sales	Sales	navigation	2025-11-05 22:16:29	2025-11-05 22:16:29
3	en	purchases	Purchases	navigation	2025-11-05 22:16:29	2025-11-05 22:16:29
4	en	inventory	Inventory	navigation	2025-11-05 22:16:29	2025-11-05 22:16:29
5	en	reports	Reports	navigation	2025-11-05 22:16:29	2025-11-05 22:16:29
6	en	settings	Settings	navigation	2025-11-05 22:16:29	2025-11-05 22:16:29
7	en	users	Users	navigation	2025-11-05 22:16:29	2025-11-05 22:16:29
8	en	customers	Customers	navigation	2025-11-05 22:16:29	2025-11-05 22:16:29
9	en	suppliers	Suppliers	navigation	2025-11-05 22:16:29	2025-11-05 22:16:29
10	en	items	Items	navigation	2025-11-05 22:16:29	2025-11-05 22:16:29
11	en	categories	Categories	navigation	2025-11-05 22:16:29	2025-11-05 22:16:29
12	en	language_management	Language Management	navigation	2025-11-05 22:16:29	2025-11-05 22:16:29
13	en	features	Features	navigation	2025-11-05 22:16:29	2025-11-05 22:16:29
14	en	license_info	License Info	navigation	2025-11-05 22:16:29	2025-11-05 22:16:29
15	en	new_features	New Features	navigation	2025-11-05 22:16:29	2025-11-05 22:16:29
16	en	check_updates	Check For Updates	navigation	2025-11-05 22:16:29	2025-11-05 22:16:29
17	en	apply_update	Apply Update	navigation	2025-11-05 22:16:29	2025-11-05 22:16:29
18	en	item_modifiers	Item Modifiers	navigation	2025-11-05 22:16:29	2025-11-05 22:16:29
19	en	void_reasons	Void Reasons	navigation	2025-11-05 22:16:29	2025-11-05 22:16:29
20	en	quotations	Quotations	navigation	2025-11-05 22:16:29	2025-11-05 22:16:29
21	en	tables	Tables	navigation	2025-11-05 22:16:29	2025-11-05 22:16:29
22	en	floors	Floors	navigation	2025-11-05 22:16:29	2025-11-05 22:16:29
23	en	unit_of_measurement	Unit Of Measurement	navigation	2025-11-05 22:16:29	2025-11-05 22:16:29
24	en	stock_transfer	Stock Transfer	navigation	2025-11-05 22:16:29	2025-11-05 22:16:29
25	en	new_transfer_request	New Transfer Request	navigation	2025-11-05 22:16:29	2025-11-05 22:16:29
26	en	transfer_approval	Transfer Approval	navigation	2025-11-05 22:16:29	2025-11-05 22:16:29
27	en	stock_adjustment	Stock Adjustment	navigation	2025-11-05 22:16:29	2025-11-05 22:16:29
28	en	new_adjustment	New Adjustment	navigation	2025-11-05 22:16:29	2025-11-05 22:16:29
29	en	production	Production	navigation	2025-11-05 22:16:29	2025-11-05 22:16:29
30	en	users_permissions	Users & Permissions	navigation	2025-11-05 22:16:29	2025-11-05 22:16:29
31	en	order_takers	Order Takers	navigation	2025-11-05 22:16:29	2025-11-05 22:16:29
32	en	riders	Riders	navigation	2025-11-05 22:16:29	2025-11-05 22:16:29
33	en	delivery_orders	Delivery Orders	navigation	2025-11-05 22:16:29	2025-11-05 22:16:29
34	en	expense_list	Expense List	navigation	2025-11-05 22:16:29	2025-11-05 22:16:29
35	en	general_settings	General Settings	navigation	2025-11-05 22:16:29	2025-11-05 22:16:29
36	en	branch_settings	Branch Settings	navigation	2025-11-05 22:16:29	2025-11-05 22:16:29
37	en	store_management	Store Management	navigation	2025-11-05 22:16:29	2025-11-05 22:16:29
38	en	tax_rate	Tax Rate	navigation	2025-11-05 22:16:29	2025-11-05 22:16:29
39	en	add_new	Add New	buttons	2025-11-05 22:16:29	2025-11-05 22:16:29
40	en	edit	Edit	buttons	2025-11-05 22:16:29	2025-11-05 22:16:29
41	en	delete	Delete	buttons	2025-11-05 22:16:29	2025-11-05 22:16:29
42	en	save	Save	buttons	2025-11-05 22:16:29	2025-11-05 22:16:29
43	en	cancel	Cancel	buttons	2025-11-05 22:16:29	2025-11-05 22:16:29
44	en	search	Search	buttons	2025-11-05 22:16:29	2025-11-05 22:16:29
45	en	filter	Filter	buttons	2025-11-05 22:16:29	2025-11-05 22:16:29
46	en	export	Export	buttons	2025-11-05 22:16:29	2025-11-05 22:16:29
47	en	import	Import	buttons	2025-11-05 22:16:29	2025-11-05 22:16:29
48	en	update_translation	Update Translation	buttons	2025-11-05 22:16:29	2025-11-05 22:16:29
49	en	add_translation	Add Translation	buttons	2025-11-05 22:16:29	2025-11-05 22:16:29
50	en	update	Update	buttons	2025-11-05 22:16:29	2025-11-05 22:16:29
51	en	skip	Skip	buttons	2025-11-05 22:16:29	2025-11-05 22:16:29
52	en	void_order	Void Order	buttons	2025-11-05 22:16:29	2025-11-05 22:16:29
53	en	confirm	Confirm	buttons	2025-11-05 22:16:29	2025-11-05 22:16:29
54	en	close	Close	buttons	2025-11-05 22:16:29	2025-11-05 22:16:29
55	en	submit	Submit	buttons	2025-11-05 22:16:29	2025-11-05 22:16:29
56	en	reset	Reset	buttons	2025-11-05 22:16:29	2025-11-05 22:16:29
57	en	back	Back	buttons	2025-11-05 22:16:29	2025-11-05 22:16:29
58	en	next	Next	buttons	2025-11-05 22:16:29	2025-11-05 22:16:29
59	en	previous	Previous	buttons	2025-11-05 22:16:29	2025-11-05 22:16:29
60	en	finish	Finish	buttons	2025-11-05 22:16:29	2025-11-05 22:16:29
61	en	current_language	Current Language	labels	2025-11-05 22:16:29	2025-11-05 22:16:29
62	en	available_languages	Available Languages	labels	2025-11-05 22:16:29	2025-11-05 22:16:29
63	en	translation_key	Translation Key	labels	2025-11-05 22:16:29	2025-11-05 22:16:29
64	en	translation_value	Translation Value	labels	2025-11-05 22:16:29	2025-11-05 22:16:29
65	en	rtl_support	RTL Support	labels	2025-11-05 22:16:29	2025-11-05 22:16:29
66	en	language_switcher	Language Switcher	labels	2025-11-05 22:16:29	2025-11-05 22:16:29
67	en	context	Context	labels	2025-11-05 22:16:29	2025-11-05 22:16:29
68	en	name	Name	labels	2025-11-05 22:16:29	2025-11-05 22:16:29
69	en	email	Email	labels	2025-11-05 22:16:29	2025-11-05 22:16:29
70	en	phone	Phone	labels	2025-11-05 22:16:29	2025-11-05 22:16:29
71	en	address	Address	labels	2025-11-05 22:16:29	2025-11-05 22:16:29
72	en	status	Status	labels	2025-11-05 22:16:29	2025-11-05 22:16:29
73	en	actions	Actions	labels	2025-11-05 22:16:29	2025-11-05 22:16:29
74	en	price	Price	labels	2025-11-05 22:16:29	2025-11-05 22:16:29
75	en	quantity	Quantity	labels	2025-11-05 22:16:29	2025-11-05 22:16:29
76	en	total	Total	labels	2025-11-05 22:16:29	2025-11-05 22:16:29
77	en	subtotal	Net Total	labels	2025-11-05 22:16:29	2026-02-17 20:01:22
78	en	tax	Tax	labels	2025-11-05 22:16:29	2025-11-05 22:16:29
79	en	discount	Discount	labels	2025-11-05 22:16:29	2025-11-05 22:16:29
80	en	grand_total	Grand Total	labels	2025-11-05 22:16:29	2025-11-05 22:16:29
81	en	order_list	Order List	labels	2025-11-05 22:16:29	2025-11-05 22:16:29
82	en	delivery_charges	Delivery Charges	labels	2025-11-05 22:16:29	2025-11-05 22:16:29
83	en	notes	Notes	labels	2025-11-05 22:16:29	2025-11-05 22:16:29
84	en	translation_updated	Translation updated successfully	messages	2025-11-05 22:16:29	2025-11-05 22:16:29
85	en	translation_added	Translation added successfully	messages	2025-11-05 22:16:29	2025-11-05 22:16:29
86	en	invalid_language	Invalid language selected	messages	2025-11-05 22:16:29	2025-11-05 22:16:29
87	en	success	Success	messages	2025-11-05 22:16:29	2025-11-05 22:16:29
88	en	error	Error	messages	2025-11-05 22:16:29	2025-11-05 22:16:29
89	en	warning	Warning	messages	2025-11-05 22:16:29	2025-11-05 22:16:29
90	en	info	Information	messages	2025-11-05 22:16:29	2025-11-05 22:16:29
91	en	confirm_delete	Are you sure you want to delete this item?	messages	2025-11-05 22:16:29	2025-11-05 22:16:29
92	en	confirm_void	Are you sure you want to void this order?	messages	2025-11-05 22:16:29	2025-11-05 22:16:29
93	en	no_data_found	No data found	messages	2025-11-05 22:16:29	2025-11-05 22:16:29
94	en	loading	Loading...	messages	2025-11-05 22:16:29	2025-11-05 22:16:29
95	en	please_wait	Please wait...	messages	2025-11-05 22:16:29	2025-11-05 22:16:29
96	en	search_product	Search product...	placeholders	2025-11-05 22:16:29	2025-11-05 22:16:29
97	en	enter_notes	Enter any additional notes...	placeholders	2025-11-05 22:16:29	2025-11-05 22:16:29
98	en	enter_name	Enter name...	placeholders	2025-11-05 22:16:29	2025-11-05 22:16:29
99	en	enter_email	Enter email...	placeholders	2025-11-05 22:16:29	2025-11-05 22:16:29
100	en	enter_phone	Enter phone...	placeholders	2025-11-05 22:16:29	2025-11-05 22:16:29
101	en	enter_address	Enter address...	placeholders	2025-11-05 22:16:29	2025-11-05 22:16:29
102	en	enter_price	Enter price...	placeholders	2025-11-05 22:16:29	2025-11-05 22:16:29
103	en	enter_quantity	Enter quantity...	placeholders	2025-11-05 22:16:29	2025-11-05 22:16:29
104	en	manage_customers	Manage your customers	page_titles	2025-11-05 22:16:29	2025-11-05 22:16:29
105	en	manage_system_languages	Manage system languages and translations	page_titles	2025-11-05 22:16:29	2025-11-05 22:16:29
106	en	click_category_settings	Click a category to load its settings	page_titles	2025-11-05 22:16:29	2025-11-05 22:16:29
107	en	expenses	Expenses	navigation	2025-11-05 22:16:29	2025-11-05 22:16:29
108	en	expense_accounts	Expense Accounts	navigation	2025-11-05 22:16:29	2025-11-05 22:16:29
109	en	expense_categories	Expense Categories	navigation	2025-11-05 22:16:29	2025-11-05 22:16:29
110	en	accounts	Accounts	navigation	2025-11-05 22:16:29	2025-11-05 22:16:29
111	en	bank_accounts	Bank Accounts	navigation	2025-11-05 22:16:29	2025-11-05 22:16:29
112	en	payments	Payments	navigation	2025-11-05 22:16:29	2025-11-05 22:16:29
113	en	customer_payments	Customer Payments	navigation	2025-11-05 22:16:29	2025-11-05 22:16:29
114	en	supplier_payments	Supplier Payments	navigation	2025-11-05 22:16:29	2025-11-05 22:16:29
115	en	payment_methods	Payment Methods	navigation	2025-11-05 22:16:29	2025-11-05 22:16:29
116	en	financials	Financials	navigation	2025-11-05 22:16:29	2025-11-05 22:16:29
117	en	chart_of_accounts	Chart of Accounts	navigation	2025-11-05 22:16:29	2025-11-05 22:16:29
118	en	account_mappings	Account Mappings	navigation	2025-11-05 22:16:29	2025-11-05 22:16:29
119	en	journal_entries	Journal Entries	navigation	2025-11-05 22:16:29	2025-11-05 22:16:29
120	en	financial_periods	Financial Periods	navigation	2025-11-05 22:16:29	2025-11-05 22:16:29
121	en	trial_balance	Trial Balance	navigation	2025-11-05 22:16:29	2025-11-05 22:16:29
122	en	general_ledger	General Ledger	navigation	2025-11-05 22:16:29	2025-11-05 22:16:29
123	en	profit_loss	Profit & Loss	navigation	2025-11-05 22:16:29	2025-11-05 22:16:29
124	en	financial_reports	Financial Reports	navigation	2025-11-05 22:16:29	2025-11-05 22:16:29
125	en	hardware_devices	Hardware & Devices	navigation	2025-11-05 22:16:29	2025-11-05 22:16:29
126	en	print_devices	Print Devices	navigation	2025-11-05 22:16:29	2025-11-05 22:16:29
127	en	kds	KOT/KDS	navigation	2025-11-05 22:16:29	2025-11-05 22:16:51
128	en	tablet_orders	Tablet Orders	navigation	2025-11-05 22:16:29	2025-11-05 22:16:29
129	en	database_backup	Database Backup	navigation	2025-11-05 22:16:29	2025-11-05 22:16:29
130	en	backup_management	Backup Management	navigation	2025-11-05 22:16:29	2025-11-05 22:16:29
131	en	restore_database	Restore Database	navigation	2025-11-05 22:16:29	2025-11-05 22:16:29
132	en	all	All	labels	2025-11-05 22:16:29	2025-11-05 22:16:29
133	en	clear	Clear	buttons	2025-11-05 22:16:29	2025-11-05 22:16:29
134	en	navigation	Navigation	labels	2025-11-05 22:16:29	2025-11-05 22:16:29
135	en	buttons	Buttons	labels	2025-11-05 22:16:29	2025-11-05 22:16:29
136	en	labels	Labels	labels	2025-11-05 22:16:29	2025-11-05 22:16:29
137	en	messages	Messages	labels	2025-11-05 22:16:29	2025-11-05 22:16:29
138	en	placeholders	Placeholders	labels	2025-11-05 22:16:29	2025-11-05 22:16:29
139	en	page_titles	Page Titles	labels	2025-11-05 22:16:29	2025-11-05 22:16:29
140	en	sales_report	Sales Report	navigation	2025-11-05 22:16:29	2025-11-05 22:16:29
141	en	invoice_report	Invoice Report	navigation	2025-11-05 22:16:29	2025-11-05 22:16:29
142	en	invoice_wise_profit_report	Invoice Wise Profit Report	navigation	2025-11-05 22:16:29	2025-11-05 22:16:29
143	en	sale_return_report	Sale Return Report	navigation	2025-11-05 22:16:29	2025-11-05 22:16:29
144	en	day_wise_sale_summary	Day Wise Sale Summary	navigation	2025-11-05 22:16:29	2025-11-05 22:16:29
145	en	item_wise_sales_report	Item Wise Sales Report	navigation	2025-11-05 22:16:29	2025-11-05 22:16:29
146	en	item_modifier_report	Item Modifier Report	navigation	2025-11-05 22:16:29	2025-11-05 22:16:29
147	en	cashier_shift_report	Cashier Shift Report	navigation	2025-11-05 22:16:29	2025-11-05 22:16:29
148	en	tax_wise_report	Tax Wise Report	navigation	2025-11-05 22:16:29	2025-11-05 22:16:29
149	en	order_taker_report	Order Taker Report	navigation	2025-11-05 22:16:29	2025-11-05 22:16:29
150	en	void_orders_report	Void Orders Report	navigation	2025-11-05 22:16:29	2025-11-05 22:16:29
151	en	purchase_report	Purchase Report	navigation	2025-11-05 22:16:29	2025-11-05 22:16:29
152	en	stock_balance_report	Stock Balance Report	navigation	2025-11-05 22:16:29	2025-11-05 22:16:29
153	en	stock_valuation_report	Stock Valuation Report	navigation	2025-11-05 22:16:29	2025-11-05 22:16:29
154	en	item_ledger_report	Item Ledger Report	navigation	2025-11-05 22:16:29	2025-11-05 22:16:29
155	en	production_report	Production Report	navigation	2025-11-05 22:16:29	2025-11-05 22:16:29
156	en	purchase_return_report	Purchase Return Report	navigation	2025-11-05 22:16:29	2025-11-05 22:16:29
157	en	customer_ledger	Customer Ledger	navigation	2025-11-05 22:16:29	2025-11-05 22:16:29
158	en	customer_statement	Customer Statement	navigation	2025-11-05 22:16:29	2025-11-05 22:16:29
159	en	supplier_ledger	Supplier Ledger	navigation	2025-11-05 22:16:29	2025-11-05 22:16:29
160	en	supplier_statement	Supplier Statement	navigation	2025-11-05 22:16:29	2025-11-05 22:16:29
161	en	profit_loss_report	Net Profit Analysis	navigation	2025-11-05 22:16:29	2025-11-05 22:16:45
162	en	account_ledger	Account Ledger	navigation	2025-11-05 22:16:29	2025-11-05 22:16:29
163	en	accounts_report	Accounts Report	navigation	2025-11-05 22:16:29	2025-11-05 22:16:29
164	fa	dashboard	داشبورد	navigation	2025-11-05 22:16:29	2025-11-05 22:16:29
165	fa	sales	فروش	navigation	2025-11-05 22:16:29	2025-11-05 22:16:29
166	fa	purchases	خرید	navigation	2025-11-05 22:16:29	2025-11-05 22:16:29
167	fa	inventory	موجودی	navigation	2025-11-05 22:16:29	2025-11-05 22:16:29
168	fa	reports	گزارشات	navigation	2025-11-05 22:16:29	2025-11-05 22:16:29
169	fa	settings	تنظیمات	navigation	2025-11-05 22:16:29	2025-11-05 22:16:29
170	fa	users	کاربران	navigation	2025-11-05 22:16:29	2025-11-05 22:16:29
171	fa	customers	مشتریان	navigation	2025-11-05 22:16:29	2025-11-05 22:16:29
172	fa	suppliers	تامین کنندگان	navigation	2025-11-05 22:16:29	2025-11-05 22:16:29
173	fa	items	اقلام	navigation	2025-11-05 22:16:29	2025-11-05 22:16:29
174	fa	categories	دسته بندی ها	navigation	2025-11-05 22:16:29	2025-11-05 22:16:29
175	fa	language_management	مدیریت زبان	navigation	2025-11-05 22:16:29	2025-11-05 22:16:29
176	fa	features	ویژگی ها	navigation	2025-11-05 22:16:29	2025-11-05 22:16:29
177	fa	license_info	اطلاعات مجوز	navigation	2025-11-05 22:16:29	2025-11-05 22:16:29
178	fa	new_features	ویژگی های جدید	navigation	2025-11-05 22:16:29	2025-11-05 22:16:29
179	fa	check_updates	بررسی به روزرسانی	navigation	2025-11-05 22:16:29	2025-11-05 22:16:29
180	fa	apply_update	اعمال به روزرسانی	navigation	2025-11-05 22:16:29	2025-11-05 22:16:29
181	fa	item_modifiers	تغییرات اقلام	navigation	2025-11-05 22:16:29	2025-11-05 22:16:29
182	fa	void_reasons	دلایل لغو	navigation	2025-11-05 22:16:29	2025-11-05 22:16:29
183	fa	quotations	پیش فاکتورها	navigation	2025-11-05 22:16:29	2025-11-05 22:16:29
184	fa	tables	جداول	navigation	2025-11-05 22:16:29	2025-11-05 22:16:29
185	fa	floors	طبقات	navigation	2025-11-05 22:16:29	2025-11-05 22:16:29
186	fa	unit_of_measurement	واحد اندازه گیری	navigation	2025-11-05 22:16:29	2025-11-05 22:16:29
187	fa	stock_transfer	انتقال موجودی	navigation	2025-11-05 22:16:29	2025-11-05 22:16:29
188	fa	new_transfer_request	درخواست انتقال جدید	navigation	2025-11-05 22:16:29	2025-11-05 22:16:29
189	fa	transfer_approval	تایید انتقال	navigation	2025-11-05 22:16:29	2025-11-05 22:16:29
190	fa	stock_adjustment	تنظیم موجودی	navigation	2025-11-05 22:16:29	2025-11-05 22:16:29
191	fa	new_adjustment	تنظیم جدید	navigation	2025-11-05 22:16:29	2025-11-05 22:16:29
192	fa	production	تولید	navigation	2025-11-05 22:16:29	2025-11-05 22:16:29
193	fa	users_permissions	کاربران و مجوزها	navigation	2025-11-05 22:16:29	2025-11-05 22:16:29
194	fa	order_takers	گیرندگان سفارش	navigation	2025-11-05 22:16:29	2025-11-05 22:16:29
195	fa	riders	رانندگان	navigation	2025-11-05 22:16:29	2025-11-05 22:16:29
196	fa	delivery_orders	سفارشات تحویل	navigation	2025-11-05 22:16:29	2025-11-05 22:16:29
197	fa	expense_list	لیست هزینه ها	navigation	2025-11-05 22:16:29	2025-11-05 22:16:29
198	fa	general_settings	تنظیمات عمومی	navigation	2025-11-05 22:16:29	2025-11-05 22:16:29
199	fa	branch_settings	تنظیمات شعبه	navigation	2025-11-05 22:16:29	2025-11-05 22:16:29
200	fa	store_management	مدیریت فروشگاه	navigation	2025-11-05 22:16:29	2025-11-05 22:16:29
201	fa	tax_rate	نرخ مالیات	navigation	2025-11-05 22:16:29	2025-11-05 22:16:29
202	fa	add_new	افزودن جدید	buttons	2025-11-05 22:16:29	2025-11-05 22:16:29
203	fa	edit	ویرایش	buttons	2025-11-05 22:16:29	2025-11-05 22:16:29
204	fa	delete	حذف	buttons	2025-11-05 22:16:29	2025-11-05 22:16:29
205	fa	save	ذخیره	buttons	2025-11-05 22:16:29	2025-11-05 22:16:29
206	fa	cancel	لغو	buttons	2025-11-05 22:16:29	2025-11-05 22:16:29
207	fa	search	جستجو	buttons	2025-11-05 22:16:29	2025-11-05 22:16:29
208	fa	filter	فیلتر	buttons	2025-11-05 22:16:29	2025-11-05 22:16:29
209	fa	export	صادرات	buttons	2025-11-05 22:16:29	2025-11-05 22:16:29
210	fa	import	واردات	buttons	2025-11-05 22:16:29	2025-11-05 22:16:29
211	fa	update_translation	به روزرسانی ترجمه	buttons	2025-11-05 22:16:29	2025-11-05 22:16:29
212	fa	add_translation	افزودن ترجمه	buttons	2025-11-05 22:16:29	2025-11-05 22:16:29
213	fa	update	به روزرسانی	buttons	2025-11-05 22:16:29	2025-11-05 22:16:29
214	fa	skip	رد کردن	buttons	2025-11-05 22:16:29	2025-11-05 22:16:29
215	fa	void_order	لغو سفارش	buttons	2025-11-05 22:16:29	2025-11-05 22:16:29
216	fa	confirm	تایید	buttons	2025-11-05 22:16:29	2025-11-05 22:16:29
217	fa	close	بستن	buttons	2025-11-05 22:16:29	2025-11-05 22:16:29
218	fa	submit	ارسال	buttons	2025-11-05 22:16:29	2025-11-05 22:16:29
219	fa	reset	بازنشانی	buttons	2025-11-05 22:16:29	2025-11-05 22:16:29
220	fa	back	بازگشت	buttons	2025-11-05 22:16:29	2025-11-05 22:16:29
221	fa	next	بعدی	buttons	2025-11-05 22:16:29	2025-11-05 22:16:29
222	fa	previous	قبلی	buttons	2025-11-05 22:16:29	2025-11-05 22:16:29
223	fa	finish	پایان	buttons	2025-11-05 22:16:29	2025-11-05 22:16:29
224	fa	current_language	زبان فعلی	labels	2025-11-05 22:16:29	2025-11-05 22:16:29
225	fa	available_languages	زبان های موجود	labels	2025-11-05 22:16:29	2025-11-05 22:16:29
226	fa	translation_key	کلید ترجمه	labels	2025-11-05 22:16:29	2025-11-05 22:16:29
227	fa	translation_value	مقدار ترجمه	labels	2025-11-05 22:16:29	2025-11-05 22:16:29
228	fa	rtl_support	پشتیبانی راست به چپ	labels	2025-11-05 22:16:29	2025-11-05 22:16:29
229	fa	language_switcher	تعویض زبان	labels	2025-11-05 22:16:29	2025-11-05 22:16:29
230	fa	context	متن	labels	2025-11-05 22:16:29	2025-11-05 22:16:29
231	fa	name	نام	labels	2025-11-05 22:16:29	2025-11-05 22:16:29
232	fa	email	ایمیل	labels	2025-11-05 22:16:29	2025-11-05 22:16:29
233	fa	phone	تلفن	labels	2025-11-05 22:16:29	2025-11-05 22:16:29
234	fa	address	آدرس	labels	2025-11-05 22:16:29	2025-11-05 22:16:29
235	fa	status	وضعیت	labels	2025-11-05 22:16:29	2025-11-05 22:16:29
236	fa	actions	اقدامات	labels	2025-11-05 22:16:29	2025-11-05 22:16:29
237	fa	price	قیمت	labels	2025-11-05 22:16:29	2025-11-05 22:16:29
238	fa	quantity	تعداد	labels	2025-11-05 22:16:29	2025-11-05 22:16:29
239	fa	total	مجموع	labels	2025-11-05 22:16:29	2025-11-05 22:16:29
240	fa	subtotal	مجموع خالص	labels	2025-11-05 22:16:29	2026-02-17 20:01:22
241	fa	tax	مالیات	labels	2025-11-05 22:16:29	2025-11-05 22:16:29
242	fa	discount	تخفیف	labels	2025-11-05 22:16:29	2025-11-05 22:16:29
243	fa	grand_total	مجموع کل	labels	2025-11-05 22:16:29	2025-11-05 22:16:29
244	fa	order_list	لیست سفارشات	labels	2025-11-05 22:16:29	2025-11-05 22:16:29
245	fa	delivery_charges	هزینه تحویل	labels	2025-11-05 22:16:29	2025-11-05 22:16:29
246	fa	notes	یادداشت ها	labels	2025-11-05 22:16:29	2025-11-05 22:16:29
247	fa	translation_updated	ترجمه با موفقیت به روزرسانی شد	messages	2025-11-05 22:16:29	2025-11-05 22:16:29
248	fa	translation_added	ترجمه با موفقیت افزوده شد	messages	2025-11-05 22:16:29	2025-11-05 22:16:29
249	fa	invalid_language	زبان انتخاب شده نامعتبر است	messages	2025-11-05 22:16:29	2025-11-05 22:16:29
250	fa	success	موفقیت	messages	2025-11-05 22:16:29	2025-11-05 22:16:29
251	fa	error	خطا	messages	2025-11-05 22:16:29	2025-11-05 22:16:29
252	fa	warning	هشدار	messages	2025-11-05 22:16:29	2025-11-05 22:16:29
253	fa	info	اطلاعات	messages	2025-11-05 22:16:29	2025-11-05 22:16:29
254	fa	confirm_delete	آیا مطمئن هستید که می خواهید این مورد را حذف کنید؟	messages	2025-11-05 22:16:29	2025-11-05 22:16:29
255	fa	confirm_void	آیا مطمئن هستید که می خواهید این سفارش را لغو کنید؟	messages	2025-11-05 22:16:29	2025-11-05 22:16:29
256	fa	no_data_found	داده ای یافت نشد	messages	2025-11-05 22:16:29	2025-11-05 22:16:29
257	fa	loading	در حال بارگذاری...	messages	2025-11-05 22:16:29	2025-11-05 22:16:29
258	fa	please_wait	لطفا صبر کنید...	messages	2025-11-05 22:16:29	2025-11-05 22:16:29
259	fa	search_product	جستجوی محصول...	placeholders	2025-11-05 22:16:29	2025-11-05 22:16:29
260	fa	enter_notes	یادداشت های اضافی وارد کنید...	placeholders	2025-11-05 22:16:29	2025-11-05 22:16:29
261	fa	enter_name	نام وارد کنید...	placeholders	2025-11-05 22:16:29	2025-11-05 22:16:29
262	fa	enter_email	ایمیل وارد کنید...	placeholders	2025-11-05 22:16:29	2025-11-05 22:16:29
263	fa	enter_phone	تلفن وارد کنید...	placeholders	2025-11-05 22:16:29	2025-11-05 22:16:29
264	fa	enter_address	آدرس وارد کنید...	placeholders	2025-11-05 22:16:29	2025-11-05 22:16:29
265	fa	enter_price	قیمت وارد کنید...	placeholders	2025-11-05 22:16:29	2025-11-05 22:16:29
266	fa	enter_quantity	تعداد وارد کنید...	placeholders	2025-11-05 22:16:29	2025-11-05 22:16:29
267	fa	manage_customers	مدیریت مشتریان خود	page_titles	2025-11-05 22:16:29	2025-11-05 22:16:29
268	fa	manage_system_languages	مدیریت زبان های سیستم و ترجمه ها	page_titles	2025-11-05 22:16:29	2025-11-05 22:16:29
269	fa	click_category_settings	برای بارگذاری تنظیمات روی دسته کلیک کنید	page_titles	2025-11-05 22:16:29	2025-11-05 22:16:29
270	fa	expenses	هزینه ها	navigation	2025-11-05 22:16:29	2025-11-05 22:16:29
271	fa	expense_accounts	حساب های هزینه	navigation	2025-11-05 22:16:29	2025-11-05 22:16:29
272	fa	expense_categories	دسته بندی های هزینه	navigation	2025-11-05 22:16:29	2025-11-05 22:16:29
273	fa	accounts	حساب ها	navigation	2025-11-05 22:16:29	2025-11-05 22:16:29
274	fa	bank_accounts	حساب های بانکی	navigation	2025-11-05 22:16:29	2025-11-05 22:16:29
275	fa	payments	پرداخت ها	navigation	2025-11-05 22:16:29	2025-11-05 22:16:29
276	fa	customer_payments	پرداخت های مشتری	navigation	2025-11-05 22:16:29	2025-11-05 22:16:29
277	fa	supplier_payments	پرداخت های تامین کننده	navigation	2025-11-05 22:16:29	2025-11-05 22:16:29
278	fa	payment_methods	روش های پرداخت	navigation	2025-11-05 22:16:29	2025-11-05 22:16:29
279	fa	financials	مالی	navigation	2025-11-05 22:16:29	2025-11-05 22:16:29
280	fa	chart_of_accounts	نمودار حساب ها	navigation	2025-11-05 22:16:29	2025-11-05 22:16:29
281	fa	account_mappings	نگاشت حساب ها	navigation	2025-11-05 22:16:29	2025-11-05 22:16:29
282	fa	journal_entries	ورودی های دفتر روزنامه	navigation	2025-11-05 22:16:29	2025-11-05 22:16:29
283	fa	financial_periods	دوره های مالی	navigation	2025-11-05 22:16:29	2025-11-05 22:16:29
284	fa	trial_balance	تراز آزمایشی	navigation	2025-11-05 22:16:29	2025-11-05 22:16:29
285	fa	general_ledger	دفتر کل عمومی	navigation	2025-11-05 22:16:29	2025-11-05 22:16:29
286	fa	profit_loss	سود و زیان	navigation	2025-11-05 22:16:29	2025-11-05 22:16:29
287	fa	financial_reports	گزارشات مالی	navigation	2025-11-05 22:16:29	2025-11-05 22:16:29
288	fa	hardware_devices	سخت‌افزار و دستگاه‌ها	navigation	2025-11-05 22:16:29	2025-11-05 22:16:45
289	fa	print_devices	دستگاه های چاپ	navigation	2025-11-05 22:16:29	2025-11-05 22:16:29
290	fa	kds	KOT/KDS	navigation	2025-11-05 22:16:29	2025-11-05 22:16:51
291	fa	tablet_orders	سفارشات تبلت	navigation	2025-11-05 22:16:29	2025-11-05 22:16:29
292	fa	database_backup	پشتیبان گیری پایگاه داده	navigation	2025-11-05 22:16:29	2025-11-05 22:16:29
293	fa	backup_management	مدیریت پشتیبان گیری	navigation	2025-11-05 22:16:29	2025-11-05 22:16:29
294	fa	restore_database	بازیابی پایگاه داده	navigation	2025-11-05 22:16:29	2025-11-05 22:16:29
295	fa	all	همه	labels	2025-11-05 22:16:29	2025-11-05 22:16:29
296	fa	clear	پاک کردن	buttons	2025-11-05 22:16:29	2025-11-05 22:16:29
297	fa	navigation	ناوبری	labels	2025-11-05 22:16:29	2025-11-05 22:16:29
298	fa	buttons	دکمه ها	labels	2025-11-05 22:16:29	2025-11-05 22:16:29
299	fa	labels	برچسب ها	labels	2025-11-05 22:16:29	2025-11-05 22:16:29
300	fa	messages	پیام ها	labels	2025-11-05 22:16:29	2025-11-05 22:16:29
301	fa	placeholders	متن های راهنما	labels	2025-11-05 22:16:29	2025-11-05 22:16:29
302	fa	page_titles	عنوان های صفحه	labels	2025-11-05 22:16:29	2025-11-05 22:16:29
303	fa	sales_report	گزارش فروش	navigation	2025-11-05 22:16:29	2025-11-05 22:16:29
304	fa	invoice_report	گزارش فاکتور	navigation	2025-11-05 22:16:29	2025-11-05 22:16:29
305	fa	invoice_wise_profit_report	گزارش سود بر اساس فاکتور	navigation	2025-11-05 22:16:29	2025-11-05 22:16:29
306	fa	sale_return_report	گزارش برگشت فروش	navigation	2025-11-05 22:16:29	2025-11-05 22:16:29
307	fa	day_wise_sale_summary	خلاصه فروش روزانه	navigation	2025-11-05 22:16:29	2025-11-05 22:16:29
308	fa	item_wise_sales_report	گزارش فروش بر اساس آیتم	navigation	2025-11-05 22:16:29	2025-11-05 22:16:29
309	fa	item_modifier_report	گزارش اصلاحات آیتم	navigation	2025-11-05 22:16:29	2025-11-05 22:16:29
310	fa	cashier_shift_report	گزارش شیفت صندوق دار	navigation	2025-11-05 22:16:29	2025-11-05 22:16:29
311	fa	tax_wise_report	گزارش بر اساس مالیات	navigation	2025-11-05 22:16:29	2025-11-05 22:16:29
312	fa	order_taker_report	گزارش دریافت کننده سفارش	navigation	2025-11-05 22:16:29	2025-11-05 22:16:29
313	fa	void_orders_report	گزارش سفارشات لغو شده	navigation	2025-11-05 22:16:29	2025-11-05 22:16:29
314	fa	purchase_report	گزارش خرید	navigation	2025-11-05 22:16:29	2025-11-05 22:16:29
315	fa	stock_balance_report	گزارش موجودی انبار	navigation	2025-11-05 22:16:29	2025-11-05 22:16:29
316	fa	stock_valuation_report	گزارش ارزش گذاری موجودی	navigation	2025-11-05 22:16:29	2025-11-05 22:16:29
317	fa	item_ledger_report	گزارش دفتر آیتم	navigation	2025-11-05 22:16:29	2025-11-05 22:16:29
318	fa	production_report	گزارش تولید	navigation	2025-11-05 22:16:29	2025-11-05 22:16:29
319	fa	purchase_return_report	گزارش برگشت خرید	navigation	2025-11-05 22:16:29	2025-11-05 22:16:29
320	fa	customer_ledger	دفتر مشتری	navigation	2025-11-05 22:16:29	2025-11-05 22:16:29
321	fa	customer_statement	صورت حساب مشتری	navigation	2025-11-05 22:16:29	2025-11-05 22:16:29
322	fa	supplier_ledger	دفتر تامین کننده	navigation	2025-11-05 22:16:29	2025-11-05 22:16:29
323	fa	supplier_statement	صورت حساب تامین کننده	navigation	2025-11-05 22:16:29	2025-11-05 22:16:29
324	fa	profit_loss_report	تحلیل سود خالص	navigation	2025-11-05 22:16:29	2025-11-05 22:16:45
325	fa	account_ledger	دفتر حساب	navigation	2025-11-05 22:16:29	2025-11-05 22:16:29
326	fa	accounts_report	گزارش حساب ها	navigation	2025-11-05 22:16:29	2025-11-05 22:16:29
327	ur	dashboard	ڈیش بورڈ	navigation	2025-11-05 22:16:29	2025-11-05 22:16:29
328	ur	sales	سیلز	navigation	2025-11-05 22:16:29	2025-11-05 22:16:29
329	ur	purchases	خریداری	navigation	2025-11-05 22:16:29	2025-11-05 22:16:29
330	ur	inventory	انوینٹری	navigation	2025-11-05 22:16:29	2025-11-05 22:16:29
331	ur	reports	رپورٹس	navigation	2025-11-05 22:16:29	2025-11-05 22:16:29
332	ur	settings	سیٹنگز	navigation	2025-11-05 22:16:29	2025-11-05 22:16:29
333	ur	users	صارفین	navigation	2025-11-05 22:16:29	2025-11-05 22:16:29
334	ur	customers	کسٹمرز	navigation	2025-11-05 22:16:29	2025-11-05 22:16:29
335	ur	suppliers	سپلائرز	navigation	2025-11-05 22:16:29	2025-11-05 22:16:29
336	ur	items	آئٹمز	navigation	2025-11-05 22:16:29	2025-11-05 22:16:29
337	ur	categories	کیٹگریز	navigation	2025-11-05 22:16:29	2025-11-05 22:16:29
338	ur	language_management	زبان کا انتظام	navigation	2025-11-05 22:16:29	2025-11-05 22:16:29
339	ur	features	فیچرز	navigation	2025-11-05 22:16:29	2025-11-05 22:16:29
340	ur	license_info	لائسنس کی معلومات	navigation	2025-11-05 22:16:29	2025-11-05 22:16:29
341	ur	new_features	نئے فیچرز	navigation	2025-11-05 22:16:29	2025-11-05 22:16:29
342	ur	check_updates	اپڈیٹ چیک کریں	navigation	2025-11-05 22:16:29	2025-11-05 22:16:29
343	ur	apply_update	اپڈیٹ لاگو کریں	navigation	2025-11-05 22:16:29	2025-11-05 22:16:29
344	ur	item_modifiers	آئٹم موڈیفائرز	navigation	2025-11-05 22:16:29	2025-11-05 22:16:29
345	ur	void_reasons	کینسل کرنے کی وجوہات	navigation	2025-11-05 22:16:29	2025-11-05 22:16:29
346	ur	quotations	کوٹیشنز	navigation	2025-11-05 22:16:29	2025-11-05 22:16:29
347	ur	tables	ٹیبلز	navigation	2025-11-05 22:16:29	2025-11-05 22:16:29
348	ur	floors	فلورز	navigation	2025-11-05 22:16:29	2025-11-05 22:16:29
349	ur	unit_of_measurement	پیمائش کی اکائی	navigation	2025-11-05 22:16:29	2025-11-05 22:16:29
350	ur	stock_transfer	اسٹاک ٹرانسفر	navigation	2025-11-05 22:16:29	2025-11-05 22:16:29
351	ur	new_transfer_request	نیا ٹرانسفر درخواست	navigation	2025-11-05 22:16:29	2025-11-05 22:16:29
352	ur	transfer_approval	ٹرانسفر کی منظوری	navigation	2025-11-05 22:16:29	2025-11-05 22:16:29
353	ur	stock_adjustment	اسٹاک ایڈجسٹمنٹ	navigation	2025-11-05 22:16:29	2025-11-05 22:16:29
354	ur	new_adjustment	نیا ایڈجسٹمنٹ	navigation	2025-11-05 22:16:29	2025-11-05 22:16:29
355	ur	production	پروڈکشن	navigation	2025-11-05 22:16:29	2025-11-05 22:16:29
356	ur	users_permissions	صارفین اور اجازتیں	navigation	2025-11-05 22:16:29	2025-11-05 22:16:29
357	ur	order_takers	آرڈر لینے والے	navigation	2025-11-05 22:16:29	2025-11-05 22:16:29
358	ur	riders	رائیڈرز	navigation	2025-11-05 22:16:29	2025-11-05 22:16:29
359	ur	delivery_orders	ڈیلیوری آرڈرز	navigation	2025-11-05 22:16:29	2025-11-05 22:16:29
360	ur	expense_list	خرچوں کی فہرست	navigation	2025-11-05 22:16:29	2025-11-05 22:16:29
361	ur	general_settings	جنرل سیٹنگز	navigation	2025-11-05 22:16:29	2025-11-05 22:16:29
362	ur	branch_settings	برانچ سیٹنگز	navigation	2025-11-05 22:16:29	2025-11-05 22:16:29
363	ur	store_management	اسٹور مینجمنٹ	navigation	2025-11-05 22:16:29	2025-11-05 22:16:29
364	ur	tax_rate	ٹیکس کی شرح	navigation	2025-11-05 22:16:29	2025-11-05 22:16:29
365	ur	add_new	نیا شامل کریں	buttons	2025-11-05 22:16:29	2025-11-05 22:16:29
366	ur	edit	ایڈٹ	buttons	2025-11-05 22:16:29	2025-11-05 22:16:29
367	ur	delete	ڈیلیٹ	buttons	2025-11-05 22:16:29	2025-11-05 22:16:29
368	ur	save	سیو	buttons	2025-11-05 22:16:29	2025-11-05 22:16:29
369	ur	cancel	کینسل	buttons	2025-11-05 22:16:29	2025-11-05 22:16:29
370	ur	search	سرچ	buttons	2025-11-05 22:16:29	2025-11-05 22:16:29
371	ur	filter	فلٹر	buttons	2025-11-05 22:16:29	2025-11-05 22:16:29
372	ur	export	ایکسپورٹ	buttons	2025-11-05 22:16:29	2025-11-05 22:16:29
373	ur	import	امپورٹ	buttons	2025-11-05 22:16:29	2025-11-05 22:16:29
374	ur	update_translation	ترجمہ اپڈیٹ کریں	buttons	2025-11-05 22:16:29	2025-11-05 22:16:29
375	ur	add_translation	ترجمہ شامل کریں	buttons	2025-11-05 22:16:29	2025-11-05 22:16:29
376	ur	update	اپڈیٹ	buttons	2025-11-05 22:16:29	2025-11-05 22:16:29
377	ur	skip	سکیپ	buttons	2025-11-05 22:16:29	2025-11-05 22:16:29
378	ur	void_order	آرڈر کینسل کریں	buttons	2025-11-05 22:16:29	2025-11-05 22:16:29
379	ur	confirm	کنفرم	buttons	2025-11-05 22:16:29	2025-11-05 22:16:29
380	ur	close	بند کریں	buttons	2025-11-05 22:16:29	2025-11-05 22:16:29
381	ur	submit	سبمٹ	buttons	2025-11-05 22:16:29	2025-11-05 22:16:29
382	ur	reset	ری سیٹ	buttons	2025-11-05 22:16:29	2025-11-05 22:16:29
383	ur	back	واپس	buttons	2025-11-05 22:16:29	2025-11-05 22:16:29
384	ur	next	اگلا	buttons	2025-11-05 22:16:29	2025-11-05 22:16:29
385	ur	previous	پچھلا	buttons	2025-11-05 22:16:29	2025-11-05 22:16:29
386	ur	finish	ختم	buttons	2025-11-05 22:16:29	2025-11-05 22:16:29
387	ur	current_language	موجودہ زبان	labels	2025-11-05 22:16:29	2025-11-05 22:16:29
388	ur	available_languages	دستیاب زبانیں	labels	2025-11-05 22:16:29	2025-11-05 22:16:29
389	ur	translation_key	ترجمہ کی کلید	labels	2025-11-05 22:16:29	2025-11-05 22:16:29
390	ur	translation_value	ترجمہ کی قیمت	labels	2025-11-05 22:16:29	2025-11-05 22:16:29
391	ur	rtl_support	RTL سپورٹ	labels	2025-11-05 22:16:29	2025-11-05 22:16:29
392	ur	language_switcher	زبان سوئچر	labels	2025-11-05 22:16:29	2025-11-05 22:16:29
393	ur	context	سیاق و سباق	labels	2025-11-05 22:16:29	2025-11-05 22:16:29
394	ur	name	نام	labels	2025-11-05 22:16:29	2025-11-05 22:16:29
395	ur	email	ای میل	labels	2025-11-05 22:16:29	2025-11-05 22:16:29
396	ur	phone	فون	labels	2025-11-05 22:16:29	2025-11-05 22:16:29
397	ur	address	پتہ	labels	2025-11-05 22:16:29	2025-11-05 22:16:29
398	ur	status	حالت	labels	2025-11-05 22:16:29	2025-11-05 22:16:29
399	ur	actions	اعمال	labels	2025-11-05 22:16:29	2025-11-05 22:16:29
400	ur	price	قیمت	labels	2025-11-05 22:16:29	2025-11-05 22:16:29
401	ur	quantity	مقدار	labels	2025-11-05 22:16:29	2025-11-05 22:16:29
402	ur	total	کل	labels	2025-11-05 22:16:29	2025-11-05 22:16:29
403	ur	subtotal	خالص کل	labels	2025-11-05 22:16:29	2026-02-17 20:01:22
404	ur	tax	ٹیکس	labels	2025-11-05 22:16:29	2025-11-05 22:16:29
405	ur	discount	ڈسکاؤنٹ	labels	2025-11-05 22:16:29	2025-11-05 22:16:29
406	ur	grand_total	گرینڈ ٹوٹل	labels	2025-11-05 22:16:29	2025-11-05 22:16:29
407	ur	order_list	آرڈر کی فہرست	labels	2025-11-05 22:16:29	2025-11-05 22:16:29
408	ur	delivery_charges	ڈیلیوری چارجز	labels	2025-11-05 22:16:29	2025-11-05 22:16:29
409	ur	notes	نوٹس	labels	2025-11-05 22:16:29	2025-11-05 22:16:29
410	ur	translation_updated	ترجمہ کامیابی سے اپڈیٹ ہو گیا	messages	2025-11-05 22:16:29	2025-11-05 22:16:29
411	ur	translation_added	ترجمہ کامیابی سے شامل ہو گیا	messages	2025-11-05 22:16:29	2025-11-05 22:16:29
412	ur	invalid_language	غلط زبان منتخب کی گئی	messages	2025-11-05 22:16:29	2025-11-05 22:16:29
413	ur	success	کامیابی	messages	2025-11-05 22:16:29	2025-11-05 22:16:29
414	ur	error	خرابی	messages	2025-11-05 22:16:29	2025-11-05 22:16:29
415	ur	warning	انتباہ	messages	2025-11-05 22:16:29	2025-11-05 22:16:29
416	ur	info	معلومات	messages	2025-11-05 22:16:29	2025-11-05 22:16:29
417	ur	confirm_delete	کیا آپ واقعی اس آئٹم کو ڈیلیٹ کرنا چاہتے ہیں؟	messages	2025-11-05 22:16:29	2025-11-05 22:16:29
418	ur	confirm_void	کیا آپ واقعی اس آرڈر کو کینسل کرنا چاہتے ہیں؟	messages	2025-11-05 22:16:29	2025-11-05 22:16:29
419	ur	no_data_found	کوئی ڈیٹا نہیں ملا	messages	2025-11-05 22:16:29	2025-11-05 22:16:29
420	ur	loading	لوڈ ہو رہا ہے...	messages	2025-11-05 22:16:29	2025-11-05 22:16:29
421	ur	please_wait	براہ کرم انتظار کریں...	messages	2025-11-05 22:16:29	2025-11-05 22:16:29
422	ur	search_product	پروڈکٹ تلاش کریں...	placeholders	2025-11-05 22:16:29	2025-11-05 22:16:29
423	ur	enter_notes	اضافی نوٹس درج کریں...	placeholders	2025-11-05 22:16:29	2025-11-05 22:16:29
424	ur	enter_name	نام درج کریں...	placeholders	2025-11-05 22:16:29	2025-11-05 22:16:29
425	ur	enter_email	ای میل درج کریں...	placeholders	2025-11-05 22:16:29	2025-11-05 22:16:29
426	ur	enter_phone	فون درج کریں...	placeholders	2025-11-05 22:16:29	2025-11-05 22:16:29
427	ur	enter_address	پتہ درج کریں...	placeholders	2025-11-05 22:16:29	2025-11-05 22:16:29
428	ur	enter_price	قیمت درج کریں...	placeholders	2025-11-05 22:16:29	2025-11-05 22:16:29
429	ur	enter_quantity	مقدار درج کریں...	placeholders	2025-11-05 22:16:29	2025-11-05 22:16:29
430	ur	manage_customers	اپنے کسٹمرز کا انتظام کریں	page_titles	2025-11-05 22:16:29	2025-11-05 22:16:29
431	ur	manage_system_languages	سسٹم کی زبانیں اور تراجم کا انتظام کریں	page_titles	2025-11-05 22:16:29	2025-11-05 22:16:29
432	ur	click_category_settings	سیٹنگز لوڈ کرنے کے لیے کیٹگری پر کلک کریں	page_titles	2025-11-05 22:16:29	2025-11-05 22:16:29
433	ur	expenses	خرچے	navigation	2025-11-05 22:16:29	2025-11-05 22:16:29
434	ur	expense_accounts	خرچے کے اکاؤنٹس	navigation	2025-11-05 22:16:29	2025-11-05 22:16:29
435	ur	expense_categories	خرچے کی کیٹگریز	navigation	2025-11-05 22:16:29	2025-11-05 22:16:29
436	ur	accounts	اکاؤنٹس	navigation	2025-11-05 22:16:29	2025-11-05 22:16:29
437	ur	bank_accounts	بینک اکاؤنٹس	navigation	2025-11-05 22:16:29	2025-11-05 22:16:29
438	ur	payments	پیمنٹس	navigation	2025-11-05 22:16:29	2025-11-05 22:16:29
439	ur	customer_payments	کسٹمر پیمنٹس	navigation	2025-11-05 22:16:29	2025-11-05 22:16:29
440	ur	supplier_payments	سپلائر پیمنٹس	navigation	2025-11-05 22:16:29	2025-11-05 22:16:29
441	ur	payment_methods	پیمنٹ کے طریقے	navigation	2025-11-05 22:16:29	2025-11-05 22:16:29
442	ur	financials	مالیات	navigation	2025-11-05 22:16:29	2025-11-05 22:16:45
443	ur	chart_of_accounts	اکاؤنٹس کا چارٹ	navigation	2025-11-05 22:16:29	2025-11-05 22:16:29
444	ur	account_mappings	اکاؤنٹ میپنگ	navigation	2025-11-05 22:16:29	2025-11-05 22:16:29
445	ur	journal_entries	جرنل انٹریز	navigation	2025-11-05 22:16:29	2025-11-05 22:16:29
446	ur	financial_periods	مالی ادوار	navigation	2025-11-05 22:16:29	2025-11-05 22:16:29
447	ur	trial_balance	ٹرائل بیلنس	navigation	2025-11-05 22:16:29	2025-11-05 22:16:29
448	ur	general_ledger	جنرل لیجر	navigation	2025-11-05 22:16:29	2025-11-05 22:16:29
449	ur	profit_loss	منافع اور نقصان	navigation	2025-11-05 22:16:29	2025-11-05 22:16:29
450	ur	financial_reports	مالی رپورٹس	navigation	2025-11-05 22:16:29	2025-11-05 22:16:29
451	ur	hardware_devices	ہارڈویئر اور ڈیوائسز	navigation	2025-11-05 22:16:29	2025-11-05 22:16:29
452	ur	print_devices	پرنٹ ڈیوائسز	navigation	2025-11-05 22:16:29	2025-11-05 22:16:29
453	ur	kds	کچن آرڈر ٹکٹ/کچن ڈسپلے	navigation	2025-11-05 22:16:29	2025-11-05 22:16:51
454	ur	tablet_orders	ٹیبلٹ آرڈرز	navigation	2025-11-05 22:16:29	2025-11-05 22:16:29
455	ur	database_backup	ڈیٹابیس بیک اپ	navigation	2025-11-05 22:16:29	2025-11-05 22:16:29
456	ur	backup_management	بیک اپ مینجمنٹ	navigation	2025-11-05 22:16:29	2025-11-05 22:16:29
457	ur	restore_database	ڈیٹابیس ریسٹور	navigation	2025-11-05 22:16:29	2025-11-05 22:16:29
458	ur	all	سب	labels	2025-11-05 22:16:29	2025-11-05 22:16:29
459	ur	clear	صاف کریں	buttons	2025-11-05 22:16:29	2025-11-05 22:16:29
460	ur	navigation	نیویگیشن	labels	2025-11-05 22:16:29	2025-11-05 22:16:29
461	ur	buttons	بٹنز	labels	2025-11-05 22:16:29	2025-11-05 22:16:29
462	ur	labels	لیبلز	labels	2025-11-05 22:16:29	2025-11-05 22:16:29
463	ur	messages	پیغامات	labels	2025-11-05 22:16:29	2025-11-05 22:16:29
464	ur	placeholders	پلیس ہولڈرز	labels	2025-11-05 22:16:29	2025-11-05 22:16:29
465	ur	page_titles	صفحہ کے عنوانات	labels	2025-11-05 22:16:29	2025-11-05 22:16:29
466	ur	sales_report	سیلز رپورٹ	navigation	2025-11-05 22:16:29	2025-11-05 22:16:29
467	ur	invoice_report	انوائس رپورٹ	navigation	2025-11-05 22:16:29	2025-11-05 22:16:29
468	ur	invoice_wise_profit_report	انوائس وائز پرافٹ رپورٹ	navigation	2025-11-05 22:16:29	2025-11-05 22:16:29
469	ur	sale_return_report	سیل ریٹرن رپورٹ	navigation	2025-11-05 22:16:29	2025-11-05 22:16:29
470	ur	day_wise_sale_summary	ڈے وائز سیل سمیری	navigation	2025-11-05 22:16:29	2025-11-05 22:16:29
471	ur	item_wise_sales_report	آئٹم وائز سیلز رپورٹ	navigation	2025-11-05 22:16:29	2025-11-05 22:16:29
472	ur	item_modifier_report	آئٹم موڈیفائر رپورٹ	navigation	2025-11-05 22:16:29	2025-11-05 22:16:29
473	ur	cashier_shift_report	کیشئیر شفٹ رپورٹ	navigation	2025-11-05 22:16:29	2025-11-05 22:16:29
474	ur	tax_wise_report	ٹیکس وائز رپورٹ	navigation	2025-11-05 22:16:29	2025-11-05 22:16:29
475	ur	order_taker_report	آرڈر ٹیکر رپورٹ	navigation	2025-11-05 22:16:29	2025-11-05 22:16:29
476	ur	void_orders_report	وائڈ آرڈرز رپورٹ	navigation	2025-11-05 22:16:29	2025-11-05 22:16:29
477	ur	purchase_report	پچیز رپورٹ	navigation	2025-11-05 22:16:29	2025-11-05 22:16:29
478	ur	stock_balance_report	اسٹاک بیلنس رپورٹ	navigation	2025-11-05 22:16:29	2025-11-05 22:16:29
479	ur	stock_valuation_report	اسٹاک ویلیوایشن رپورٹ	navigation	2025-11-05 22:16:29	2025-11-05 22:16:29
480	ur	item_ledger_report	آئٹم لیجر رپورٹ	navigation	2025-11-05 22:16:29	2025-11-05 22:16:29
481	ur	production_report	پروڈکشن رپورٹ	navigation	2025-11-05 22:16:29	2025-11-05 22:16:29
482	ur	purchase_return_report	پچیز ریٹرن رپورٹ	navigation	2025-11-05 22:16:29	2025-11-05 22:16:29
483	ur	customer_ledger	کسٹمر لیجر	navigation	2025-11-05 22:16:29	2025-11-05 22:16:29
484	ur	customer_statement	کسٹمر سٹیٹمنٹ	navigation	2025-11-05 22:16:29	2025-11-05 22:16:29
485	ur	supplier_ledger	سپلائر لیجر	navigation	2025-11-05 22:16:29	2025-11-05 22:16:29
486	ur	supplier_statement	سپلائر سٹیٹمنٹ	navigation	2025-11-05 22:16:29	2025-11-05 22:16:29
487	ur	profit_loss_report	نیٹ پرافٹ تجزیہ	navigation	2025-11-05 22:16:29	2025-11-05 22:16:45
488	ur	account_ledger	اکاؤنٹ لیجر	navigation	2025-11-05 22:16:29	2025-11-05 22:16:29
489	ur	accounts_report	اکاؤنٹس رپورٹ	navigation	2025-11-05 22:16:29	2025-11-05 22:16:29
490	ar	dashboard	لوحة التحكم	navigation	2025-11-05 22:16:38	2025-11-05 22:16:38
491	ar	sales	المبيعات	navigation	2025-11-05 22:16:38	2025-11-05 22:16:38
492	ar	purchases	المشتريات	navigation	2025-11-05 22:16:38	2025-11-05 22:16:38
493	ar	inventory	المخزون	navigation	2025-11-05 22:16:38	2025-11-05 22:16:38
494	ar	reports	التقارير	navigation	2025-11-05 22:16:38	2025-11-05 22:16:38
495	ar	settings	الإعدادات	navigation	2025-11-05 22:16:38	2025-11-05 22:16:38
496	ar	users	المستخدمون	navigation	2025-11-05 22:16:38	2025-11-05 22:16:38
497	ar	customers	العملاء	navigation	2025-11-05 22:16:38	2025-11-05 22:16:38
498	ar	suppliers	الموردون	navigation	2025-11-05 22:16:38	2025-11-05 22:16:38
499	ar	items	الأصناف	navigation	2025-11-05 22:16:38	2025-11-05 22:16:38
500	ar	categories	الفئات	navigation	2025-11-05 22:16:38	2025-11-05 22:16:38
501	ar	language_management	إدارة اللغات	navigation	2025-11-05 22:16:38	2025-11-05 22:16:38
502	ar	features	الميزات	navigation	2025-11-05 22:16:38	2025-11-05 22:16:38
503	ar	license_info	معلومات الترخيص	navigation	2025-11-05 22:16:38	2025-11-05 22:16:38
504	ar	new_features	الميزات الجديدة	navigation	2025-11-05 22:16:38	2025-11-05 22:16:38
505	ar	check_updates	فحص التحديثات	navigation	2025-11-05 22:16:38	2025-11-05 22:16:38
506	ar	apply_update	تطبيق التحديث	navigation	2025-11-05 22:16:38	2025-11-05 22:16:38
507	ar	item_modifiers	معدلات الأصناف	navigation	2025-11-05 22:16:38	2025-11-05 22:16:38
508	ar	void_reasons	أسباب الإلغاء	navigation	2025-11-05 22:16:38	2025-11-05 22:16:38
509	ar	quotations	عروض الأسعار	navigation	2025-11-05 22:16:38	2025-11-05 22:16:38
510	ar	tables	الطاولات	navigation	2025-11-05 22:16:38	2025-11-05 22:16:38
511	ar	floors	الطوابق	navigation	2025-11-05 22:16:38	2025-11-05 22:16:38
512	ar	unit_of_measurement	وحدة القياس	navigation	2025-11-05 22:16:38	2025-11-05 22:16:38
513	ar	stock_transfer	نقل المخزون	navigation	2025-11-05 22:16:38	2025-11-05 22:16:38
514	ar	new_transfer_request	طلب نقل جديد	navigation	2025-11-05 22:16:38	2025-11-05 22:16:38
515	ar	transfer_approval	موافقة النقل	navigation	2025-11-05 22:16:38	2025-11-05 22:16:38
516	ar	stock_adjustment	تعديل المخزون	navigation	2025-11-05 22:16:38	2025-11-05 22:16:38
517	ar	new_adjustment	تعديل جديد	navigation	2025-11-05 22:16:38	2025-11-05 22:16:38
518	ar	production	الإنتاج	navigation	2025-11-05 22:16:38	2025-11-05 22:16:38
519	ar	users_permissions	المستخدمون والصلاحيات	navigation	2025-11-05 22:16:38	2025-11-05 22:16:38
520	ar	order_takers	أخذ الطلبات	navigation	2025-11-05 22:16:38	2025-11-05 22:16:38
521	ar	riders	الراكبون	navigation	2025-11-05 22:16:38	2025-11-05 22:16:38
522	ar	delivery_orders	طلبات التوصيل	navigation	2025-11-05 22:16:38	2025-11-05 22:16:38
523	ar	expense_list	قائمة المصروفات	navigation	2025-11-05 22:16:38	2025-11-05 22:16:38
524	ar	general_settings	الإعدادات العامة	navigation	2025-11-05 22:16:38	2025-11-05 22:16:38
525	ar	branch_settings	إعدادات الفرع	navigation	2025-11-05 22:16:38	2025-11-05 22:16:38
526	ar	store_management	إدارة المتجر	navigation	2025-11-05 22:16:38	2025-11-05 22:16:38
527	ar	tax_rate	معدل الضريبة	navigation	2025-11-05 22:16:38	2025-11-05 22:16:38
528	ar	add_new	إضافة جديد	buttons	2025-11-05 22:16:38	2025-11-05 22:16:38
529	ar	edit	تعديل	buttons	2025-11-05 22:16:38	2025-11-05 22:16:38
530	ar	delete	حذف	buttons	2025-11-05 22:16:38	2025-11-05 22:16:38
531	ar	save	حفظ	buttons	2025-11-05 22:16:38	2025-11-05 22:16:38
532	ar	cancel	إلغاء	buttons	2025-11-05 22:16:38	2025-11-05 22:16:38
533	ar	search	بحث	buttons	2025-11-05 22:16:38	2025-11-05 22:16:38
534	ar	filter	تصفية	buttons	2025-11-05 22:16:38	2025-11-05 22:16:38
535	ar	export	تصدير	buttons	2025-11-05 22:16:38	2025-11-05 22:16:38
536	ar	import	استيراد	buttons	2025-11-05 22:16:38	2025-11-05 22:16:38
537	ar	update_translation	تحديث الترجمة	buttons	2025-11-05 22:16:38	2025-11-05 22:16:38
538	ar	add_translation	إضافة ترجمة	buttons	2025-11-05 22:16:38	2025-11-05 22:16:38
539	ar	update	تحديث	buttons	2025-11-05 22:16:38	2025-11-05 22:16:38
540	ar	skip	تخطي	buttons	2025-11-05 22:16:38	2025-11-05 22:16:38
541	ar	void_order	إلغاء الطلب	buttons	2025-11-05 22:16:38	2025-11-05 22:16:38
542	ar	confirm	تأكيد	buttons	2025-11-05 22:16:38	2025-11-05 22:16:38
543	ar	close	إغلاق	buttons	2025-11-05 22:16:38	2025-11-05 22:16:38
544	ar	submit	إرسال	buttons	2025-11-05 22:16:38	2025-11-05 22:16:38
545	ar	reset	إعادة تعيين	buttons	2025-11-05 22:16:38	2025-11-05 22:16:38
546	ar	back	رجوع	buttons	2025-11-05 22:16:38	2025-11-05 22:16:38
547	ar	next	التالي	buttons	2025-11-05 22:16:38	2025-11-05 22:16:38
548	ar	previous	السابق	buttons	2025-11-05 22:16:38	2025-11-05 22:16:38
549	ar	finish	إنهاء	buttons	2025-11-05 22:16:38	2025-11-05 22:16:38
550	ar	clear	مسح	buttons	2025-11-05 22:16:38	2025-11-05 22:16:38
551	ar	current_language	اللغة الحالية	labels	2025-11-05 22:16:38	2025-11-05 22:16:38
552	ar	available_languages	اللغات المتاحة	labels	2025-11-05 22:16:38	2025-11-05 22:16:38
553	ar	translation_key	مفتاح الترجمة	labels	2025-11-05 22:16:38	2025-11-05 22:16:38
554	ar	translation_value	قيمة الترجمة	labels	2025-11-05 22:16:38	2025-11-05 22:16:38
555	ar	rtl_support	دعم الكتابة من اليمين إلى اليسار	labels	2025-11-05 22:16:38	2025-11-05 22:16:38
556	ar	language_switcher	مبدل اللغة	labels	2025-11-05 22:16:38	2025-11-05 22:16:38
557	ar	context	السياق	labels	2025-11-05 22:16:38	2025-11-05 22:16:38
558	ar	name	الاسم	labels	2025-11-05 22:16:38	2025-11-05 22:16:38
559	ar	email	البريد الإلكتروني	labels	2025-11-05 22:16:38	2025-11-05 22:16:38
560	ar	phone	الهاتف	labels	2025-11-05 22:16:38	2025-11-05 22:16:38
561	ar	address	العنوان	labels	2025-11-05 22:16:38	2025-11-05 22:16:38
562	ar	status	الحالة	labels	2025-11-05 22:16:38	2025-11-05 22:16:38
563	ar	actions	الإجراءات	labels	2025-11-05 22:16:38	2025-11-05 22:16:38
564	ar	price	السعر	labels	2025-11-05 22:16:38	2025-11-05 22:16:38
565	ar	quantity	الكمية	labels	2025-11-05 22:16:38	2025-11-05 22:16:38
566	ar	total	المجموع	labels	2025-11-05 22:16:38	2025-11-05 22:16:38
567	ar	subtotal	المجموع الصافي	labels	2025-11-05 22:16:38	2026-02-17 20:01:22
568	ar	tax	الضريبة	labels	2025-11-05 22:16:38	2025-11-05 22:16:38
569	ar	discount	الخصم	labels	2025-11-05 22:16:38	2025-11-05 22:16:38
570	ar	grand_total	المجموع الكلي	labels	2025-11-05 22:16:38	2025-11-05 22:16:38
571	ar	order_list	قائمة الطلبات	labels	2025-11-05 22:16:38	2025-11-05 22:16:38
572	ar	delivery_charges	رسوم التوصيل	labels	2025-11-05 22:16:38	2025-11-05 22:16:38
573	ar	notes	ملاحظات	labels	2025-11-05 22:16:38	2025-11-05 22:16:38
574	ar	all	الكل	labels	2025-11-05 22:16:38	2025-11-05 22:16:38
575	ar	navigation	التنقل	labels	2025-11-05 22:16:38	2025-11-05 22:16:38
576	ar	buttons	الأزرار	labels	2025-11-05 22:16:38	2025-11-05 22:16:38
577	ar	labels	التسميات	labels	2025-11-05 22:16:38	2025-11-05 22:16:38
578	ar	messages	الرسائل	labels	2025-11-05 22:16:38	2025-11-05 22:16:38
579	ar	placeholders	النصوص التوضيحية	labels	2025-11-05 22:16:38	2025-11-05 22:16:38
580	ar	page_titles	عناوين الصفحات	labels	2025-11-05 22:16:38	2025-11-05 22:16:38
581	ar	translation_updated	تم تحديث الترجمة بنجاح	messages	2025-11-05 22:16:38	2025-11-05 22:16:38
582	ar	translation_added	تم إضافة الترجمة بنجاح	messages	2025-11-05 22:16:38	2025-11-05 22:16:38
583	ar	invalid_language	اللغة المحددة غير صحيحة	messages	2025-11-05 22:16:38	2025-11-05 22:16:38
584	ar	success	نجح	messages	2025-11-05 22:16:38	2025-11-05 22:16:38
585	ar	error	خطأ	messages	2025-11-05 22:16:38	2025-11-05 22:16:38
586	ar	warning	تحذير	messages	2025-11-05 22:16:38	2025-11-05 22:16:38
587	ar	info	معلومات	messages	2025-11-05 22:16:38	2025-11-05 22:16:38
588	ar	confirm_delete	هل أنت متأكد من أنك تريد حذف هذا العنصر؟	messages	2025-11-05 22:16:38	2025-11-05 22:16:38
589	ar	confirm_void	هل أنت متأكد من أنك تريد إلغاء هذا الطلب؟	messages	2025-11-05 22:16:38	2025-11-05 22:16:38
590	ar	no_data_found	لم يتم العثور على بيانات	messages	2025-11-05 22:16:38	2025-11-05 22:16:38
591	ar	loading	جاري التحميل...	messages	2025-11-05 22:16:38	2025-11-05 22:16:38
592	ar	please_wait	يرجى الانتظار...	messages	2025-11-05 22:16:38	2025-11-05 22:16:38
593	ar	search_product	البحث عن المنتج...	placeholders	2025-11-05 22:16:38	2025-11-05 22:16:38
594	ar	enter_notes	أدخل أي ملاحظات إضافية...	placeholders	2025-11-05 22:16:38	2025-11-05 22:16:38
595	ar	enter_name	أدخل الاسم...	placeholders	2025-11-05 22:16:38	2025-11-05 22:16:38
596	ar	enter_email	أدخل البريد الإلكتروني...	placeholders	2025-11-05 22:16:38	2025-11-05 22:16:38
597	ar	enter_phone	أدخل رقم الهاتف...	placeholders	2025-11-05 22:16:38	2025-11-05 22:16:38
598	ar	enter_address	أدخل العنوان...	placeholders	2025-11-05 22:16:38	2025-11-05 22:16:38
599	ar	enter_price	أدخل السعر...	placeholders	2025-11-05 22:16:38	2025-11-05 22:16:38
600	ar	enter_quantity	أدخل الكمية...	placeholders	2025-11-05 22:16:38	2025-11-05 22:16:38
601	ar	manage_customers	إدارة عملائك	page_titles	2025-11-05 22:16:38	2025-11-05 22:16:38
602	ar	manage_system_languages	إدارة لغات النظام والترجمات	page_titles	2025-11-05 22:16:38	2025-11-05 22:16:38
603	ar	click_category_settings	انقر على فئة لتحميل إعداداتها	page_titles	2025-11-05 22:16:38	2025-11-05 22:16:38
604	ar	expenses	المصروفات	navigation	2025-11-05 22:16:38	2025-11-05 22:16:38
605	ar	expense_accounts	حسابات المصروفات	navigation	2025-11-05 22:16:38	2025-11-05 22:16:38
606	ar	expense_categories	فئات المصروفات	navigation	2025-11-05 22:16:38	2025-11-05 22:16:38
607	ar	accounts	الحسابات	navigation	2025-11-05 22:16:38	2025-11-05 22:16:38
608	ar	bank_accounts	الحسابات البنكية	navigation	2025-11-05 22:16:38	2025-11-05 22:16:38
609	ar	payments	المدفوعات	navigation	2025-11-05 22:16:38	2025-11-05 22:16:38
610	ar	customer_payments	مدفوعات العملاء	navigation	2025-11-05 22:16:38	2025-11-05 22:16:38
611	ar	supplier_payments	مدفوعات الموردين	navigation	2025-11-05 22:16:38	2025-11-05 22:16:38
612	ar	payment_methods	طرق الدفع	navigation	2025-11-05 22:16:38	2025-11-05 22:16:38
613	ar	financials	المالية	navigation	2025-11-05 22:16:38	2025-11-05 22:16:38
614	ar	chart_of_accounts	دليل الحسابات	navigation	2025-11-05 22:16:38	2025-11-05 22:16:38
615	ar	account_mappings	ربط الحسابات	navigation	2025-11-05 22:16:38	2025-11-05 22:16:38
616	ar	journal_entries	قيود اليومية	navigation	2025-11-05 22:16:38	2025-11-05 22:16:38
617	ar	financial_periods	الفترات المالية	navigation	2025-11-05 22:16:38	2025-11-05 22:16:38
618	ar	trial_balance	ميزان المراجعة	navigation	2025-11-05 22:16:38	2025-11-05 22:16:38
619	ar	general_ledger	دفتر الأستاذ العام	navigation	2025-11-05 22:16:38	2025-11-05 22:16:38
620	ar	profit_loss	الأرباح والخسائر	navigation	2025-11-05 22:16:38	2025-11-05 22:16:38
621	ar	financial_reports	التقارير المالية	navigation	2025-11-05 22:16:38	2025-11-05 22:16:38
622	ar	hardware_devices	الأجهزة والمعدات	navigation	2025-11-05 22:16:38	2025-11-05 22:16:38
623	ar	print_devices	أجهزة الطباعة	navigation	2025-11-05 22:16:38	2025-11-05 22:16:38
624	ar	kds	طلب المطبخ/شاشة المطبخ	navigation	2025-11-05 22:16:38	2025-11-05 22:16:51
625	ar	tablet_orders	طلبات الأجهزة اللوحية	navigation	2025-11-05 22:16:38	2025-11-05 22:16:38
626	ar	database_backup	نسخ احتياطي لقاعدة البيانات	navigation	2025-11-05 22:16:38	2025-11-05 22:16:38
627	ar	backup_management	إدارة النسخ الاحتياطية	navigation	2025-11-05 22:16:38	2025-11-05 22:16:38
628	ar	restore_database	استعادة قاعدة البيانات	navigation	2025-11-05 22:16:38	2025-11-05 22:16:38
629	ar	sales_report	تقرير المبيعات	navigation	2025-11-05 22:16:38	2025-11-05 22:16:38
630	ar	invoice_report	تقرير الفواتير	navigation	2025-11-05 22:16:38	2025-11-05 22:16:38
631	ar	invoice_wise_profit_report	تقرير الأرباح حسب الفاتورة	navigation	2025-11-05 22:16:38	2025-11-05 22:16:38
632	ar	sale_return_report	تقرير مرتجع المبيعات	navigation	2025-11-05 22:16:38	2025-11-05 22:16:38
633	ar	day_wise_sale_summary	ملخص المبيعات اليومية	navigation	2025-11-05 22:16:38	2025-11-05 22:16:38
634	ar	item_wise_sales_report	تقرير المبيعات حسب الصنف	navigation	2025-11-05 22:16:38	2025-11-05 22:16:38
635	ar	item_modifier_report	تقرير معدلات الأصناف	navigation	2025-11-05 22:16:38	2025-11-05 22:16:38
636	ar	cashier_shift_report	تقرير نوبة الصندوق	navigation	2025-11-05 22:16:38	2025-11-05 22:16:38
637	ar	tax_wise_report	تقرير الضرائب	navigation	2025-11-05 22:16:38	2025-11-05 22:16:38
638	ar	order_taker_report	تقرير أخذ الطلبات	navigation	2025-11-05 22:16:38	2025-11-05 22:16:38
639	ar	void_orders_report	تقرير الطلبات الملغاة	navigation	2025-11-05 22:16:38	2025-11-05 22:16:38
640	ar	purchase_report	تقرير المشتريات	navigation	2025-11-05 22:16:38	2025-11-05 22:16:38
641	ar	stock_balance_report	تقرير رصيد المخزون	navigation	2025-11-05 22:16:38	2025-11-05 22:16:38
642	ar	stock_valuation_report	تقرير تقييم المخزون	navigation	2025-11-05 22:16:38	2025-11-05 22:16:38
643	ar	item_ledger_report	تقرير دفتر الأصناف	navigation	2025-11-05 22:16:38	2025-11-05 22:16:38
644	ar	production_report	تقرير الإنتاج	navigation	2025-11-05 22:16:38	2025-11-05 22:16:38
645	ar	purchase_return_report	تقرير مرتجع المشتريات	navigation	2025-11-05 22:16:38	2025-11-05 22:16:38
646	ar	customer_ledger	دفتر العملاء	navigation	2025-11-05 22:16:38	2025-11-05 22:16:38
647	ar	customer_statement	كشف حساب العميل	navigation	2025-11-05 22:16:38	2025-11-05 22:16:38
648	ar	supplier_ledger	دفتر الموردين	navigation	2025-11-05 22:16:38	2025-11-05 22:16:38
649	ar	supplier_statement	كشف حساب المورد	navigation	2025-11-05 22:16:38	2025-11-05 22:16:38
650	ar	profit_loss_report	تحليل صافي الربح	navigation	2025-11-05 22:16:38	2025-11-05 22:16:45
651	ar	account_ledger	دفتر الحسابات	navigation	2025-11-05 22:16:38	2025-11-05 22:16:38
652	ar	accounts_report	تقرير الحسابات	navigation	2025-11-05 22:16:38	2025-11-05 22:16:38
653	ar	item_cost_report	تقرير تكلفة الأصناف	navigation	2025-11-05 22:16:38	2025-11-05 22:16:38
654	ar	cost_method	طريقة التكلفة	labels	2025-11-05 22:16:38	2025-11-05 22:16:38
655	ar	average_cost	متوسط التكلفة	labels	2025-11-05 22:16:38	2025-11-05 22:16:38
656	ar	fifo_cost	تكلفة FIFO	labels	2025-11-05 22:16:38	2025-11-05 22:16:38
657	ar	current_cost	التكلفة الحالية	labels	2025-11-05 22:16:38	2025-11-05 22:16:38
658	ar	retail_price	سعر البيع	labels	2025-11-05 22:16:38	2025-11-05 22:16:38
659	ar	cost_price	سعر التكلفة	labels	2025-11-05 22:16:38	2025-11-05 22:16:38
660	ar	margin	الهامش	labels	2025-11-05 22:16:38	2025-11-05 22:16:38
661	ar	stock_value	قيمة المخزون	labels	2025-11-05 22:16:38	2025-11-05 22:16:38
662	ar	profit_amount	مبلغ الربح	labels	2025-11-05 22:16:38	2025-11-05 22:16:38
663	ar	profit_percentage	نسبة الربح	labels	2025-11-05 22:16:38	2025-11-05 22:16:38
664	ar	margin_percentage	نسبة الهامش	labels	2025-11-05 22:16:38	2025-11-05 22:16:38
665	ar	current_stock	المخزون الحالي	labels	2025-11-05 22:16:38	2025-11-05 22:16:38
666	ar	last_movement	آخر حركة	labels	2025-11-05 22:16:38	2025-11-05 22:16:38
667	ar	show_zero_cost	إظهار التكلفة الصفرية	labels	2025-11-05 22:16:38	2025-11-05 22:16:38
668	ar	from_date	من تاريخ	labels	2025-11-05 22:16:38	2025-11-05 22:16:38
669	ar	to_date	إلى تاريخ	labels	2025-11-05 22:16:38	2025-11-05 22:16:38
670	ar	pos	نقطة البيع	labels	2025-11-05 22:16:38	2025-11-05 22:16:38
671	ar	cart	السلة	labels	2025-11-05 22:16:38	2025-11-05 22:16:38
672	ar	checkout	الدفع	labels	2025-11-05 22:16:38	2025-11-05 22:16:38
673	ar	receipt	الإيصال	labels	2025-11-05 22:16:38	2025-11-05 22:16:38
674	ar	invoice	الفاتورة	labels	2025-11-05 22:16:38	2025-11-05 22:16:38
675	ar	customer	العميل	labels	2025-11-05 22:16:38	2025-11-05 22:16:38
676	ar	supplier	المورد	labels	2025-11-05 22:16:38	2025-11-05 22:16:38
677	ar	item	الصنف	labels	2025-11-05 22:16:38	2025-11-05 22:16:38
678	ar	category	الفئة	labels	2025-11-05 22:16:38	2025-11-05 22:16:38
679	ar	sub_category	الفئة الفرعية	labels	2025-11-05 22:16:38	2025-11-05 22:16:38
680	ar	barcode	الباركود	labels	2025-11-05 22:16:38	2025-11-05 22:16:38
681	ar	sku	رمز المنتج	labels	2025-11-05 22:16:38	2025-11-05 22:16:38
682	ar	stock	المخزون	labels	2025-11-05 22:16:38	2025-11-05 22:16:38
683	ar	material	المواد	labels	2025-11-05 22:16:38	2025-11-05 22:16:38
684	ar	non_stock	غير مخزني	labels	2025-11-05 22:16:38	2025-11-05 22:16:38
685	ar	bulk	الكميات الكبيرة	labels	2025-11-05 22:16:38	2025-11-05 22:16:38
686	ar	loose	مفكوك	labels	2025-11-05 22:16:38	2025-11-05 22:16:38
687	ar	reorder_level	مستوى إعادة الطلب	labels	2025-11-05 22:16:38	2025-11-05 22:16:38
688	ar	reorder_quantity	كمية إعادة الطلب	labels	2025-11-05 22:16:38	2025-11-05 22:16:38
689	ar	tax_type	نوع الضريبة	labels	2025-11-05 22:16:38	2025-11-05 22:16:38
690	ar	included	مشمول	labels	2025-11-05 22:16:38	2025-11-05 22:16:38
691	ar	excluded	غير مشمول	labels	2025-11-05 22:16:38	2025-11-05 22:16:38
692	ar	nil	صفر	labels	2025-11-05 22:16:38	2025-11-05 22:16:38
693	ar	add_item	إضافة صنف	buttons	2025-11-05 22:16:38	2025-11-05 22:16:38
694	ar	edit_item	تعديل الصنف	buttons	2025-11-05 22:16:38	2025-11-05 22:16:38
695	ar	delete_item	حذف الصنف	buttons	2025-11-05 22:16:38	2025-11-05 22:16:38
696	ar	view_item	عرض الصنف	buttons	2025-11-05 22:16:38	2025-11-05 22:16:38
697	ar	print_barcode	طباعة الباركود	buttons	2025-11-05 22:16:38	2025-11-05 22:16:38
698	ar	import_items	استيراد الأصناف	buttons	2025-11-05 22:16:38	2025-11-05 22:16:38
699	ar	export_items	تصدير الأصناف	buttons	2025-11-05 22:16:38	2025-11-05 22:16:38
700	ar	bulk_edit	تعديل جماعي	buttons	2025-11-05 22:16:38	2025-11-05 22:16:38
701	ar	bulk_delete	حذف جماعي	buttons	2025-11-05 22:16:38	2025-11-05 22:16:38
702	ar	required_field	هذا الحقل مطلوب	messages	2025-11-05 22:16:38	2025-11-05 22:16:38
703	ar	invalid_email	البريد الإلكتروني غير صحيح	messages	2025-11-05 22:16:38	2025-11-05 22:16:38
704	ar	invalid_phone	رقم الهاتف غير صحيح	messages	2025-11-05 22:16:38	2025-11-05 22:16:38
705	ar	invalid_price	السعر غير صحيح	messages	2025-11-05 22:16:38	2025-11-05 22:16:38
706	ar	invalid_quantity	الكمية غير صحيحة	messages	2025-11-05 22:16:38	2025-11-05 22:16:38
707	ar	duplicate_code	الكود موجود بالفعل	messages	2025-11-05 22:16:38	2025-11-05 22:16:38
708	ar	item_not_found	الصنف غير موجود	messages	2025-11-05 22:16:38	2025-11-05 22:16:38
709	ar	insufficient_stock	المخزون غير كافي	messages	2025-11-05 22:16:38	2025-11-05 22:16:38
710	ar	item_added_successfully	تم إضافة الصنف بنجاح	messages	2025-11-05 22:16:38	2025-11-05 22:16:38
711	ar	item_updated_successfully	تم تحديث الصنف بنجاح	messages	2025-11-05 22:16:38	2025-11-05 22:16:38
712	ar	item_deleted_successfully	تم حذف الصنف بنجاح	messages	2025-11-05 22:16:38	2025-11-05 22:16:38
713	ar	items_imported_successfully	تم استيراد الأصناف بنجاح	messages	2025-11-05 22:16:38	2025-11-05 22:16:38
714	ar	items_exported_successfully	تم تصدير الأصناف بنجاح	messages	2025-11-05 22:16:38	2025-11-05 22:16:38
715	ar	item_code	كود الصنف	labels	2025-11-05 22:16:38	2025-11-05 22:16:38
716	ar	sku_number	رقم SKU	labels	2025-11-05 22:16:38	2025-11-05 22:16:38
717	ar	item_name	اسم الصنف	labels	2025-11-05 22:16:38	2025-11-05 22:16:38
718	ar	item_role	دور الصنف	labels	2025-11-05 22:16:38	2025-11-05 22:16:38
719	ar	stock_item	صنف مخزني	labels	2025-11-05 22:16:38	2025-11-05 22:16:38
720	ar	material_item	صنف مواد	labels	2025-11-05 22:16:38	2025-11-05 22:16:38
721	ar	non_stock_item	صنف غير مخزني	labels	2025-11-05 22:16:38	2025-11-05 22:16:38
722	ar	item_type	نوع الصنف	labels	2025-11-05 22:16:38	2025-11-05 22:16:38
723	ar	bulk_qty	كمية الكمية الكبيرة	labels	2025-11-05 22:16:38	2025-11-05 22:16:38
724	ar	bulk_price	سعر الكمية الكبيرة	labels	2025-11-05 22:16:38	2025-11-05 22:16:38
725	ar	pkg_qty	كمية العبوة	labels	2025-11-05 22:16:38	2025-11-05 22:16:38
726	ar	product_image	صورة المنتج	labels	2025-11-05 22:16:38	2025-11-05 22:16:38
727	ar	uom	وحدة القياس	labels	2025-11-05 22:16:38	2025-11-05 22:16:38
728	ar	id	المعرف	labels	2025-11-05 22:16:38	2025-11-05 22:16:38
729	ar	code	الكود	labels	2025-11-05 22:16:38	2025-11-05 22:16:38
730	ar	image	الصورة	labels	2025-11-05 22:16:38	2025-11-05 22:16:38
731	ar	type	النوع	labels	2025-11-05 22:16:38	2025-11-05 22:16:38
732	ar	role	الدور	labels	2025-11-05 22:16:38	2025-11-05 22:16:38
733	ar	cost	التكلفة	labels	2025-11-05 22:16:38	2025-11-05 22:16:38
734	ar	retail	البيع	labels	2025-11-05 22:16:38	2025-11-05 22:16:38
735	ar	profit	الربح	labels	2025-11-05 22:16:38	2025-11-05 22:16:38
736	ar	stock_qty	كمية المخزون	labels	2025-11-05 22:16:38	2025-11-05 22:16:38
737	ar	created_date	تاريخ الإنشاء	labels	2025-11-05 22:16:38	2025-11-05 22:16:38
738	ar	updated_date	تاريخ التحديث	labels	2025-11-05 22:16:38	2025-11-05 22:16:38
739	en	updates	Updates	navigation	2025-11-05 22:16:45	2025-11-05 22:16:45
740	en	users_access	Users & Access	navigation	2025-11-05 22:16:45	2025-11-05 22:16:45
741	en	help	Help	navigation	2025-11-05 22:16:45	2025-11-05 22:16:45
742	en	card_types	Card Types	navigation	2025-11-05 22:16:45	2025-11-05 22:16:45
743	en	discount_management	Discount Management	navigation	2025-11-05 22:16:45	2025-11-05 22:16:45
744	en	database_operation	Database Operation	navigation	2025-11-05 22:16:45	2025-11-05 22:16:45
745	en	sync_settings	Sync Settings	navigation	2025-11-05 22:16:45	2025-11-05 22:16:45
746	en	contact_support	Contact Support	navigation	2025-11-05 22:16:45	2025-11-05 22:16:45
747	ur	updates	اپڈیٹس	navigation	2025-11-05 22:16:45	2025-11-05 22:16:45
748	ur	users_access	صارفین اور رسائی	navigation	2025-11-05 22:16:45	2025-11-05 22:16:45
749	ur	help	مدد	navigation	2025-11-05 22:16:45	2025-11-05 22:16:45
750	ur	card_types	کارڈ اقسام	navigation	2025-11-05 22:16:45	2025-11-05 22:16:45
751	ur	discount_management	ڈسکاؤنٹ مینجمنٹ	navigation	2025-11-05 22:16:45	2025-11-05 22:16:45
752	ur	database_operation	ڈیٹا بیس آپریشن	navigation	2025-11-05 22:16:45	2025-11-05 22:16:45
753	ur	sync_settings	سنگ سیٹنگز	navigation	2025-11-05 22:16:45	2025-11-05 22:16:45
754	ur	contact_support	سپورٹ سے رابطہ کریں	navigation	2025-11-05 22:16:45	2025-11-05 22:16:45
755	fa	updates	به‌روزرسانی‌ها	navigation	2025-11-05 22:16:45	2025-11-05 22:16:45
756	fa	users_access	کاربران و دسترسی	navigation	2025-11-05 22:16:45	2025-11-05 22:16:45
757	fa	help	راهنما	navigation	2025-11-05 22:16:45	2025-11-05 22:16:45
758	fa	card_types	انواع کارت	navigation	2025-11-05 22:16:45	2025-11-05 22:16:45
759	fa	discount_management	مدیریت تخفیف	navigation	2025-11-05 22:16:45	2025-11-05 22:16:45
760	fa	database_operation	عملیات پایگاه داده	navigation	2025-11-05 22:16:45	2025-11-05 22:16:45
761	fa	sync_settings	تنظیمات همگام‌سازی	navigation	2025-11-05 22:16:45	2025-11-05 22:16:45
762	fa	contact_support	تماس با پشتیبانی	navigation	2025-11-05 22:16:45	2025-11-05 22:16:45
772	en	welcome_to	Welcome to	page_titles	2025-11-05 22:16:45	2025-11-05 22:16:45
773	en	itr_pos_by_it_resources	ITR POS by IT Resources	labels	2025-11-05 22:16:45	2025-11-05 22:16:45
774	en	todays_gross_sales	Today's Gross Sales	labels	2025-11-05 22:16:45	2025-11-05 22:16:45
775	en	todays_purchase	Today's Purchase	labels	2025-11-05 22:16:45	2025-11-05 22:16:45
776	en	total_gross_sales	Total Gross Sales	labels	2025-11-05 22:16:45	2025-11-05 22:16:45
777	en	total_expense_amount	Total Expense Amount	labels	2025-11-05 22:16:45	2025-11-05 22:16:45
778	en	customer_outstanding	Customer Outstanding	labels	2025-11-05 22:16:45	2025-11-05 22:16:45
779	en	supplier_outstanding	Supplier Outstanding	labels	2025-11-05 22:16:45	2025-11-05 22:16:45
780	en	purchase_invoice	Purchase Invoice	labels	2025-11-05 22:16:45	2025-11-05 22:16:45
781	en	sales_invoice	Sales Invoice	labels	2025-11-05 22:16:45	2025-11-05 22:16:45
782	en	todays_deliveries	Today's Deliveries	labels	2025-11-05 22:16:45	2025-11-05 22:16:45
783	en	pending_deliveries	Pending Deliveries	labels	2025-11-05 22:16:45	2025-11-05 22:16:45
784	en	out_for_delivery	Out for Delivery	labels	2025-11-05 22:16:45	2025-11-05 22:16:45
785	en	completed_deliveries	Completed Deliveries	labels	2025-11-05 22:16:45	2025-11-05 22:16:45
786	en	top_selling_products	Top Selling Products	labels	2025-11-05 22:16:45	2025-11-05 22:16:45
787	en	purchase_and_sales	Purchase & Sales	labels	2025-11-05 22:16:45	2025-11-05 22:16:45
788	en	no_sales_data	No sales data available.	messages	2025-11-05 22:16:45	2025-11-05 22:16:45
789	en	cash_balance	Cash Balance	labels	2025-11-05 22:16:45	2025-11-05 22:16:45
790	ur	welcome_to	خوش آمدید	page_titles	2025-11-05 22:16:45	2025-11-05 22:16:45
791	ur	itr_pos_by_it_resources	آئی ٹی ریسورسز کا آئی ٹی آر پی او ایس	labels	2025-11-05 22:16:45	2025-11-05 22:16:45
792	ur	todays_gross_sales	آج کی مجموعی سیلز	labels	2025-11-05 22:16:45	2025-11-05 22:16:45
793	ur	todays_purchase	آج کی خریداری	labels	2025-11-05 22:16:45	2025-11-05 22:16:45
794	ur	total_gross_sales	مجموعی سیلز	labels	2025-11-05 22:16:45	2025-11-05 22:16:45
795	ur	total_expense_amount	کل اخراجات	labels	2025-11-05 22:16:45	2025-11-05 22:16:45
796	ur	customer_outstanding	کسٹمر واجبات	labels	2025-11-05 22:16:45	2025-11-05 22:16:45
797	ur	supplier_outstanding	سپلائر واجبات	labels	2025-11-05 22:16:45	2025-11-05 22:16:45
798	ur	purchase_invoice	خریداری کی رسید	labels	2025-11-05 22:16:45	2025-11-05 22:16:45
799	ur	sales_invoice	فروخت کی رسید	labels	2025-11-05 22:16:45	2025-11-05 22:16:45
800	ur	todays_deliveries	آج کی ڈلیوریز	labels	2025-11-05 22:16:45	2025-11-05 22:16:45
801	ur	pending_deliveries	زیر التواء ڈلیوریز	labels	2025-11-05 22:16:45	2025-11-05 22:16:45
802	ur	out_for_delivery	ڈلیوری کے لیے روانہ	labels	2025-11-05 22:16:45	2025-11-05 22:16:45
803	ur	completed_deliveries	مکمل شدہ ڈلیوریز	labels	2025-11-05 22:16:45	2025-11-05 22:16:45
804	ur	top_selling_products	سب سے زیادہ فروخت ہونے والی اشیاء	labels	2025-11-05 22:16:45	2025-11-05 22:16:45
805	ur	purchase_and_sales	خرید و فروخت	labels	2025-11-05 22:16:45	2025-11-05 22:16:45
806	ur	no_sales_data	کوئی سیلز ڈیٹا دستیاب نہیں۔	messages	2025-11-05 22:16:45	2025-11-05 22:16:45
807	ur	cash_balance	نقد بیلنس	labels	2025-11-05 22:16:45	2025-11-05 22:16:45
808	fa	welcome_to	خوش آمدید به	page_titles	2025-11-05 22:16:45	2025-11-05 22:16:45
809	fa	itr_pos_by_it_resources	آی‌تی‌آر پی‌او‌اس توسط آی‌تی ریسورسز	labels	2025-11-05 22:16:45	2025-11-05 22:16:45
810	fa	todays_gross_sales	فروش ناخالص امروز	labels	2025-11-05 22:16:45	2025-11-05 22:16:45
811	fa	todays_purchase	خرید امروز	labels	2025-11-05 22:16:45	2025-11-05 22:16:45
812	fa	total_gross_sales	کل فروش ناخالص	labels	2025-11-05 22:16:45	2025-11-05 22:16:45
813	fa	total_expense_amount	مجموع هزینه‌ها	labels	2025-11-05 22:16:45	2025-11-05 22:16:45
814	fa	customer_outstanding	مطالبات مشتری	labels	2025-11-05 22:16:45	2025-11-05 22:16:45
815	fa	supplier_outstanding	بدهی به تامین‌کننده	labels	2025-11-05 22:16:45	2025-11-05 22:16:45
816	fa	purchase_invoice	فاکتور خرید	labels	2025-11-05 22:16:45	2025-11-05 22:16:45
817	fa	sales_invoice	فاکتور فروش	labels	2025-11-05 22:16:45	2025-11-05 22:16:45
818	fa	todays_deliveries	تحویل‌های امروز	labels	2025-11-05 22:16:45	2025-11-05 22:16:45
819	fa	pending_deliveries	تحویل‌های در انتظار	labels	2025-11-05 22:16:45	2025-11-05 22:16:45
820	fa	out_for_delivery	ارسال برای تحویل	labels	2025-11-05 22:16:45	2025-11-05 22:16:45
821	fa	completed_deliveries	تحویل‌های تکمیل‌شده	labels	2025-11-05 22:16:45	2025-11-05 22:16:45
822	fa	top_selling_products	پرفروش‌ترین محصولات	labels	2025-11-05 22:16:45	2025-11-05 22:16:45
823	fa	purchase_and_sales	خرید و فروش	labels	2025-11-05 22:16:45	2025-11-05 22:16:45
824	fa	no_sales_data	داده‌ای برای فروش موجود نیست.	messages	2025-11-05 22:16:45	2025-11-05 22:16:45
825	fa	cash_balance	موجودی نقد	labels	2025-11-05 22:16:45	2025-11-05 22:16:45
826	ar	updates	التحديثات	navigation	2025-11-05 22:16:45	2025-11-05 22:16:45
827	ar	users_access	المستخدمون والصلاحيات	navigation	2025-11-05 22:16:45	2025-11-05 22:16:45
828	ar	help	مساعدة	navigation	2025-11-05 22:16:45	2025-11-05 22:16:45
829	ar	card_types	أنواع البطاقات	navigation	2025-11-05 22:16:45	2025-11-05 22:16:45
830	ar	discount_management	إدارة الخصومات	navigation	2025-11-05 22:16:45	2025-11-05 22:16:45
831	ar	database_operation	عمليات قاعدة البيانات	navigation	2025-11-05 22:16:45	2025-11-05 22:16:45
832	ar	sync_settings	إعدادات المزامنة	navigation	2025-11-05 22:16:45	2025-11-05 22:16:45
833	ar	contact_support	اتصل بالدعم	navigation	2025-11-05 22:16:45	2025-11-05 22:16:45
837	ar	welcome_to	مرحبًا بك في	page_titles	2025-11-05 22:16:45	2025-11-05 22:16:45
838	ar	itr_pos_by_it_resources	نظام نقاط البيع ITR بواسطة IT Resources	labels	2025-11-05 22:16:45	2025-11-05 22:16:45
839	ar	todays_gross_sales	إجمالي مبيعات اليوم	labels	2025-11-05 22:16:45	2025-11-05 22:16:45
840	ar	todays_purchase	مشتريات اليوم	labels	2025-11-05 22:16:45	2025-11-05 22:16:45
841	ar	total_gross_sales	إجمالي المبيعات	labels	2025-11-05 22:16:45	2025-11-05 22:16:45
842	ar	total_expense_amount	إجمالي المصروفات	labels	2025-11-05 22:16:45	2025-11-05 22:16:45
843	ar	customer_outstanding	مستحقات العملاء	labels	2025-11-05 22:16:45	2025-11-05 22:16:45
844	ar	supplier_outstanding	مستحقات الموردين	labels	2025-11-05 22:16:45	2025-11-05 22:16:45
845	ar	purchase_invoice	فواتير الشراء	labels	2025-11-05 22:16:45	2025-11-05 22:16:45
846	ar	sales_invoice	فواتير البيع	labels	2025-11-05 22:16:45	2025-11-05 22:16:45
847	ar	todays_deliveries	طلبات اليوم المُسلمة	labels	2025-11-05 22:16:45	2025-11-05 22:16:45
848	ar	pending_deliveries	طلبات قيد التسليم	labels	2025-11-05 22:16:45	2025-11-05 22:16:45
849	ar	out_for_delivery	خارج للتسليم	labels	2025-11-05 22:16:45	2025-11-05 22:16:45
850	ar	completed_deliveries	طلبات مكتملة التسليم	labels	2025-11-05 22:16:45	2025-11-05 22:16:45
851	ar	top_selling_products	المنتجات الأكثر مبيعًا	labels	2025-11-05 22:16:45	2025-11-05 22:16:45
852	ar	purchase_and_sales	المشتريات والمبيعات	labels	2025-11-05 22:16:45	2025-11-05 22:16:45
853	ar	no_sales_data	لا توجد بيانات مبيعات.	messages	2025-11-05 22:16:45	2025-11-05 22:16:45
854	ar	cash_balance	رصيد النقد	labels	2025-11-05 22:16:45	2025-11-05 22:16:45
855	en	opening_balances	Opening Balances	navigation	2025-11-05 22:16:46	2025-11-05 22:16:46
856	ar	opening_balances	الأرصدة الافتتاحية	navigation	2025-11-05 22:16:46	2025-11-05 22:16:46
857	ur	opening_balances	ابتدائی بیلنس	navigation	2025-11-05 22:16:46	2025-11-05 22:16:46
858	fa	opening_balances	موجودی اولیه	navigation	2025-11-05 22:16:46	2025-11-05 22:16:46
859	en	total_customer_outstanding	Total Customer Outstanding	labels	2026-02-17 20:01:10	2026-02-17 20:01:10
860	ur	total_customer_outstanding	مجموعی کسٹمر واجبات	labels	2026-02-17 20:01:10	2026-02-17 20:01:10
861	fa	total_customer_outstanding	کل مطالبات مشتری	labels	2026-02-17 20:01:10	2026-02-17 20:01:10
862	ar	total_customer_outstanding	إجمالي مستحقات العملاء	labels	2026-02-17 20:01:10	2026-02-17 20:01:10
863	en	total_supplier_outstanding	Total Supplier Outstanding	labels	2026-02-17 20:01:10	2026-02-17 20:01:10
864	ur	total_supplier_outstanding	مجموعی سپلائر واجبات	labels	2026-02-17 20:01:10	2026-02-17 20:01:10
865	fa	total_supplier_outstanding	کل بدهی تأمین‌کننده	labels	2026-02-17 20:01:10	2026-02-17 20:01:10
866	ar	total_supplier_outstanding	إجمالي مستحقات الموردين	labels	2026-02-17 20:01:10	2026-02-17 20:01:10
867	en	top_customers_sales	Top Customers Sales	labels	2026-02-17 20:01:10	2026-02-17 20:01:10
868	ur	top_customers_sales	سرِفہرست کسٹمر سیلز	labels	2026-02-17 20:01:10	2026-02-17 20:01:10
869	fa	top_customers_sales	پرفروش‌ترین مشتریان	labels	2026-02-17 20:01:10	2026-02-17 20:01:10
870	ar	top_customers_sales	أعلى مبيعات العملاء	labels	2026-02-17 20:01:10	2026-02-17 20:01:10
871	en	top_expense_categories	Top Expense Categories	labels	2026-02-17 20:01:10	2026-02-17 20:01:10
872	ur	top_expense_categories	سرِفہرست خرچ کی کیٹگریز	labels	2026-02-17 20:01:10	2026-02-17 20:01:10
873	fa	top_expense_categories	پراستفاده‌ترین دسته‌های هزینه	labels	2026-02-17 20:01:10	2026-02-17 20:01:10
874	ar	top_expense_categories	أعلى فئات المصروفات	labels	2026-02-17 20:01:10	2026-02-17 20:01:10
875	en	no_customer_sales_data	No customer sales data available.	messages	2026-02-17 20:01:10	2026-02-17 20:01:10
876	ur	no_customer_sales_data	کسٹمر سیلز کا کوئی ڈیٹا دستیاب نہیں۔	messages	2026-02-17 20:01:10	2026-02-17 20:01:10
877	fa	no_customer_sales_data	داده‌ای برای فروش مشتری در دسترس نیست.	messages	2026-02-17 20:01:10	2026-02-17 20:01:10
878	ar	no_customer_sales_data	لا تتوفر بيانات مبيعات العملاء.	messages	2026-02-17 20:01:10	2026-02-17 20:01:10
879	en	no_expense_category_data	No expense category data available.	messages	2026-02-17 20:01:10	2026-02-17 20:01:10
880	ur	no_expense_category_data	خرچ کی کیٹگریز کا کوئی ڈیٹا دستیاب نہیں۔	messages	2026-02-17 20:01:10	2026-02-17 20:01:10
881	fa	no_expense_category_data	هیچ داده‌ای برای دسته‌های هزینه در دسترس نیست.	messages	2026-02-17 20:01:10	2026-02-17 20:01:10
882	ar	no_expense_category_data	لا تتوفر بيانات فئات المصروفات.	messages	2026-02-17 20:01:10	2026-02-17 20:01:10
890	en	delivery_challan	Delivery Challan	navigation	2026-02-17 20:01:10	2026-02-17 20:01:10
891	en	delivery_challan_subtitle	Generate challans for delivered invoices	navigation	2026-02-17 20:01:10	2026-02-17 20:01:10
892	en	print_selected	Print Selected	general	2026-02-17 20:01:10	2026-02-17 20:01:10
893	en	search_invoice_placeholder	Search invoice #	general	2026-02-17 20:01:10	2026-02-17 20:01:10
894	en	available_invoices	Available Invoices	general	2026-02-17 20:01:10	2026-02-17 20:01:10
895	en	records	records	general	2026-02-17 20:01:10	2026-02-17 20:01:10
896	en	delivery_address	Delivery Address	general	2026-02-17 20:01:10	2026-02-17 20:01:10
897	en	delivery_status	Delivery Status	general	2026-02-17 20:01:10	2026-02-17 20:01:10
898	en	no_invoices_found	No invoices found for the selected filters.	general	2026-02-17 20:01:10	2026-02-17 20:01:10
899	en	print_challan	Print Challan	general	2026-02-17 20:01:10	2026-02-17 20:01:10
900	en	hold_orders	Hold Orders	buttons	2026-02-17 20:01:22	2026-02-17 20:01:22
901	en	hold	Hold	buttons	2026-02-17 20:01:22	2026-02-17 20:01:22
902	en	transaction	Transaction	buttons	2026-02-17 20:01:22	2026-02-17 20:01:22
903	en	transaction_id	Transaction ID	labels	2026-02-17 20:01:22	2026-02-17 20:01:22
904	en	products	Products	labels	2026-02-17 20:01:22	2026-02-17 20:01:22
905	en	subcategories	Subcategories	labels	2026-02-17 20:01:22	2026-02-17 20:01:22
906	en	order_tax	Order Tax	labels	2026-02-17 20:01:22	2026-02-17 20:01:22
907	en	service_charges	Service Charges	labels	2026-02-17 20:01:22	2026-02-17 20:01:22
908	en	withholding	Withholding	labels	2026-02-17 20:01:22	2026-02-17 20:01:22
909	en	walk_in_customer	Walk-in Customer	labels	2026-02-17 20:01:22	2026-02-17 20:01:22
910	en	select_customer	Select Customer	labels	2026-02-17 20:01:22	2026-02-17 20:01:22
911	en	select_category_view_subcategories	Select a category to view subcategories	messages	2026-02-17 20:01:22	2026-02-17 20:01:22
912	en	payment	Payment	buttons	2026-02-17 20:01:22	2026-02-17 20:01:22
913	en	void	Void	buttons	2026-02-17 20:01:22	2026-02-17 20:01:22
914	fa	hold_orders	سفارشات نگه‌داشته	buttons	2026-02-17 20:01:22	2026-02-17 20:01:22
915	fa	hold	نگه‌داری	buttons	2026-02-17 20:01:22	2026-02-17 20:01:22
916	fa	transaction	تراکنش	buttons	2026-02-17 20:01:22	2026-02-17 20:01:22
917	fa	transaction_id	شناسه تراکنش	labels	2026-02-17 20:01:22	2026-02-17 20:01:22
918	fa	products	محصولات	labels	2026-02-17 20:01:22	2026-02-17 20:01:22
919	fa	subcategories	زیر دسته‌ها	labels	2026-02-17 20:01:22	2026-02-17 20:01:22
920	fa	order_tax	مالیات سفارش	labels	2026-02-17 20:01:22	2026-02-17 20:01:22
921	fa	service_charges	هزینه خدمات	labels	2026-02-17 20:01:22	2026-02-17 20:01:22
922	fa	withholding	کسر مالیات	labels	2026-02-17 20:01:22	2026-02-17 20:01:22
923	fa	walk_in_customer	مشتری بدون ثبت نام	labels	2026-02-17 20:01:22	2026-02-17 20:01:22
924	fa	select_customer	انتخاب مشتری	labels	2026-02-17 20:01:22	2026-02-17 20:01:22
925	fa	select_category_view_subcategories	برای مشاهده زیر دسته‌ها، یک دسته انتخاب کنید	messages	2026-02-17 20:01:22	2026-02-17 20:01:22
926	fa	payment	پرداخت	buttons	2026-02-17 20:01:22	2026-02-17 20:01:22
927	fa	void	لغو	buttons	2026-02-17 20:01:22	2026-02-17 20:01:22
928	ur	hold_orders	ہولڈ آرڈرز	buttons	2026-02-17 20:01:22	2026-02-17 20:01:22
929	ur	hold	ہولڈ	buttons	2026-02-17 20:01:22	2026-02-17 20:01:22
930	ur	transaction	ٹرانزیکشن	buttons	2026-02-17 20:01:22	2026-02-17 20:01:22
931	ur	transaction_id	ٹرانزیکشن آئی ڈی	labels	2026-02-17 20:01:22	2026-02-17 20:01:22
932	ur	products	پروڈکٹس	labels	2026-02-17 20:01:22	2026-02-17 20:01:22
933	ur	subcategories	ذیلی کیٹگریز	labels	2026-02-17 20:01:22	2026-02-17 20:01:22
934	ur	order_tax	آرڈر ٹیکس	labels	2026-02-17 20:01:22	2026-02-17 20:01:22
935	ur	service_charges	سروس چارجز	labels	2026-02-17 20:01:22	2026-02-17 20:01:22
936	ur	withholding	وائٹ ہولڈنگ	labels	2026-02-17 20:01:22	2026-02-17 20:01:22
937	ur	walk_in_customer	واک ان کسٹمر	labels	2026-02-17 20:01:22	2026-02-17 20:01:22
938	ur	select_customer	کسٹمر منتخب کریں	labels	2026-02-17 20:01:22	2026-02-17 20:01:22
939	ur	select_category_view_subcategories	ذیلی کیٹگریز دیکھنے کے لیے ایک کیٹگری منتخب کریں	messages	2026-02-17 20:01:22	2026-02-17 20:01:22
940	ur	payment	پیمنٹ	buttons	2026-02-17 20:01:22	2026-02-17 20:01:22
941	ur	void	وائڈ	buttons	2026-02-17 20:01:22	2026-02-17 20:01:22
942	ar	hold_orders	الطلبات المحفوظة	buttons	2026-02-17 20:01:22	2026-02-17 20:01:22
943	ar	hold	حفظ	buttons	2026-02-17 20:01:22	2026-02-17 20:01:22
944	ar	transaction	المعاملة	buttons	2026-02-17 20:01:22	2026-02-17 20:01:22
945	ar	transaction_id	رقم المعاملة	labels	2026-02-17 20:01:22	2026-02-17 20:01:22
946	ar	products	المنتجات	labels	2026-02-17 20:01:22	2026-02-17 20:01:22
947	ar	subcategories	الفئات الفرعية	labels	2026-02-17 20:01:22	2026-02-17 20:01:22
948	ar	order_tax	ضريبة الطلب	labels	2026-02-17 20:01:22	2026-02-17 20:01:22
949	ar	service_charges	رسوم الخدمة	labels	2026-02-17 20:01:22	2026-02-17 20:01:22
950	ar	withholding	الاستقطاع	labels	2026-02-17 20:01:22	2026-02-17 20:01:22
951	ar	walk_in_customer	عميل بدون تسجيل	labels	2026-02-17 20:01:22	2026-02-17 20:01:22
952	ar	select_customer	اختر العميل	labels	2026-02-17 20:01:22	2026-02-17 20:01:22
953	ar	select_category_view_subcategories	اختر فئة لعرض الفئات الفرعية	messages	2026-02-17 20:01:22	2026-02-17 20:01:22
954	ar	payment	الدفع	buttons	2026-02-17 20:01:22	2026-02-17 20:01:22
955	ar	void	إلغاء	buttons	2026-02-17 20:01:22	2026-02-17 20:01:22
\.


--
-- Data for Name: uom_groups; Type: TABLE DATA; Schema: public; Owner: postgres
--

COPY public.uom_groups (id, code, name) FROM stdin;
1	CNT	Count
2	WGT	Weight
3	VLM	Volume
4	LGT	Length
\.


--
-- Data for Name: uoms; Type: TABLE DATA; Schema: public; Owner: postgres
--

COPY public.uoms (id, name, symbol, group_id, base_quantity, is_base) FROM stdin;
1	Piece	pc	1	1.0000	t
2	Dozen	dz	1	12.0000	f
3	Gram	g	2	1.0000	t
4	Kilogram	kg	2	1000.0000	f
5	Milligram	mg	2	0.0010	f
6	Liter	l	3	1.0000	t
7	Milliliter	ml	3	0.0010	f
8	Centimeter	cm	4	1.0000	t
9	Meter	m	4	100.0000	f
\.


--
-- Data for Name: user_language_preferences; Type: TABLE DATA; Schema: public; Owner: postgres
--

COPY public.user_language_preferences (id, user_id, language_code, created_at, updated_at) FROM stdin;
\.


--
-- Data for Name: users; Type: TABLE DATA; Schema: public; Owner: postgres
--

COPY public.users (id, assigned_store_id, default_branch_id, username, email, password, role_id, is_active, last_login, created_at, updated_at, pin, profile_picture, pin_required_for_void, pin_login_enabled, cash_access) FROM stdin;
2	1	1	cashier	test@gmail.com	$2y$10$v2ggo8MgS1shRy7a7bWBouBktIyrMo.geYOb3.bAUJXS/wnRNqYcK	2	t	\N	2025-08-17 19:35:17	2026-05-20 17:28:03		\N	t	f	t
4	\N	1	test	muhammadasnaffkhan@gmail.com	$2y$10$vmyGn5WOH1CuEQHWojF/G.O3GO4umCOR1LybeC5bDhGgPSZwtcKR.	1	t	\N	2026-06-02 18:23:52.838446	2026-06-02 18:23:52.838446		\N	t	f	t
1	1	1	admin	admin@gmail.com	$2y$10$15ETnDm2P5EVQfWBIpLTauhZ5wkJ7lFxYnYyvLnMHlcBrbK0vSXru	1	t	2026-07-07 21:23:51.299995	2025-08-17 19:35:17	2026-05-31 15:40:16	1111	\N	t	f	t
\.


--
-- Data for Name: vendors; Type: TABLE DATA; Schema: public; Owner: postgres
--

COPY public.vendors (id, primary_store_id, name, contact_number, email, address, is_active, created_at) FROM stdin;
\.


--
-- Data for Name: video_help; Type: TABLE DATA; Schema: public; Owner: postgres
--

COPY public.video_help (id, page_name, page_title, video_url, video_title, description, is_active, created_at, updated_at) FROM stdin;
\.


--
-- Data for Name: void_items; Type: TABLE DATA; Schema: public; Owner: postgres
--

COPY public.void_items (id, source_type, source_id, hold_item_id, sale_item_id, item_id, item_name, quantity, unit_price, tax_rate, modifiers, remarks, void_reason_id, voided_by, voided_at) FROM stdin;
1	hold	2	3	\N	12	1 LTR	1.000	170.00	0.00	[]		1	1	2026-06-20 13:13:49.991182
\.


--
-- Data for Name: void_orders; Type: TABLE DATA; Schema: public; Owner: postgres
--

COPY public.void_orders (id, store_id, sale_id, void_reason_id, voided_by, voided_at, notes, original_amount) FROM stdin;
1	\N	6	1	1	2026-06-20 13:14:35.674028		3147.00
\.


--
-- Data for Name: void_reasons; Type: TABLE DATA; Schema: public; Owner: postgres
--

COPY public.void_reasons (id, reason_name, description, is_active, created_at) FROM stdin;
1	Mistake		t	2026-05-04 20:08:55
\.


--
-- Data for Name: warranties; Type: TABLE DATA; Schema: public; Owner: postgres
--

COPY public.warranties (id, name, months, days, is_active, created_at) FROM stdin;
1	No Warranty	0	0	t	2025-11-05 22:16:45
2	3 Months	3	0	t	2025-11-05 22:16:45
3	6 Months	6	0	t	2025-11-05 22:16:45
4	1 Year	12	0	t	2025-11-05 22:16:45
5	2 Years	24	0	t	2025-11-05 22:16:45
\.


--
-- Data for Name: wastage; Type: TABLE DATA; Schema: public; Owner: postgres
--

COPY public.wastage (id, wastage_number, store_id, branch_id, wastage_date, total_items, total_wastage_value, remarks, created_by, journal_entry_id, created_at) FROM stdin;
\.


--
-- Data for Name: wastage_items; Type: TABLE DATA; Schema: public; Owner: postgres
--

COPY public.wastage_items (id, wastage_id, item_id, item_name, quantity, cost_price, line_value, loss_reason) FROM stdin;
\.


--
-- Data for Name: zatca_config; Type: TABLE DATA; Schema: public; Owner: postgres
--

COPY public.zatca_config (id, is_enabled, invoice_format, qr_code_size, created_at, updated_at) FROM stdin;
1	f	pdf	150	2026-02-17 20:01:26	2026-02-17 20:01:26
\.


--
-- Data for Name: zatca_invoices; Type: TABLE DATA; Schema: public; Owner: postgres
--

COPY public.zatca_invoices (id, sale_id, invoice_number, invoice_type, invoice_date, seller_vat, buyer_vat, buyer_name, total_amount, tax_amount, amount_excluding_tax, qr_code_data, qr_code_image_url, invoice_data, created_at) FROM stdin;
\.


--
-- Data for Name: zatca_phase2_api_logs; Type: TABLE DATA; Schema: public; Owner: postgres
--

COPY public.zatca_phase2_api_logs (id, zatca_phase2_invoice_id, endpoint, http_method, request_headers, request_body, response_status, response_headers, response_body, duration_ms, correlation_id, created_at) FROM stdin;
\.


--
-- Data for Name: zatca_phase2_certificates; Type: TABLE DATA; Schema: public; Owner: postgres
--

COPY public.zatca_phase2_certificates (id, store_id, environment, device_identifier, certificate_type, certificate_serial, issuer_dn, subject_dn, valid_from, valid_to, csr_pem, certificate_pem, private_key_ref, fingerprint_sha256, is_active, created_at, updated_at) FROM stdin;
\.


--
-- Data for Name: zatca_phase2_device_state; Type: TABLE DATA; Schema: public; Owner: postgres
--

COPY public.zatca_phase2_device_state (id, store_id, terminal_id, device_identifier, last_icv, last_invoice_uuid, last_invoice_hash, last_submission_at, updated_at, created_at) FROM stdin;
\.


--
-- Data for Name: zatca_phase2_invoices; Type: TABLE DATA; Schema: public; Owner: postgres
--

COPY public.zatca_phase2_invoices (id, sale_id, invoice_number, invoice_type, uuid, icv, previous_invoice_hash, invoice_hash, unsigned_xml, signed_xml, canonical_xml_hash, qr_tlv_base64, authority_submission_type, authority_invoice_ref, authority_status, authority_response_code, authority_response_message, status, retry_count, next_retry_at, last_error_at, last_error_message, submitted_at, cleared_at, reported_at, created_at, updated_at) FROM stdin;
\.


--
-- Data for Name: zatca_phase2_jobs; Type: TABLE DATA; Schema: public; Owner: postgres
--

COPY public.zatca_phase2_jobs (id, zatca_phase2_invoice_id, job_type, status, attempt_count, max_attempts, run_after, locked_at, locked_by, last_error, created_at, updated_at) FROM stdin;
\.


--
-- Data for Name: zatca_phase2_status_history; Type: TABLE DATA; Schema: public; Owner: postgres
--

COPY public.zatca_phase2_status_history (id, zatca_phase2_invoice_id, from_status, to_status, event_source, reason_code, reason_message, created_at) FROM stdin;
\.


--
-- Name: account_mappings_id_seq; Type: SEQUENCE SET; Schema: public; Owner: postgres
--

SELECT pg_catalog.setval('public.account_mappings_id_seq', 45, true);


--
-- Name: account_transactions_id_seq; Type: SEQUENCE SET; Schema: public; Owner: postgres
--

SELECT pg_catalog.setval('public.account_transactions_id_seq', 1, false);


--
-- Name: account_types_id_seq; Type: SEQUENCE SET; Schema: public; Owner: postgres
--

SELECT pg_catalog.setval('public.account_types_id_seq', 5, true);


--
-- Name: bank_accounts_id_seq; Type: SEQUENCE SET; Schema: public; Owner: postgres
--

SELECT pg_catalog.setval('public.bank_accounts_id_seq', 1, false);


--
-- Name: bom_components_id_seq; Type: SEQUENCE SET; Schema: public; Owner: postgres
--

SELECT pg_catalog.setval('public.bom_components_id_seq', 1, false);


--
-- Name: bom_master_id_seq; Type: SEQUENCE SET; Schema: public; Owner: postgres
--

SELECT pg_catalog.setval('public.bom_master_id_seq', 1, false);


--
-- Name: branch_info_id_seq; Type: SEQUENCE SET; Schema: public; Owner: postgres
--

SELECT pg_catalog.setval('public.branch_info_id_seq', 1, true);


--
-- Name: card_types_id_seq; Type: SEQUENCE SET; Schema: public; Owner: postgres
--

SELECT pg_catalog.setval('public.card_types_id_seq', 3, true);


--
-- Name: categories_id_seq; Type: SEQUENCE SET; Schema: public; Owner: postgres
--

SELECT pg_catalog.setval('public.categories_id_seq', 1, false);


--
-- Name: chart_of_accounts_id_seq; Type: SEQUENCE SET; Schema: public; Owner: postgres
--

SELECT pg_catalog.setval('public.chart_of_accounts_id_seq', 52, true);


--
-- Name: cheque_books_id_seq; Type: SEQUENCE SET; Schema: public; Owner: postgres
--

SELECT pg_catalog.setval('public.cheque_books_id_seq', 1, false);


--
-- Name: cheques_id_seq; Type: SEQUENCE SET; Schema: public; Owner: postgres
--

SELECT pg_catalog.setval('public.cheques_id_seq', 1, false);


--
-- Name: cus_outstanding_id_seq; Type: SEQUENCE SET; Schema: public; Owner: postgres
--

SELECT pg_catalog.setval('public.cus_outstanding_id_seq', 1, false);


--
-- Name: cus_payments_id_seq; Type: SEQUENCE SET; Schema: public; Owner: postgres
--

SELECT pg_catalog.setval('public.cus_payments_id_seq', 1, false);


--
-- Name: customer_balance_entries_id_seq; Type: SEQUENCE SET; Schema: public; Owner: postgres
--

SELECT pg_catalog.setval('public.customer_balance_entries_id_seq', 1, false);


--
-- Name: customer_categories_id_seq; Type: SEQUENCE SET; Schema: public; Owner: postgres
--

SELECT pg_catalog.setval('public.customer_categories_id_seq', 1, false);


--
-- Name: customer_subscription_invoices_id_seq; Type: SEQUENCE SET; Schema: public; Owner: postgres
--

SELECT pg_catalog.setval('public.customer_subscription_invoices_id_seq', 1, false);


--
-- Name: customer_subscriptions_id_seq; Type: SEQUENCE SET; Schema: public; Owner: postgres
--

SELECT pg_catalog.setval('public.customer_subscriptions_id_seq', 1, false);


--
-- Name: customers_id_seq; Type: SEQUENCE SET; Schema: public; Owner: postgres
--

SELECT pg_catalog.setval('public.customers_id_seq', 1, true);


--
-- Name: deal_items_id_seq; Type: SEQUENCE SET; Schema: public; Owner: postgres
--

SELECT pg_catalog.setval('public.deal_items_id_seq', 1, false);


--
-- Name: deals_id_seq; Type: SEQUENCE SET; Schema: public; Owner: postgres
--

SELECT pg_catalog.setval('public.deals_id_seq', 1, false);


--
-- Name: delivery_orders_id_seq; Type: SEQUENCE SET; Schema: public; Owner: postgres
--

SELECT pg_catalog.setval('public.delivery_orders_id_seq', 1, false);


--
-- Name: delivery_riders_id_seq; Type: SEQUENCE SET; Schema: public; Owner: postgres
--

SELECT pg_catalog.setval('public.delivery_riders_id_seq', 1, false);


--
-- Name: dinein_floors_id_seq; Type: SEQUENCE SET; Schema: public; Owner: postgres
--

SELECT pg_catalog.setval('public.dinein_floors_id_seq', 1, false);


--
-- Name: dinein_tables_id_seq; Type: SEQUENCE SET; Schema: public; Owner: postgres
--

SELECT pg_catalog.setval('public.dinein_tables_id_seq', 1, false);


--
-- Name: discount_categories_id_seq; Type: SEQUENCE SET; Schema: public; Owner: postgres
--

SELECT pg_catalog.setval('public.discount_categories_id_seq', 1, false);


--
-- Name: discounts_id_seq; Type: SEQUENCE SET; Schema: public; Owner: postgres
--

SELECT pg_catalog.setval('public.discounts_id_seq', 1, false);


--
-- Name: expense_accounts_id_seq; Type: SEQUENCE SET; Schema: public; Owner: postgres
--

SELECT pg_catalog.setval('public.expense_accounts_id_seq', 1, false);


--
-- Name: expense_categories_id_seq; Type: SEQUENCE SET; Schema: public; Owner: postgres
--

SELECT pg_catalog.setval('public.expense_categories_id_seq', 1, false);


--
-- Name: expense_subcategories_id_seq; Type: SEQUENCE SET; Schema: public; Owner: postgres
--

SELECT pg_catalog.setval('public.expense_subcategories_id_seq', 1, false);


--
-- Name: expenses_id_seq; Type: SEQUENCE SET; Schema: public; Owner: postgres
--

SELECT pg_catalog.setval('public.expenses_id_seq', 1, false);


--
-- Name: fbr_config_id_seq; Type: SEQUENCE SET; Schema: public; Owner: postgres
--

SELECT pg_catalog.setval('public.fbr_config_id_seq', 1, false);


--
-- Name: fbr_digital_id_seq; Type: SEQUENCE SET; Schema: public; Owner: postgres
--

SELECT pg_catalog.setval('public.fbr_digital_id_seq', 1, false);


--
-- Name: fbr_digital_invoices_id_seq; Type: SEQUENCE SET; Schema: public; Owner: postgres
--

SELECT pg_catalog.setval('public.fbr_digital_invoices_id_seq', 1, false);


--
-- Name: fbr_digital_logs_id_seq; Type: SEQUENCE SET; Schema: public; Owner: postgres
--

SELECT pg_catalog.setval('public.fbr_digital_logs_id_seq', 1, false);


--
-- Name: fbr_digital_scenarios_id_seq; Type: SEQUENCE SET; Schema: public; Owner: postgres
--

SELECT pg_catalog.setval('public.fbr_digital_scenarios_id_seq', 1, false);


--
-- Name: fbr_invoices_id_seq; Type: SEQUENCE SET; Schema: public; Owner: postgres
--

SELECT pg_catalog.setval('public.fbr_invoices_id_seq', 1, false);


--
-- Name: fbr_logs_id_seq; Type: SEQUENCE SET; Schema: public; Owner: postgres
--

SELECT pg_catalog.setval('public.fbr_logs_id_seq', 1, false);


--
-- Name: fiscal_periods_id_seq; Type: SEQUENCE SET; Schema: public; Owner: postgres
--

SELECT pg_catalog.setval('public.fiscal_periods_id_seq', 1, false);


--
-- Name: hold_items_id_seq; Type: SEQUENCE SET; Schema: public; Owner: postgres
--

SELECT pg_catalog.setval('public.hold_items_id_seq', 2, true);


--
-- Name: hold_orders_id_seq; Type: SEQUENCE SET; Schema: public; Owner: postgres
--

SELECT pg_catalog.setval('public.hold_orders_id_seq', 2, true);


--
-- Name: inventory_lots_id_seq; Type: SEQUENCE SET; Schema: public; Owner: postgres
--

SELECT pg_catalog.setval('public.inventory_lots_id_seq', 1, false);


--
-- Name: inventory_movements_id_seq; Type: SEQUENCE SET; Schema: public; Owner: postgres
--

SELECT pg_catalog.setval('public.inventory_movements_id_seq', 1, false);


--
-- Name: item_barcodes_id_seq; Type: SEQUENCE SET; Schema: public; Owner: postgres
--

SELECT pg_catalog.setval('public.item_barcodes_id_seq', 1, false);


--
-- Name: item_line_discounts_id_seq; Type: SEQUENCE SET; Schema: public; Owner: postgres
--

SELECT pg_catalog.setval('public.item_line_discounts_id_seq', 1, false);


--
-- Name: item_modifier_group_assignments_id_seq; Type: SEQUENCE SET; Schema: public; Owner: postgres
--

SELECT pg_catalog.setval('public.item_modifier_group_assignments_id_seq', 1, false);


--
-- Name: item_modifier_groups_id_seq; Type: SEQUENCE SET; Schema: public; Owner: postgres
--

SELECT pg_catalog.setval('public.item_modifier_groups_id_seq', 1, false);


--
-- Name: item_modifiers_id_seq; Type: SEQUENCE SET; Schema: public; Owner: postgres
--

SELECT pg_catalog.setval('public.item_modifiers_id_seq', 1, false);


--
-- Name: item_serial_transactions_id_seq; Type: SEQUENCE SET; Schema: public; Owner: postgres
--

SELECT pg_catalog.setval('public.item_serial_transactions_id_seq', 1, false);


--
-- Name: item_serials_id_seq; Type: SEQUENCE SET; Schema: public; Owner: postgres
--

SELECT pg_catalog.setval('public.item_serials_id_seq', 1, false);


--
-- Name: items_id_seq; Type: SEQUENCE SET; Schema: public; Owner: postgres
--

SELECT pg_catalog.setval('public.items_id_seq', 1, false);


--
-- Name: journal_entries_id_seq; Type: SEQUENCE SET; Schema: public; Owner: postgres
--

SELECT pg_catalog.setval('public.journal_entries_id_seq', 1, false);


--
-- Name: journal_entry_lines_id_seq; Type: SEQUENCE SET; Schema: public; Owner: postgres
--

SELECT pg_catalog.setval('public.journal_entry_lines_id_seq', 1, false);


--
-- Name: kds_activity_log_id_seq; Type: SEQUENCE SET; Schema: public; Owner: postgres
--

SELECT pg_catalog.setval('public.kds_activity_log_id_seq', 1, false);


--
-- Name: kds_cleanup_log_id_seq; Type: SEQUENCE SET; Schema: public; Owner: postgres
--

SELECT pg_catalog.setval('public.kds_cleanup_log_id_seq', 1, false);


--
-- Name: kds_order_items_id_seq; Type: SEQUENCE SET; Schema: public; Owner: postgres
--

SELECT pg_catalog.setval('public.kds_order_items_id_seq', 1, false);


--
-- Name: kds_orders_id_seq; Type: SEQUENCE SET; Schema: public; Owner: postgres
--

SELECT pg_catalog.setval('public.kds_orders_id_seq', 1, false);


--
-- Name: kds_settings_id_seq; Type: SEQUENCE SET; Schema: public; Owner: postgres
--

SELECT pg_catalog.setval('public.kds_settings_id_seq', 1, true);


--
-- Name: kds_station_items_id_seq; Type: SEQUENCE SET; Schema: public; Owner: postgres
--

SELECT pg_catalog.setval('public.kds_station_items_id_seq', 1, false);


--
-- Name: kds_stations_id_seq; Type: SEQUENCE SET; Schema: public; Owner: postgres
--

SELECT pg_catalog.setval('public.kds_stations_id_seq', 1, false);


--
-- Name: kpra_config_id_seq; Type: SEQUENCE SET; Schema: public; Owner: postgres
--

SELECT pg_catalog.setval('public.kpra_config_id_seq', 1, false);


--
-- Name: kpra_invoices_id_seq; Type: SEQUENCE SET; Schema: public; Owner: postgres
--

SELECT pg_catalog.setval('public.kpra_invoices_id_seq', 1, false);


--
-- Name: kpra_logs_id_seq; Type: SEQUENCE SET; Schema: public; Owner: postgres
--

SELECT pg_catalog.setval('public.kpra_logs_id_seq', 1, false);


--
-- Name: languages_id_seq; Type: SEQUENCE SET; Schema: public; Owner: postgres
--

SELECT pg_catalog.setval('public.languages_id_seq', 4, true);


--
-- Name: line_discount_rules_id_seq; Type: SEQUENCE SET; Schema: public; Owner: postgres
--

SELECT pg_catalog.setval('public.line_discount_rules_id_seq', 1, false);


--
-- Name: modifier_group_assignments_id_seq; Type: SEQUENCE SET; Schema: public; Owner: postgres
--

SELECT pg_catalog.setval('public.modifier_group_assignments_id_seq', 1, false);


--
-- Name: modifier_template_options_id_seq; Type: SEQUENCE SET; Schema: public; Owner: postgres
--

SELECT pg_catalog.setval('public.modifier_template_options_id_seq', 1, false);


--
-- Name: modifier_templates_id_seq; Type: SEQUENCE SET; Schema: public; Owner: postgres
--

SELECT pg_catalog.setval('public.modifier_templates_id_seq', 1, false);


--
-- Name: order_takers_id_seq; Type: SEQUENCE SET; Schema: public; Owner: postgres
--

SELECT pg_catalog.setval('public.order_takers_id_seq', 1, false);


--
-- Name: payment_method_tax_rates_id_seq; Type: SEQUENCE SET; Schema: public; Owner: postgres
--

SELECT pg_catalog.setval('public.payment_method_tax_rates_id_seq', 6, true);


--
-- Name: payment_methods_id_seq; Type: SEQUENCE SET; Schema: public; Owner: postgres
--

SELECT pg_catalog.setval('public.payment_methods_id_seq', 7, true);


--
-- Name: price_history_id_seq; Type: SEQUENCE SET; Schema: public; Owner: postgres
--

SELECT pg_catalog.setval('public.price_history_id_seq', 1, false);


--
-- Name: print_devices_id_seq; Type: SEQUENCE SET; Schema: public; Owner: postgres
--

SELECT pg_catalog.setval('public.print_devices_id_seq', 3, true);


--
-- Name: production_cost_lines_id_seq; Type: SEQUENCE SET; Schema: public; Owner: postgres
--

SELECT pg_catalog.setval('public.production_cost_lines_id_seq', 1, false);


--
-- Name: production_items_id_seq; Type: SEQUENCE SET; Schema: public; Owner: postgres
--

SELECT pg_catalog.setval('public.production_items_id_seq', 1, false);


--
-- Name: production_materials_id_seq; Type: SEQUENCE SET; Schema: public; Owner: postgres
--

SELECT pg_catalog.setval('public.production_materials_id_seq', 1, false);


--
-- Name: production_orders_id_seq; Type: SEQUENCE SET; Schema: public; Owner: postgres
--

SELECT pg_catalog.setval('public.production_orders_id_seq', 1, false);


--
-- Name: purchase_items_id_seq; Type: SEQUENCE SET; Schema: public; Owner: postgres
--

SELECT pg_catalog.setval('public.purchase_items_id_seq', 1, false);


--
-- Name: purchase_order_items_id_seq; Type: SEQUENCE SET; Schema: public; Owner: postgres
--

SELECT pg_catalog.setval('public.purchase_order_items_id_seq', 1, false);


--
-- Name: purchase_orders_id_seq; Type: SEQUENCE SET; Schema: public; Owner: postgres
--

SELECT pg_catalog.setval('public.purchase_orders_id_seq', 1, false);


--
-- Name: purchase_return_items_id_seq; Type: SEQUENCE SET; Schema: public; Owner: postgres
--

SELECT pg_catalog.setval('public.purchase_return_items_id_seq', 1, false);


--
-- Name: purchase_returns_id_seq; Type: SEQUENCE SET; Schema: public; Owner: postgres
--

SELECT pg_catalog.setval('public.purchase_returns_id_seq', 1, false);


--
-- Name: purchases_id_seq; Type: SEQUENCE SET; Schema: public; Owner: postgres
--

SELECT pg_catalog.setval('public.purchases_id_seq', 1, false);


--
-- Name: quotation_drafts_id_seq; Type: SEQUENCE SET; Schema: public; Owner: postgres
--

SELECT pg_catalog.setval('public.quotation_drafts_id_seq', 1, false);


--
-- Name: quotation_items_id_seq; Type: SEQUENCE SET; Schema: public; Owner: postgres
--

SELECT pg_catalog.setval('public.quotation_items_id_seq', 1, false);


--
-- Name: quotations_id_seq; Type: SEQUENCE SET; Schema: public; Owner: postgres
--

SELECT pg_catalog.setval('public.quotations_id_seq', 1, false);


--
-- Name: rights_id_seq; Type: SEQUENCE SET; Schema: public; Owner: postgres
--

SELECT pg_catalog.setval('public.rights_id_seq', 118, true);


--
-- Name: roles_id_seq; Type: SEQUENCE SET; Schema: public; Owner: postgres
--

SELECT pg_catalog.setval('public.roles_id_seq', 2, true);


--
-- Name: sale_item_modifiers_id_seq; Type: SEQUENCE SET; Schema: public; Owner: postgres
--

SELECT pg_catalog.setval('public.sale_item_modifiers_id_seq', 1, false);


--
-- Name: sale_items_id_seq; Type: SEQUENCE SET; Schema: public; Owner: postgres
--

SELECT pg_catalog.setval('public.sale_items_id_seq', 1, false);


--
-- Name: sale_return_items_id_seq; Type: SEQUENCE SET; Schema: public; Owner: postgres
--

SELECT pg_catalog.setval('public.sale_return_items_id_seq', 1, false);


--
-- Name: sale_returns_id_seq; Type: SEQUENCE SET; Schema: public; Owner: postgres
--

SELECT pg_catalog.setval('public.sale_returns_id_seq', 1, false);


--
-- Name: sales_id_seq; Type: SEQUENCE SET; Schema: public; Owner: postgres
--

SELECT pg_catalog.setval('public.sales_id_seq', 19, true);


--
-- Name: setting_categories_id_seq; Type: SEQUENCE SET; Schema: public; Owner: postgres
--

SELECT pg_catalog.setval('public.setting_categories_id_seq', 13, true);


--
-- Name: setting_options_id_seq; Type: SEQUENCE SET; Schema: public; Owner: postgres
--

SELECT pg_catalog.setval('public.setting_options_id_seq', 56, true);


--
-- Name: settings_id_seq; Type: SEQUENCE SET; Schema: public; Owner: postgres
--

SELECT pg_catalog.setval('public.settings_id_seq', 77, true);


--
-- Name: shift_logs_id_seq; Type: SEQUENCE SET; Schema: public; Owner: postgres
--

SELECT pg_catalog.setval('public.shift_logs_id_seq', 1, false);


--
-- Name: shifts_id_seq; Type: SEQUENCE SET; Schema: public; Owner: postgres
--

SELECT pg_catalog.setval('public.shifts_id_seq', 1, false);


--
-- Name: site_installation_id_seq; Type: SEQUENCE SET; Schema: public; Owner: postgres
--

SELECT pg_catalog.setval('public.site_installation_id_seq', 1, true);


--
-- Name: stock_adjustment_items_id_seq; Type: SEQUENCE SET; Schema: public; Owner: postgres
--

SELECT pg_catalog.setval('public.stock_adjustment_items_id_seq', 1, false);


--
-- Name: stock_adjustments_id_seq; Type: SEQUENCE SET; Schema: public; Owner: postgres
--

SELECT pg_catalog.setval('public.stock_adjustments_id_seq', 1, false);


--
-- Name: stock_transfer_items_id_seq; Type: SEQUENCE SET; Schema: public; Owner: postgres
--

SELECT pg_catalog.setval('public.stock_transfer_items_id_seq', 1, false);


--
-- Name: stock_transfers_id_seq; Type: SEQUENCE SET; Schema: public; Owner: postgres
--

SELECT pg_catalog.setval('public.stock_transfers_id_seq', 1, false);


--
-- Name: store_inventory_id_seq; Type: SEQUENCE SET; Schema: public; Owner: postgres
--

SELECT pg_catalog.setval('public.store_inventory_id_seq', 1, false);


--
-- Name: stores_id_seq; Type: SEQUENCE SET; Schema: public; Owner: postgres
--

SELECT pg_catalog.setval('public.stores_id_seq', 1, false);


--
-- Name: sub_categories_id_seq; Type: SEQUENCE SET; Schema: public; Owner: postgres
--

SELECT pg_catalog.setval('public.sub_categories_id_seq', 1, false);


--
-- Name: subscription_plans_id_seq; Type: SEQUENCE SET; Schema: public; Owner: postgres
--

SELECT pg_catalog.setval('public.subscription_plans_id_seq', 1, false);


--
-- Name: sup_outstanding_id_seq; Type: SEQUENCE SET; Schema: public; Owner: postgres
--

SELECT pg_catalog.setval('public.sup_outstanding_id_seq', 1, false);


--
-- Name: sup_payments_id_seq; Type: SEQUENCE SET; Schema: public; Owner: postgres
--

SELECT pg_catalog.setval('public.sup_payments_id_seq', 1, false);


--
-- Name: supplier_balance_entries_id_seq; Type: SEQUENCE SET; Schema: public; Owner: postgres
--

SELECT pg_catalog.setval('public.supplier_balance_entries_id_seq', 1, false);


--
-- Name: sync_settings_id_seq; Type: SEQUENCE SET; Schema: public; Owner: postgres
--

SELECT pg_catalog.setval('public.sync_settings_id_seq', 1, false);


--
-- Name: table_transfer_logs_id_seq; Type: SEQUENCE SET; Schema: public; Owner: postgres
--

SELECT pg_catalog.setval('public.table_transfer_logs_id_seq', 1, false);


--
-- Name: tax_rates_id_seq; Type: SEQUENCE SET; Schema: public; Owner: postgres
--

SELECT pg_catalog.setval('public.tax_rates_id_seq', 2, true);


--
-- Name: terminals_id_seq; Type: SEQUENCE SET; Schema: public; Owner: postgres
--

SELECT pg_catalog.setval('public.terminals_id_seq', 1, false);


--
-- Name: translations_id_seq; Type: SEQUENCE SET; Schema: public; Owner: postgres
--

SELECT pg_catalog.setval('public.translations_id_seq', 955, true);


--
-- Name: uom_groups_id_seq; Type: SEQUENCE SET; Schema: public; Owner: postgres
--

SELECT pg_catalog.setval('public.uom_groups_id_seq', 4, true);


--
-- Name: uoms_id_seq; Type: SEQUENCE SET; Schema: public; Owner: postgres
--

SELECT pg_catalog.setval('public.uoms_id_seq', 9, true);


--
-- Name: user_language_preferences_id_seq; Type: SEQUENCE SET; Schema: public; Owner: postgres
--

SELECT pg_catalog.setval('public.user_language_preferences_id_seq', 1, false);


--
-- Name: users_id_seq; Type: SEQUENCE SET; Schema: public; Owner: postgres
--

SELECT pg_catalog.setval('public.users_id_seq', 4, true);


--
-- Name: vendors_id_seq; Type: SEQUENCE SET; Schema: public; Owner: postgres
--

SELECT pg_catalog.setval('public.vendors_id_seq', 1, false);


--
-- Name: video_help_id_seq; Type: SEQUENCE SET; Schema: public; Owner: postgres
--

SELECT pg_catalog.setval('public.video_help_id_seq', 1, false);


--
-- Name: void_items_id_seq; Type: SEQUENCE SET; Schema: public; Owner: postgres
--

SELECT pg_catalog.setval('public.void_items_id_seq', 1, false);


--
-- Name: void_orders_id_seq; Type: SEQUENCE SET; Schema: public; Owner: postgres
--

SELECT pg_catalog.setval('public.void_orders_id_seq', 1, false);


--
-- Name: void_reasons_id_seq; Type: SEQUENCE SET; Schema: public; Owner: postgres
--

SELECT pg_catalog.setval('public.void_reasons_id_seq', 1, true);


--
-- Name: warranties_id_seq; Type: SEQUENCE SET; Schema: public; Owner: postgres
--

SELECT pg_catalog.setval('public.warranties_id_seq', 5, true);


--
-- Name: wastage_id_seq; Type: SEQUENCE SET; Schema: public; Owner: postgres
--

SELECT pg_catalog.setval('public.wastage_id_seq', 1, false);


--
-- Name: wastage_items_id_seq; Type: SEQUENCE SET; Schema: public; Owner: postgres
--

SELECT pg_catalog.setval('public.wastage_items_id_seq', 1, false);


--
-- Name: zatca_config_id_seq; Type: SEQUENCE SET; Schema: public; Owner: postgres
--

SELECT pg_catalog.setval('public.zatca_config_id_seq', 1, true);


--
-- Name: zatca_invoices_id_seq; Type: SEQUENCE SET; Schema: public; Owner: postgres
--

SELECT pg_catalog.setval('public.zatca_invoices_id_seq', 1, false);


--
-- Name: zatca_phase2_api_logs_id_seq; Type: SEQUENCE SET; Schema: public; Owner: postgres
--

SELECT pg_catalog.setval('public.zatca_phase2_api_logs_id_seq', 1, false);


--
-- Name: zatca_phase2_certificates_id_seq; Type: SEQUENCE SET; Schema: public; Owner: postgres
--

SELECT pg_catalog.setval('public.zatca_phase2_certificates_id_seq', 1, false);


--
-- Name: zatca_phase2_device_state_id_seq; Type: SEQUENCE SET; Schema: public; Owner: postgres
--

SELECT pg_catalog.setval('public.zatca_phase2_device_state_id_seq', 1, false);


--
-- Name: zatca_phase2_invoices_id_seq; Type: SEQUENCE SET; Schema: public; Owner: postgres
--

SELECT pg_catalog.setval('public.zatca_phase2_invoices_id_seq', 1, false);


--
-- Name: zatca_phase2_jobs_id_seq; Type: SEQUENCE SET; Schema: public; Owner: postgres
--

SELECT pg_catalog.setval('public.zatca_phase2_jobs_id_seq', 1, false);


--
-- Name: zatca_phase2_status_history_id_seq; Type: SEQUENCE SET; Schema: public; Owner: postgres
--

SELECT pg_catalog.setval('public.zatca_phase2_status_history_id_seq', 1, false);


--
-- Name: account_mappings account_mappings_mapping_code; Type: CONSTRAINT; Schema: public; Owner: postgres
--

ALTER TABLE ONLY public.account_mappings
    ADD CONSTRAINT account_mappings_mapping_code UNIQUE (mapping_code);


--
-- Name: account_mappings account_mappings_pkey; Type: CONSTRAINT; Schema: public; Owner: postgres
--

ALTER TABLE ONLY public.account_mappings
    ADD CONSTRAINT account_mappings_pkey PRIMARY KEY (id);


--
-- Name: account_transactions account_transactions_pkey; Type: CONSTRAINT; Schema: public; Owner: postgres
--

ALTER TABLE ONLY public.account_transactions
    ADD CONSTRAINT account_transactions_pkey PRIMARY KEY (id);


--
-- Name: account_types account_types_pkey; Type: CONSTRAINT; Schema: public; Owner: postgres
--

ALTER TABLE ONLY public.account_types
    ADD CONSTRAINT account_types_pkey PRIMARY KEY (id);


--
-- Name: account_types account_types_type_code; Type: CONSTRAINT; Schema: public; Owner: postgres
--

ALTER TABLE ONLY public.account_types
    ADD CONSTRAINT account_types_type_code UNIQUE (type_code);


--
-- Name: bank_access bank_access_pkey; Type: CONSTRAINT; Schema: public; Owner: postgres
--

ALTER TABLE ONLY public.bank_access
    ADD CONSTRAINT bank_access_pkey PRIMARY KEY (user_id, bank_account_id);


--
-- Name: bank_accounts bank_accounts_pkey; Type: CONSTRAINT; Schema: public; Owner: postgres
--

ALTER TABLE ONLY public.bank_accounts
    ADD CONSTRAINT bank_accounts_pkey PRIMARY KEY (id);


--
-- Name: bom_components bom_components_pkey; Type: CONSTRAINT; Schema: public; Owner: postgres
--

ALTER TABLE ONLY public.bom_components
    ADD CONSTRAINT bom_components_pkey PRIMARY KEY (id);


--
-- Name: bom_master bom_master_pkey; Type: CONSTRAINT; Schema: public; Owner: postgres
--

ALTER TABLE ONLY public.bom_master
    ADD CONSTRAINT bom_master_pkey PRIMARY KEY (id);


--
-- Name: branch_access branch_access_pkey; Type: CONSTRAINT; Schema: public; Owner: postgres
--

ALTER TABLE ONLY public.branch_access
    ADD CONSTRAINT branch_access_pkey PRIMARY KEY (user_id, branch_id);


--
-- Name: branch_info branch_info_branch_code; Type: CONSTRAINT; Schema: public; Owner: postgres
--

ALTER TABLE ONLY public.branch_info
    ADD CONSTRAINT branch_info_branch_code UNIQUE (branch_code);


--
-- Name: branch_info branch_info_pkey; Type: CONSTRAINT; Schema: public; Owner: postgres
--

ALTER TABLE ONLY public.branch_info
    ADD CONSTRAINT branch_info_pkey PRIMARY KEY (id);


--
-- Name: card_types card_types_card_code; Type: CONSTRAINT; Schema: public; Owner: postgres
--

ALTER TABLE ONLY public.card_types
    ADD CONSTRAINT card_types_card_code UNIQUE (card_code);


--
-- Name: card_types card_types_pkey; Type: CONSTRAINT; Schema: public; Owner: postgres
--

ALTER TABLE ONLY public.card_types
    ADD CONSTRAINT card_types_pkey PRIMARY KEY (id);


--
-- Name: categories categories_pkey; Type: CONSTRAINT; Schema: public; Owner: postgres
--

ALTER TABLE ONLY public.categories
    ADD CONSTRAINT categories_pkey PRIMARY KEY (id);


--
-- Name: chart_of_accounts chart_of_accounts_account_code; Type: CONSTRAINT; Schema: public; Owner: postgres
--

ALTER TABLE ONLY public.chart_of_accounts
    ADD CONSTRAINT chart_of_accounts_account_code UNIQUE (account_code);


--
-- Name: chart_of_accounts chart_of_accounts_pkey; Type: CONSTRAINT; Schema: public; Owner: postgres
--

ALTER TABLE ONLY public.chart_of_accounts
    ADD CONSTRAINT chart_of_accounts_pkey PRIMARY KEY (id);


--
-- Name: cheque_books cheque_books_pkey; Type: CONSTRAINT; Schema: public; Owner: postgres
--

ALTER TABLE ONLY public.cheque_books
    ADD CONSTRAINT cheque_books_pkey PRIMARY KEY (id);


--
-- Name: cheques cheques_pkey; Type: CONSTRAINT; Schema: public; Owner: postgres
--

ALTER TABLE ONLY public.cheques
    ADD CONSTRAINT cheques_pkey PRIMARY KEY (id);


--
-- Name: cheques cheques_uq_bank_cheque_number; Type: CONSTRAINT; Schema: public; Owner: postgres
--

ALTER TABLE ONLY public.cheques
    ADD CONSTRAINT cheques_uq_bank_cheque_number UNIQUE (bank_account_id, cheque_number);


--
-- Name: cus_outstanding cus_outstanding_pkey; Type: CONSTRAINT; Schema: public; Owner: postgres
--

ALTER TABLE ONLY public.cus_outstanding
    ADD CONSTRAINT cus_outstanding_pkey PRIMARY KEY (id);


--
-- Name: cus_payments cus_payments_pkey; Type: CONSTRAINT; Schema: public; Owner: postgres
--

ALTER TABLE ONLY public.cus_payments
    ADD CONSTRAINT cus_payments_pkey PRIMARY KEY (id);


--
-- Name: customer_balance_entries customer_balance_entries_pkey; Type: CONSTRAINT; Schema: public; Owner: postgres
--

ALTER TABLE ONLY public.customer_balance_entries
    ADD CONSTRAINT customer_balance_entries_pkey PRIMARY KEY (id);


--
-- Name: customer_balance_entries customer_balance_entries_uniq_entry_number; Type: CONSTRAINT; Schema: public; Owner: postgres
--

ALTER TABLE ONLY public.customer_balance_entries
    ADD CONSTRAINT customer_balance_entries_uniq_entry_number UNIQUE (entry_number);


--
-- Name: customer_categories customer_categories_category_name; Type: CONSTRAINT; Schema: public; Owner: postgres
--

ALTER TABLE ONLY public.customer_categories
    ADD CONSTRAINT customer_categories_category_name UNIQUE (category_name);


--
-- Name: customer_categories customer_categories_pkey; Type: CONSTRAINT; Schema: public; Owner: postgres
--

ALTER TABLE ONLY public.customer_categories
    ADD CONSTRAINT customer_categories_pkey PRIMARY KEY (id);


--
-- Name: customer_subscription_invoices customer_subscription_invoices_pkey; Type: CONSTRAINT; Schema: public; Owner: postgres
--

ALTER TABLE ONLY public.customer_subscription_invoices
    ADD CONSTRAINT customer_subscription_invoices_pkey PRIMARY KEY (id);


--
-- Name: customer_subscription_invoices customer_subscription_invoices_uq_subscription_sale; Type: CONSTRAINT; Schema: public; Owner: postgres
--

ALTER TABLE ONLY public.customer_subscription_invoices
    ADD CONSTRAINT customer_subscription_invoices_uq_subscription_sale UNIQUE (subscription_id, sale_id);


--
-- Name: customer_subscriptions customer_subscriptions_pkey; Type: CONSTRAINT; Schema: public; Owner: postgres
--

ALTER TABLE ONLY public.customer_subscriptions
    ADD CONSTRAINT customer_subscriptions_pkey PRIMARY KEY (id);


--
-- Name: customers customers_pkey; Type: CONSTRAINT; Schema: public; Owner: postgres
--

ALTER TABLE ONLY public.customers
    ADD CONSTRAINT customers_pkey PRIMARY KEY (id);


--
-- Name: deal_items deal_items_pkey; Type: CONSTRAINT; Schema: public; Owner: postgres
--

ALTER TABLE ONLY public.deal_items
    ADD CONSTRAINT deal_items_pkey PRIMARY KEY (id);


--
-- Name: deals deals_item_id; Type: CONSTRAINT; Schema: public; Owner: postgres
--

ALTER TABLE ONLY public.deals
    ADD CONSTRAINT deals_item_id UNIQUE (item_id);


--
-- Name: deals deals_pkey; Type: CONSTRAINT; Schema: public; Owner: postgres
--

ALTER TABLE ONLY public.deals
    ADD CONSTRAINT deals_pkey PRIMARY KEY (id);


--
-- Name: delivery_orders delivery_orders_pkey; Type: CONSTRAINT; Schema: public; Owner: postgres
--

ALTER TABLE ONLY public.delivery_orders
    ADD CONSTRAINT delivery_orders_pkey PRIMARY KEY (id);


--
-- Name: delivery_riders delivery_riders_pkey; Type: CONSTRAINT; Schema: public; Owner: postgres
--

ALTER TABLE ONLY public.delivery_riders
    ADD CONSTRAINT delivery_riders_pkey PRIMARY KEY (id);


--
-- Name: dinein_floors dinein_floors_pkey; Type: CONSTRAINT; Schema: public; Owner: postgres
--

ALTER TABLE ONLY public.dinein_floors
    ADD CONSTRAINT dinein_floors_pkey PRIMARY KEY (id);


--
-- Name: dinein_tables dinein_tables_pkey; Type: CONSTRAINT; Schema: public; Owner: postgres
--

ALTER TABLE ONLY public.dinein_tables
    ADD CONSTRAINT dinein_tables_pkey PRIMARY KEY (id);


--
-- Name: discount_categories discount_categories_pkey; Type: CONSTRAINT; Schema: public; Owner: postgres
--

ALTER TABLE ONLY public.discount_categories
    ADD CONSTRAINT discount_categories_pkey PRIMARY KEY (id);


--
-- Name: discounts discounts_discount_code; Type: CONSTRAINT; Schema: public; Owner: postgres
--

ALTER TABLE ONLY public.discounts
    ADD CONSTRAINT discounts_discount_code UNIQUE (discount_code);


--
-- Name: discounts discounts_pkey; Type: CONSTRAINT; Schema: public; Owner: postgres
--

ALTER TABLE ONLY public.discounts
    ADD CONSTRAINT discounts_pkey PRIMARY KEY (id);


--
-- Name: expense_accounts expense_accounts_pkey; Type: CONSTRAINT; Schema: public; Owner: postgres
--

ALTER TABLE ONLY public.expense_accounts
    ADD CONSTRAINT expense_accounts_pkey PRIMARY KEY (id);


--
-- Name: expense_categories expense_categories_pkey; Type: CONSTRAINT; Schema: public; Owner: postgres
--

ALTER TABLE ONLY public.expense_categories
    ADD CONSTRAINT expense_categories_pkey PRIMARY KEY (id);


--
-- Name: expense_subcategories expense_subcategories_pkey; Type: CONSTRAINT; Schema: public; Owner: postgres
--

ALTER TABLE ONLY public.expense_subcategories
    ADD CONSTRAINT expense_subcategories_pkey PRIMARY KEY (id);


--
-- Name: expenses expenses_pkey; Type: CONSTRAINT; Schema: public; Owner: postgres
--

ALTER TABLE ONLY public.expenses
    ADD CONSTRAINT expenses_pkey PRIMARY KEY (id);


--
-- Name: fbr_config fbr_config_pkey; Type: CONSTRAINT; Schema: public; Owner: postgres
--

ALTER TABLE ONLY public.fbr_config
    ADD CONSTRAINT fbr_config_pkey PRIMARY KEY (id);


--
-- Name: fbr_digital_invoices fbr_digital_invoices_pkey; Type: CONSTRAINT; Schema: public; Owner: postgres
--

ALTER TABLE ONLY public.fbr_digital_invoices
    ADD CONSTRAINT fbr_digital_invoices_pkey PRIMARY KEY (id);


--
-- Name: fbr_digital_logs fbr_digital_logs_pkey; Type: CONSTRAINT; Schema: public; Owner: postgres
--

ALTER TABLE ONLY public.fbr_digital_logs
    ADD CONSTRAINT fbr_digital_logs_pkey PRIMARY KEY (id);


--
-- Name: fbr_digital fbr_digital_pkey; Type: CONSTRAINT; Schema: public; Owner: postgres
--

ALTER TABLE ONLY public.fbr_digital
    ADD CONSTRAINT fbr_digital_pkey PRIMARY KEY (id);


--
-- Name: fbr_digital_scenarios fbr_digital_scenarios_pkey; Type: CONSTRAINT; Schema: public; Owner: postgres
--

ALTER TABLE ONLY public.fbr_digital_scenarios
    ADD CONSTRAINT fbr_digital_scenarios_pkey PRIMARY KEY (id);


--
-- Name: fbr_invoices fbr_invoices_pkey; Type: CONSTRAINT; Schema: public; Owner: postgres
--

ALTER TABLE ONLY public.fbr_invoices
    ADD CONSTRAINT fbr_invoices_pkey PRIMARY KEY (id);


--
-- Name: fbr_logs fbr_logs_pkey; Type: CONSTRAINT; Schema: public; Owner: postgres
--

ALTER TABLE ONLY public.fbr_logs
    ADD CONSTRAINT fbr_logs_pkey PRIMARY KEY (id);


--
-- Name: fiscal_period_setup fiscal_period_setup_pkey; Type: CONSTRAINT; Schema: public; Owner: postgres
--

ALTER TABLE ONLY public.fiscal_period_setup
    ADD CONSTRAINT fiscal_period_setup_pkey PRIMARY KEY (start_year);


--
-- Name: fiscal_periods fiscal_periods_pkey; Type: CONSTRAINT; Schema: public; Owner: postgres
--

ALTER TABLE ONLY public.fiscal_periods
    ADD CONSTRAINT fiscal_periods_pkey PRIMARY KEY (id);


--
-- Name: fiscal_periods fiscal_periods_unique_period_code; Type: CONSTRAINT; Schema: public; Owner: postgres
--

ALTER TABLE ONLY public.fiscal_periods
    ADD CONSTRAINT fiscal_periods_unique_period_code UNIQUE (period_code);


--
-- Name: hold_items hold_items_pkey; Type: CONSTRAINT; Schema: public; Owner: postgres
--

ALTER TABLE ONLY public.hold_items
    ADD CONSTRAINT hold_items_pkey PRIMARY KEY (id);


--
-- Name: hold_orders hold_orders_pkey; Type: CONSTRAINT; Schema: public; Owner: postgres
--

ALTER TABLE ONLY public.hold_orders
    ADD CONSTRAINT hold_orders_pkey PRIMARY KEY (id);


--
-- Name: inventory_lots inventory_lots_pkey; Type: CONSTRAINT; Schema: public; Owner: postgres
--

ALTER TABLE ONLY public.inventory_lots
    ADD CONSTRAINT inventory_lots_pkey PRIMARY KEY (id);


--
-- Name: inventory_movements inventory_movements_pkey; Type: CONSTRAINT; Schema: public; Owner: postgres
--

ALTER TABLE ONLY public.inventory_movements
    ADD CONSTRAINT inventory_movements_pkey PRIMARY KEY (id);


--
-- Name: item_barcodes item_barcodes_pkey; Type: CONSTRAINT; Schema: public; Owner: postgres
--

ALTER TABLE ONLY public.item_barcodes
    ADD CONSTRAINT item_barcodes_pkey PRIMARY KEY (id);


--
-- Name: item_barcodes item_barcodes_uniq_item_barcodes_barcode; Type: CONSTRAINT; Schema: public; Owner: postgres
--

ALTER TABLE ONLY public.item_barcodes
    ADD CONSTRAINT item_barcodes_uniq_item_barcodes_barcode UNIQUE (barcode);


--
-- Name: item_line_discounts item_line_discounts_pkey; Type: CONSTRAINT; Schema: public; Owner: postgres
--

ALTER TABLE ONLY public.item_line_discounts
    ADD CONSTRAINT item_line_discounts_pkey PRIMARY KEY (id);


--
-- Name: item_line_discounts item_line_discounts_uk_item_line_discounts_item_id; Type: CONSTRAINT; Schema: public; Owner: postgres
--

ALTER TABLE ONLY public.item_line_discounts
    ADD CONSTRAINT item_line_discounts_uk_item_line_discounts_item_id UNIQUE (item_id);


--
-- Name: item_modifier_group_assignments item_modifier_group_assignments_item_modifier_unique; Type: CONSTRAINT; Schema: public; Owner: postgres
--

ALTER TABLE ONLY public.item_modifier_group_assignments
    ADD CONSTRAINT item_modifier_group_assignments_item_modifier_unique UNIQUE (item_id, modifier_group_id);


--
-- Name: item_modifier_group_assignments item_modifier_group_assignments_pkey; Type: CONSTRAINT; Schema: public; Owner: postgres
--

ALTER TABLE ONLY public.item_modifier_group_assignments
    ADD CONSTRAINT item_modifier_group_assignments_pkey PRIMARY KEY (id);


--
-- Name: item_modifier_groups item_modifier_groups_name; Type: CONSTRAINT; Schema: public; Owner: postgres
--

ALTER TABLE ONLY public.item_modifier_groups
    ADD CONSTRAINT item_modifier_groups_name UNIQUE (name);


--
-- Name: item_modifier_groups item_modifier_groups_pkey; Type: CONSTRAINT; Schema: public; Owner: postgres
--

ALTER TABLE ONLY public.item_modifier_groups
    ADD CONSTRAINT item_modifier_groups_pkey PRIMARY KEY (id);


--
-- Name: item_modifiers item_modifiers_pkey; Type: CONSTRAINT; Schema: public; Owner: postgres
--

ALTER TABLE ONLY public.item_modifiers
    ADD CONSTRAINT item_modifiers_pkey PRIMARY KEY (id);


--
-- Name: item_serial_transactions item_serial_transactions_pkey; Type: CONSTRAINT; Schema: public; Owner: postgres
--

ALTER TABLE ONLY public.item_serial_transactions
    ADD CONSTRAINT item_serial_transactions_pkey PRIMARY KEY (id);


--
-- Name: item_serials item_serials_pkey; Type: CONSTRAINT; Schema: public; Owner: postgres
--

ALTER TABLE ONLY public.item_serials
    ADD CONSTRAINT item_serials_pkey PRIMARY KEY (id);


--
-- Name: item_serials item_serials_uq_item_serial; Type: CONSTRAINT; Schema: public; Owner: postgres
--

ALTER TABLE ONLY public.item_serials
    ADD CONSTRAINT item_serials_uq_item_serial UNIQUE (item_id, serial_no);


--
-- Name: items items_item_code; Type: CONSTRAINT; Schema: public; Owner: postgres
--

ALTER TABLE ONLY public.items
    ADD CONSTRAINT items_item_code UNIQUE (item_code);


--
-- Name: items items_pkey; Type: CONSTRAINT; Schema: public; Owner: postgres
--

ALTER TABLE ONLY public.items
    ADD CONSTRAINT items_pkey PRIMARY KEY (id);


--
-- Name: journal_entries journal_entries_entry_number; Type: CONSTRAINT; Schema: public; Owner: postgres
--

ALTER TABLE ONLY public.journal_entries
    ADD CONSTRAINT journal_entries_entry_number UNIQUE (entry_number);


--
-- Name: journal_entries journal_entries_pkey; Type: CONSTRAINT; Schema: public; Owner: postgres
--

ALTER TABLE ONLY public.journal_entries
    ADD CONSTRAINT journal_entries_pkey PRIMARY KEY (id);


--
-- Name: journal_entry_lines journal_entry_lines_pkey; Type: CONSTRAINT; Schema: public; Owner: postgres
--

ALTER TABLE ONLY public.journal_entry_lines
    ADD CONSTRAINT journal_entry_lines_pkey PRIMARY KEY (id);


--
-- Name: kds_activity_log kds_activity_log_pkey; Type: CONSTRAINT; Schema: public; Owner: postgres
--

ALTER TABLE ONLY public.kds_activity_log
    ADD CONSTRAINT kds_activity_log_pkey PRIMARY KEY (id);


--
-- Name: kds_cleanup_log kds_cleanup_log_pkey; Type: CONSTRAINT; Schema: public; Owner: postgres
--

ALTER TABLE ONLY public.kds_cleanup_log
    ADD CONSTRAINT kds_cleanup_log_pkey PRIMARY KEY (id);


--
-- Name: kds_order_items kds_order_items_pkey; Type: CONSTRAINT; Schema: public; Owner: postgres
--

ALTER TABLE ONLY public.kds_order_items
    ADD CONSTRAINT kds_order_items_pkey PRIMARY KEY (id);


--
-- Name: kds_orders kds_orders_order_number; Type: CONSTRAINT; Schema: public; Owner: postgres
--

ALTER TABLE ONLY public.kds_orders
    ADD CONSTRAINT kds_orders_order_number UNIQUE (order_number);


--
-- Name: kds_orders kds_orders_pkey; Type: CONSTRAINT; Schema: public; Owner: postgres
--

ALTER TABLE ONLY public.kds_orders
    ADD CONSTRAINT kds_orders_pkey PRIMARY KEY (id);


--
-- Name: kds_settings kds_settings_pkey; Type: CONSTRAINT; Schema: public; Owner: postgres
--

ALTER TABLE ONLY public.kds_settings
    ADD CONSTRAINT kds_settings_pkey PRIMARY KEY (id);


--
-- Name: kds_settings kds_settings_setting_key; Type: CONSTRAINT; Schema: public; Owner: postgres
--

ALTER TABLE ONLY public.kds_settings
    ADD CONSTRAINT kds_settings_setting_key UNIQUE (setting_key);


--
-- Name: kds_station_items kds_station_items_pkey; Type: CONSTRAINT; Schema: public; Owner: postgres
--

ALTER TABLE ONLY public.kds_station_items
    ADD CONSTRAINT kds_station_items_pkey PRIMARY KEY (id);


--
-- Name: kds_station_items kds_station_items_station_item_unique; Type: CONSTRAINT; Schema: public; Owner: postgres
--

ALTER TABLE ONLY public.kds_station_items
    ADD CONSTRAINT kds_station_items_station_item_unique UNIQUE (station_id, item_id);


--
-- Name: kds_stations kds_stations_pkey; Type: CONSTRAINT; Schema: public; Owner: postgres
--

ALTER TABLE ONLY public.kds_stations
    ADD CONSTRAINT kds_stations_pkey PRIMARY KEY (id);


--
-- Name: kpra_config kpra_config_pkey; Type: CONSTRAINT; Schema: public; Owner: postgres
--

ALTER TABLE ONLY public.kpra_config
    ADD CONSTRAINT kpra_config_pkey PRIMARY KEY (id);


--
-- Name: kpra_invoices kpra_invoices_pkey; Type: CONSTRAINT; Schema: public; Owner: postgres
--

ALTER TABLE ONLY public.kpra_invoices
    ADD CONSTRAINT kpra_invoices_pkey PRIMARY KEY (id);


--
-- Name: kpra_logs kpra_logs_pkey; Type: CONSTRAINT; Schema: public; Owner: postgres
--

ALTER TABLE ONLY public.kpra_logs
    ADD CONSTRAINT kpra_logs_pkey PRIMARY KEY (id);


--
-- Name: languages languages_code; Type: CONSTRAINT; Schema: public; Owner: postgres
--

ALTER TABLE ONLY public.languages
    ADD CONSTRAINT languages_code UNIQUE (code);


--
-- Name: languages languages_pkey; Type: CONSTRAINT; Schema: public; Owner: postgres
--

ALTER TABLE ONLY public.languages
    ADD CONSTRAINT languages_pkey PRIMARY KEY (id);


--
-- Name: line_discount_rules line_discount_rules_pkey; Type: CONSTRAINT; Schema: public; Owner: postgres
--

ALTER TABLE ONLY public.line_discount_rules
    ADD CONSTRAINT line_discount_rules_pkey PRIMARY KEY (id);


--
-- Name: modifier_group_assignments modifier_group_assignments_modifier_group_unique; Type: CONSTRAINT; Schema: public; Owner: postgres
--

ALTER TABLE ONLY public.modifier_group_assignments
    ADD CONSTRAINT modifier_group_assignments_modifier_group_unique UNIQUE (modifier_id, modifier_group_id);


--
-- Name: modifier_group_assignments modifier_group_assignments_pkey; Type: CONSTRAINT; Schema: public; Owner: postgres
--

ALTER TABLE ONLY public.modifier_group_assignments
    ADD CONSTRAINT modifier_group_assignments_pkey PRIMARY KEY (id);


--
-- Name: modifier_template_options modifier_template_options_pkey; Type: CONSTRAINT; Schema: public; Owner: postgres
--

ALTER TABLE ONLY public.modifier_template_options
    ADD CONSTRAINT modifier_template_options_pkey PRIMARY KEY (id);


--
-- Name: modifier_templates modifier_templates_pkey; Type: CONSTRAINT; Schema: public; Owner: postgres
--

ALTER TABLE ONLY public.modifier_templates
    ADD CONSTRAINT modifier_templates_pkey PRIMARY KEY (id);


--
-- Name: order_takers order_takers_employee_id; Type: CONSTRAINT; Schema: public; Owner: postgres
--

ALTER TABLE ONLY public.order_takers
    ADD CONSTRAINT order_takers_employee_id UNIQUE (employee_id);


--
-- Name: order_takers order_takers_pkey; Type: CONSTRAINT; Schema: public; Owner: postgres
--

ALTER TABLE ONLY public.order_takers
    ADD CONSTRAINT order_takers_pkey PRIMARY KEY (id);


--
-- Name: payment_method_tax_rates payment_method_tax_rates_payment_method; Type: CONSTRAINT; Schema: public; Owner: postgres
--

ALTER TABLE ONLY public.payment_method_tax_rates
    ADD CONSTRAINT payment_method_tax_rates_payment_method UNIQUE (payment_method);


--
-- Name: payment_method_tax_rates payment_method_tax_rates_pkey; Type: CONSTRAINT; Schema: public; Owner: postgres
--

ALTER TABLE ONLY public.payment_method_tax_rates
    ADD CONSTRAINT payment_method_tax_rates_pkey PRIMARY KEY (id);


--
-- Name: payment_methods payment_methods_method_name; Type: CONSTRAINT; Schema: public; Owner: postgres
--

ALTER TABLE ONLY public.payment_methods
    ADD CONSTRAINT payment_methods_method_name UNIQUE (method_name);


--
-- Name: payment_methods payment_methods_pkey; Type: CONSTRAINT; Schema: public; Owner: postgres
--

ALTER TABLE ONLY public.payment_methods
    ADD CONSTRAINT payment_methods_pkey PRIMARY KEY (id);


--
-- Name: price_history price_history_pkey; Type: CONSTRAINT; Schema: public; Owner: postgres
--

ALTER TABLE ONLY public.price_history
    ADD CONSTRAINT price_history_pkey PRIMARY KEY (id);


--
-- Name: print_devices print_devices_pkey; Type: CONSTRAINT; Schema: public; Owner: postgres
--

ALTER TABLE ONLY public.print_devices
    ADD CONSTRAINT print_devices_pkey PRIMARY KEY (id);


--
-- Name: production_cost_lines production_cost_lines_pkey; Type: CONSTRAINT; Schema: public; Owner: postgres
--

ALTER TABLE ONLY public.production_cost_lines
    ADD CONSTRAINT production_cost_lines_pkey PRIMARY KEY (id);


--
-- Name: production_items production_items_pkey; Type: CONSTRAINT; Schema: public; Owner: postgres
--

ALTER TABLE ONLY public.production_items
    ADD CONSTRAINT production_items_pkey PRIMARY KEY (id);


--
-- Name: production_materials production_materials_pkey; Type: CONSTRAINT; Schema: public; Owner: postgres
--

ALTER TABLE ONLY public.production_materials
    ADD CONSTRAINT production_materials_pkey PRIMARY KEY (id);


--
-- Name: production_orders production_orders_order_number; Type: CONSTRAINT; Schema: public; Owner: postgres
--

ALTER TABLE ONLY public.production_orders
    ADD CONSTRAINT production_orders_order_number UNIQUE (order_number);


--
-- Name: production_orders production_orders_pkey; Type: CONSTRAINT; Schema: public; Owner: postgres
--

ALTER TABLE ONLY public.production_orders
    ADD CONSTRAINT production_orders_pkey PRIMARY KEY (id);


--
-- Name: purchase_items purchase_items_pkey; Type: CONSTRAINT; Schema: public; Owner: postgres
--

ALTER TABLE ONLY public.purchase_items
    ADD CONSTRAINT purchase_items_pkey PRIMARY KEY (id);


--
-- Name: purchase_order_items purchase_order_items_pkey; Type: CONSTRAINT; Schema: public; Owner: postgres
--

ALTER TABLE ONLY public.purchase_order_items
    ADD CONSTRAINT purchase_order_items_pkey PRIMARY KEY (id);


--
-- Name: purchase_orders purchase_orders_pkey; Type: CONSTRAINT; Schema: public; Owner: postgres
--

ALTER TABLE ONLY public.purchase_orders
    ADD CONSTRAINT purchase_orders_pkey PRIMARY KEY (id);


--
-- Name: purchase_orders purchase_orders_uk_po_number; Type: CONSTRAINT; Schema: public; Owner: postgres
--

ALTER TABLE ONLY public.purchase_orders
    ADD CONSTRAINT purchase_orders_uk_po_number UNIQUE (po_number);


--
-- Name: purchase_return_items purchase_return_items_pkey; Type: CONSTRAINT; Schema: public; Owner: postgres
--

ALTER TABLE ONLY public.purchase_return_items
    ADD CONSTRAINT purchase_return_items_pkey PRIMARY KEY (id);


--
-- Name: purchase_returns purchase_returns_pkey; Type: CONSTRAINT; Schema: public; Owner: postgres
--

ALTER TABLE ONLY public.purchase_returns
    ADD CONSTRAINT purchase_returns_pkey PRIMARY KEY (id);


--
-- Name: purchases purchases_pkey; Type: CONSTRAINT; Schema: public; Owner: postgres
--

ALTER TABLE ONLY public.purchases
    ADD CONSTRAINT purchases_pkey PRIMARY KEY (id);


--
-- Name: purchases purchases_purchase_number; Type: CONSTRAINT; Schema: public; Owner: postgres
--

ALTER TABLE ONLY public.purchases
    ADD CONSTRAINT purchases_purchase_number UNIQUE (purchase_number);


--
-- Name: quotation_drafts quotation_drafts_pkey; Type: CONSTRAINT; Schema: public; Owner: postgres
--

ALTER TABLE ONLY public.quotation_drafts
    ADD CONSTRAINT quotation_drafts_pkey PRIMARY KEY (id);


--
-- Name: quotation_drafts quotation_drafts_uq_quotation_draft_user_store; Type: CONSTRAINT; Schema: public; Owner: postgres
--

ALTER TABLE ONLY public.quotation_drafts
    ADD CONSTRAINT quotation_drafts_uq_quotation_draft_user_store UNIQUE (user_id, store_id);


--
-- Name: quotation_items quotation_items_pkey; Type: CONSTRAINT; Schema: public; Owner: postgres
--

ALTER TABLE ONLY public.quotation_items
    ADD CONSTRAINT quotation_items_pkey PRIMARY KEY (id);


--
-- Name: quotations quotations_pkey; Type: CONSTRAINT; Schema: public; Owner: postgres
--

ALTER TABLE ONLY public.quotations
    ADD CONSTRAINT quotations_pkey PRIMARY KEY (id);


--
-- Name: quotations quotations_quotation_number; Type: CONSTRAINT; Schema: public; Owner: postgres
--

ALTER TABLE ONLY public.quotations
    ADD CONSTRAINT quotations_quotation_number UNIQUE (quotation_number);


--
-- Name: rights rights_pkey; Type: CONSTRAINT; Schema: public; Owner: postgres
--

ALTER TABLE ONLY public.rights
    ADD CONSTRAINT rights_pkey PRIMARY KEY (id);


--
-- Name: role_rights role_rights_pkey; Type: CONSTRAINT; Schema: public; Owner: postgres
--

ALTER TABLE ONLY public.role_rights
    ADD CONSTRAINT role_rights_pkey PRIMARY KEY (role_id, right_id);


--
-- Name: roles roles_pkey; Type: CONSTRAINT; Schema: public; Owner: postgres
--

ALTER TABLE ONLY public.roles
    ADD CONSTRAINT roles_pkey PRIMARY KEY (id);


--
-- Name: sale_item_modifiers sale_item_modifiers_pkey; Type: CONSTRAINT; Schema: public; Owner: postgres
--

ALTER TABLE ONLY public.sale_item_modifiers
    ADD CONSTRAINT sale_item_modifiers_pkey PRIMARY KEY (id);


--
-- Name: sale_items sale_items_pkey; Type: CONSTRAINT; Schema: public; Owner: postgres
--

ALTER TABLE ONLY public.sale_items
    ADD CONSTRAINT sale_items_pkey PRIMARY KEY (id);


--
-- Name: sale_return_items sale_return_items_pkey; Type: CONSTRAINT; Schema: public; Owner: postgres
--

ALTER TABLE ONLY public.sale_return_items
    ADD CONSTRAINT sale_return_items_pkey PRIMARY KEY (id);


--
-- Name: sale_returns sale_returns_pkey; Type: CONSTRAINT; Schema: public; Owner: postgres
--

ALTER TABLE ONLY public.sale_returns
    ADD CONSTRAINT sale_returns_pkey PRIMARY KEY (id);


--
-- Name: sales sales_invoice_number; Type: CONSTRAINT; Schema: public; Owner: postgres
--

ALTER TABLE ONLY public.sales
    ADD CONSTRAINT sales_invoice_number UNIQUE (invoice_number);


--
-- Name: sales sales_pkey; Type: CONSTRAINT; Schema: public; Owner: postgres
--

ALTER TABLE ONLY public.sales
    ADD CONSTRAINT sales_pkey PRIMARY KEY (id);


--
-- Name: setting_categories setting_categories_code; Type: CONSTRAINT; Schema: public; Owner: postgres
--

ALTER TABLE ONLY public.setting_categories
    ADD CONSTRAINT setting_categories_code UNIQUE (code);


--
-- Name: setting_categories setting_categories_pkey; Type: CONSTRAINT; Schema: public; Owner: postgres
--

ALTER TABLE ONLY public.setting_categories
    ADD CONSTRAINT setting_categories_pkey PRIMARY KEY (id);


--
-- Name: setting_options setting_options_pkey; Type: CONSTRAINT; Schema: public; Owner: postgres
--

ALTER TABLE ONLY public.setting_options
    ADD CONSTRAINT setting_options_pkey PRIMARY KEY (id);


--
-- Name: settings settings_idx_settings_code; Type: CONSTRAINT; Schema: public; Owner: postgres
--

ALTER TABLE ONLY public.settings
    ADD CONSTRAINT settings_idx_settings_code UNIQUE (code);


--
-- Name: settings settings_pkey; Type: CONSTRAINT; Schema: public; Owner: postgres
--

ALTER TABLE ONLY public.settings
    ADD CONSTRAINT settings_pkey PRIMARY KEY (id);


--
-- Name: shift_logs shift_logs_pkey; Type: CONSTRAINT; Schema: public; Owner: postgres
--

ALTER TABLE ONLY public.shift_logs
    ADD CONSTRAINT shift_logs_pkey PRIMARY KEY (id);


--
-- Name: shifts shifts_pkey; Type: CONSTRAINT; Schema: public; Owner: postgres
--

ALTER TABLE ONLY public.shifts
    ADD CONSTRAINT shifts_pkey PRIMARY KEY (id);


--
-- Name: site_installation site_installation_pkey; Type: CONSTRAINT; Schema: public; Owner: postgres
--

ALTER TABLE ONLY public.site_installation
    ADD CONSTRAINT site_installation_pkey PRIMARY KEY (id);


--
-- Name: stock_adjustment_items stock_adjustment_items_pkey; Type: CONSTRAINT; Schema: public; Owner: postgres
--

ALTER TABLE ONLY public.stock_adjustment_items
    ADD CONSTRAINT stock_adjustment_items_pkey PRIMARY KEY (id);


--
-- Name: stock_adjustments stock_adjustments_adjustment_number; Type: CONSTRAINT; Schema: public; Owner: postgres
--

ALTER TABLE ONLY public.stock_adjustments
    ADD CONSTRAINT stock_adjustments_adjustment_number UNIQUE (adjustment_number);


--
-- Name: stock_adjustments stock_adjustments_pkey; Type: CONSTRAINT; Schema: public; Owner: postgres
--

ALTER TABLE ONLY public.stock_adjustments
    ADD CONSTRAINT stock_adjustments_pkey PRIMARY KEY (id);


--
-- Name: stock_transfer_items stock_transfer_items_pkey; Type: CONSTRAINT; Schema: public; Owner: postgres
--

ALTER TABLE ONLY public.stock_transfer_items
    ADD CONSTRAINT stock_transfer_items_pkey PRIMARY KEY (id);


--
-- Name: stock_transfers stock_transfers_pkey; Type: CONSTRAINT; Schema: public; Owner: postgres
--

ALTER TABLE ONLY public.stock_transfers
    ADD CONSTRAINT stock_transfers_pkey PRIMARY KEY (id);


--
-- Name: stock_transfers stock_transfers_transfer_number; Type: CONSTRAINT; Schema: public; Owner: postgres
--

ALTER TABLE ONLY public.stock_transfers
    ADD CONSTRAINT stock_transfers_transfer_number UNIQUE (transfer_number);


--
-- Name: store_inventory store_inventory_pkey; Type: CONSTRAINT; Schema: public; Owner: postgres
--

ALTER TABLE ONLY public.store_inventory
    ADD CONSTRAINT store_inventory_pkey PRIMARY KEY (id);


--
-- Name: store_inventory store_inventory_store_item_unique; Type: CONSTRAINT; Schema: public; Owner: postgres
--

ALTER TABLE ONLY public.store_inventory
    ADD CONSTRAINT store_inventory_store_item_unique UNIQUE (store_id, item_id);


--
-- Name: stores stores_pkey; Type: CONSTRAINT; Schema: public; Owner: postgres
--

ALTER TABLE ONLY public.stores
    ADD CONSTRAINT stores_pkey PRIMARY KEY (id);


--
-- Name: stores stores_store_code; Type: CONSTRAINT; Schema: public; Owner: postgres
--

ALTER TABLE ONLY public.stores
    ADD CONSTRAINT stores_store_code UNIQUE (store_code);


--
-- Name: sub_categories sub_categories_pkey; Type: CONSTRAINT; Schema: public; Owner: postgres
--

ALTER TABLE ONLY public.sub_categories
    ADD CONSTRAINT sub_categories_pkey PRIMARY KEY (id);


--
-- Name: subscription_plans subscription_plans_pkey; Type: CONSTRAINT; Schema: public; Owner: postgres
--

ALTER TABLE ONLY public.subscription_plans
    ADD CONSTRAINT subscription_plans_pkey PRIMARY KEY (id);


--
-- Name: sup_outstanding sup_outstanding_pkey; Type: CONSTRAINT; Schema: public; Owner: postgres
--

ALTER TABLE ONLY public.sup_outstanding
    ADD CONSTRAINT sup_outstanding_pkey PRIMARY KEY (id);


--
-- Name: sup_payments sup_payments_pkey; Type: CONSTRAINT; Schema: public; Owner: postgres
--

ALTER TABLE ONLY public.sup_payments
    ADD CONSTRAINT sup_payments_pkey PRIMARY KEY (id);


--
-- Name: supplier_balance_entries supplier_balance_entries_pkey; Type: CONSTRAINT; Schema: public; Owner: postgres
--

ALTER TABLE ONLY public.supplier_balance_entries
    ADD CONSTRAINT supplier_balance_entries_pkey PRIMARY KEY (id);


--
-- Name: supplier_balance_entries supplier_balance_entries_uniq_entry_number; Type: CONSTRAINT; Schema: public; Owner: postgres
--

ALTER TABLE ONLY public.supplier_balance_entries
    ADD CONSTRAINT supplier_balance_entries_uniq_entry_number UNIQUE (entry_number);


--
-- Name: sync_settings sync_settings_pkey; Type: CONSTRAINT; Schema: public; Owner: postgres
--

ALTER TABLE ONLY public.sync_settings
    ADD CONSTRAINT sync_settings_pkey PRIMARY KEY (id);


--
-- Name: table_transfer_logs table_transfer_logs_pkey; Type: CONSTRAINT; Schema: public; Owner: postgres
--

ALTER TABLE ONLY public.table_transfer_logs
    ADD CONSTRAINT table_transfer_logs_pkey PRIMARY KEY (id);


--
-- Name: tax_rates tax_rates_pkey; Type: CONSTRAINT; Schema: public; Owner: postgres
--

ALTER TABLE ONLY public.tax_rates
    ADD CONSTRAINT tax_rates_pkey PRIMARY KEY (id);


--
-- Name: terminals terminals_pkey; Type: CONSTRAINT; Schema: public; Owner: postgres
--

ALTER TABLE ONLY public.terminals
    ADD CONSTRAINT terminals_pkey PRIMARY KEY (id);


--
-- Name: terminals terminals_unique_computer_name; Type: CONSTRAINT; Schema: public; Owner: postgres
--

ALTER TABLE ONLY public.terminals
    ADD CONSTRAINT terminals_unique_computer_name UNIQUE (computer_name);


--
-- Name: translations translations_pkey; Type: CONSTRAINT; Schema: public; Owner: postgres
--

ALTER TABLE ONLY public.translations
    ADD CONSTRAINT translations_pkey PRIMARY KEY (id);


--
-- Name: translations translations_unique_translation; Type: CONSTRAINT; Schema: public; Owner: postgres
--

ALTER TABLE ONLY public.translations
    ADD CONSTRAINT translations_unique_translation UNIQUE (language_code, key);


--
-- Name: uom_groups uom_groups_code; Type: CONSTRAINT; Schema: public; Owner: postgres
--

ALTER TABLE ONLY public.uom_groups
    ADD CONSTRAINT uom_groups_code UNIQUE (code);


--
-- Name: uom_groups uom_groups_pkey; Type: CONSTRAINT; Schema: public; Owner: postgres
--

ALTER TABLE ONLY public.uom_groups
    ADD CONSTRAINT uom_groups_pkey PRIMARY KEY (id);


--
-- Name: uoms uoms_pkey; Type: CONSTRAINT; Schema: public; Owner: postgres
--

ALTER TABLE ONLY public.uoms
    ADD CONSTRAINT uoms_pkey PRIMARY KEY (id);


--
-- Name: user_language_preferences user_language_preferences_pkey; Type: CONSTRAINT; Schema: public; Owner: postgres
--

ALTER TABLE ONLY public.user_language_preferences
    ADD CONSTRAINT user_language_preferences_pkey PRIMARY KEY (id);


--
-- Name: user_language_preferences user_language_preferences_user_id; Type: CONSTRAINT; Schema: public; Owner: postgres
--

ALTER TABLE ONLY public.user_language_preferences
    ADD CONSTRAINT user_language_preferences_user_id UNIQUE (user_id);


--
-- Name: users users_pkey; Type: CONSTRAINT; Schema: public; Owner: postgres
--

ALTER TABLE ONLY public.users
    ADD CONSTRAINT users_pkey PRIMARY KEY (id);


--
-- Name: vendors vendors_pkey; Type: CONSTRAINT; Schema: public; Owner: postgres
--

ALTER TABLE ONLY public.vendors
    ADD CONSTRAINT vendors_pkey PRIMARY KEY (id);


--
-- Name: video_help video_help_page_name; Type: CONSTRAINT; Schema: public; Owner: postgres
--

ALTER TABLE ONLY public.video_help
    ADD CONSTRAINT video_help_page_name UNIQUE (page_name);


--
-- Name: video_help video_help_pkey; Type: CONSTRAINT; Schema: public; Owner: postgres
--

ALTER TABLE ONLY public.video_help
    ADD CONSTRAINT video_help_pkey PRIMARY KEY (id);


--
-- Name: void_items void_items_pkey; Type: CONSTRAINT; Schema: public; Owner: postgres
--

ALTER TABLE ONLY public.void_items
    ADD CONSTRAINT void_items_pkey PRIMARY KEY (id);


--
-- Name: void_orders void_orders_pkey; Type: CONSTRAINT; Schema: public; Owner: postgres
--

ALTER TABLE ONLY public.void_orders
    ADD CONSTRAINT void_orders_pkey PRIMARY KEY (id);


--
-- Name: void_reasons void_reasons_pkey; Type: CONSTRAINT; Schema: public; Owner: postgres
--

ALTER TABLE ONLY public.void_reasons
    ADD CONSTRAINT void_reasons_pkey PRIMARY KEY (id);


--
-- Name: warranties warranties_pkey; Type: CONSTRAINT; Schema: public; Owner: postgres
--

ALTER TABLE ONLY public.warranties
    ADD CONSTRAINT warranties_pkey PRIMARY KEY (id);


--
-- Name: warranties warranties_uq_warranty_name; Type: CONSTRAINT; Schema: public; Owner: postgres
--

ALTER TABLE ONLY public.warranties
    ADD CONSTRAINT warranties_uq_warranty_name UNIQUE (name);


--
-- Name: wastage_items wastage_items_pkey; Type: CONSTRAINT; Schema: public; Owner: postgres
--

ALTER TABLE ONLY public.wastage_items
    ADD CONSTRAINT wastage_items_pkey PRIMARY KEY (id);


--
-- Name: wastage wastage_pkey; Type: CONSTRAINT; Schema: public; Owner: postgres
--

ALTER TABLE ONLY public.wastage
    ADD CONSTRAINT wastage_pkey PRIMARY KEY (id);


--
-- Name: wastage wastage_wastage_number; Type: CONSTRAINT; Schema: public; Owner: postgres
--

ALTER TABLE ONLY public.wastage
    ADD CONSTRAINT wastage_wastage_number UNIQUE (wastage_number);


--
-- Name: zatca_config zatca_config_pkey; Type: CONSTRAINT; Schema: public; Owner: postgres
--

ALTER TABLE ONLY public.zatca_config
    ADD CONSTRAINT zatca_config_pkey PRIMARY KEY (id);


--
-- Name: zatca_invoices zatca_invoices_pkey; Type: CONSTRAINT; Schema: public; Owner: postgres
--

ALTER TABLE ONLY public.zatca_invoices
    ADD CONSTRAINT zatca_invoices_pkey PRIMARY KEY (id);


--
-- Name: zatca_phase2_api_logs zatca_phase2_api_logs_pkey; Type: CONSTRAINT; Schema: public; Owner: postgres
--

ALTER TABLE ONLY public.zatca_phase2_api_logs
    ADD CONSTRAINT zatca_phase2_api_logs_pkey PRIMARY KEY (id);


--
-- Name: zatca_phase2_certificates zatca_phase2_certificates_pkey; Type: CONSTRAINT; Schema: public; Owner: postgres
--

ALTER TABLE ONLY public.zatca_phase2_certificates
    ADD CONSTRAINT zatca_phase2_certificates_pkey PRIMARY KEY (id);


--
-- Name: zatca_phase2_device_state zatca_phase2_device_state_pkey; Type: CONSTRAINT; Schema: public; Owner: postgres
--

ALTER TABLE ONLY public.zatca_phase2_device_state
    ADD CONSTRAINT zatca_phase2_device_state_pkey PRIMARY KEY (id);


--
-- Name: zatca_phase2_device_state zatca_phase2_device_state_uq_zatca_p2_device; Type: CONSTRAINT; Schema: public; Owner: postgres
--

ALTER TABLE ONLY public.zatca_phase2_device_state
    ADD CONSTRAINT zatca_phase2_device_state_uq_zatca_p2_device UNIQUE (store_id, terminal_id, device_identifier);


--
-- Name: zatca_phase2_invoices zatca_phase2_invoices_pkey; Type: CONSTRAINT; Schema: public; Owner: postgres
--

ALTER TABLE ONLY public.zatca_phase2_invoices
    ADD CONSTRAINT zatca_phase2_invoices_pkey PRIMARY KEY (id);


--
-- Name: zatca_phase2_invoices zatca_phase2_invoices_uq_zatca_p2_sale_id; Type: CONSTRAINT; Schema: public; Owner: postgres
--

ALTER TABLE ONLY public.zatca_phase2_invoices
    ADD CONSTRAINT zatca_phase2_invoices_uq_zatca_p2_sale_id UNIQUE (sale_id);


--
-- Name: zatca_phase2_invoices zatca_phase2_invoices_uq_zatca_p2_uuid; Type: CONSTRAINT; Schema: public; Owner: postgres
--

ALTER TABLE ONLY public.zatca_phase2_invoices
    ADD CONSTRAINT zatca_phase2_invoices_uq_zatca_p2_uuid UNIQUE (uuid);


--
-- Name: zatca_phase2_jobs zatca_phase2_jobs_pkey; Type: CONSTRAINT; Schema: public; Owner: postgres
--

ALTER TABLE ONLY public.zatca_phase2_jobs
    ADD CONSTRAINT zatca_phase2_jobs_pkey PRIMARY KEY (id);


--
-- Name: zatca_phase2_status_history zatca_phase2_status_history_pkey; Type: CONSTRAINT; Schema: public; Owner: postgres
--

ALTER TABLE ONLY public.zatca_phase2_status_history
    ADD CONSTRAINT zatca_phase2_status_history_pkey PRIMARY KEY (id);


--
-- Name: account_mappings_idx_account_id; Type: INDEX; Schema: public; Owner: postgres
--

CREATE INDEX account_mappings_idx_account_id ON public.account_mappings USING btree (account_id);


--
-- Name: account_mappings_idx_is_active; Type: INDEX; Schema: public; Owner: postgres
--

CREATE INDEX account_mappings_idx_is_active ON public.account_mappings USING btree (is_active);


--
-- Name: account_mappings_idx_mapping_code; Type: INDEX; Schema: public; Owner: postgres
--

CREATE INDEX account_mappings_idx_mapping_code ON public.account_mappings USING btree (mapping_code);


--
-- Name: account_transactions_account_id; Type: INDEX; Schema: public; Owner: postgres
--

CREATE INDEX account_transactions_account_id ON public.account_transactions USING btree (account_id);


--
-- Name: account_transactions_fk_account_transactions_branch; Type: INDEX; Schema: public; Owner: postgres
--

CREATE INDEX account_transactions_fk_account_transactions_branch ON public.account_transactions USING btree (branch_id);


--
-- Name: account_transactions_idx_account_transactions_cheque_id; Type: INDEX; Schema: public; Owner: postgres
--

CREATE INDEX account_transactions_idx_account_transactions_cheque_id ON public.account_transactions USING btree (cheque_id);


--
-- Name: account_transactions_idx_account_transactions_created_at; Type: INDEX; Schema: public; Owner: postgres
--

CREATE INDEX account_transactions_idx_account_transactions_created_at ON public.account_transactions USING btree (created_at);


--
-- Name: account_transactions_idx_account_transactions_sale_account; Type: INDEX; Schema: public; Owner: postgres
--

CREATE INDEX account_transactions_idx_account_transactions_sale_account ON public.account_transactions USING btree (sale_id, account_type);


--
-- Name: account_transactions_idx_account_transactions_store_id; Type: INDEX; Schema: public; Owner: postgres
--

CREATE INDEX account_transactions_idx_account_transactions_store_id ON public.account_transactions USING btree (store_id);


--
-- Name: account_transactions_idx_account_type; Type: INDEX; Schema: public; Owner: postgres
--

CREATE INDEX account_transactions_idx_account_type ON public.account_transactions USING btree (account_type);


--
-- Name: account_transactions_idx_card_last_four; Type: INDEX; Schema: public; Owner: postgres
--

CREATE INDEX account_transactions_idx_card_last_four ON public.account_transactions USING btree (card_last_four);


--
-- Name: account_transactions_idx_card_type_id; Type: INDEX; Schema: public; Owner: postgres
--

CREATE INDEX account_transactions_idx_card_type_id ON public.account_transactions USING btree (card_type_id);


--
-- Name: account_transactions_sale_id; Type: INDEX; Schema: public; Owner: postgres
--

CREATE INDEX account_transactions_sale_id ON public.account_transactions USING btree (sale_id);


--
-- Name: account_types_idx_sort_order; Type: INDEX; Schema: public; Owner: postgres
--

CREATE INDEX account_types_idx_sort_order ON public.account_types USING btree (sort_order);


--
-- Name: account_types_idx_type_code; Type: INDEX; Schema: public; Owner: postgres
--

CREATE INDEX account_types_idx_type_code ON public.account_types USING btree (type_code);


--
-- Name: bank_access_idx_bank_access_bank; Type: INDEX; Schema: public; Owner: postgres
--

CREATE INDEX bank_access_idx_bank_access_bank ON public.bank_access USING btree (bank_account_id);


--
-- Name: bank_access_idx_bank_access_user; Type: INDEX; Schema: public; Owner: postgres
--

CREATE INDEX bank_access_idx_bank_access_user ON public.bank_access USING btree (user_id);


--
-- Name: bank_accounts_idx_chart_of_account_id; Type: INDEX; Schema: public; Owner: postgres
--

CREATE INDEX bank_accounts_idx_chart_of_account_id ON public.bank_accounts USING btree (chart_of_account_id);


--
-- Name: bank_accounts_idx_mapped_at; Type: INDEX; Schema: public; Owner: postgres
--

CREATE INDEX bank_accounts_idx_mapped_at ON public.bank_accounts USING btree (mapped_at);


--
-- Name: bom_components_bom_id; Type: INDEX; Schema: public; Owner: postgres
--

CREATE INDEX bom_components_bom_id ON public.bom_components USING btree (bom_id);


--
-- Name: bom_components_component_item_id; Type: INDEX; Schema: public; Owner: postgres
--

CREATE INDEX bom_components_component_item_id ON public.bom_components USING btree (component_item_id);


--
-- Name: bom_master_item_id; Type: INDEX; Schema: public; Owner: postgres
--

CREATE INDEX bom_master_item_id ON public.bom_master USING btree (item_id);


--
-- Name: branch_access_idx_branch_access_branch; Type: INDEX; Schema: public; Owner: postgres
--

CREATE INDEX branch_access_idx_branch_access_branch ON public.branch_access USING btree (branch_id);


--
-- Name: branch_access_idx_branch_access_user; Type: INDEX; Schema: public; Owner: postgres
--

CREATE INDEX branch_access_idx_branch_access_user ON public.branch_access USING btree (user_id);


--
-- Name: branch_info_idx_branch_info_active; Type: INDEX; Schema: public; Owner: postgres
--

CREATE INDEX branch_info_idx_branch_info_active ON public.branch_info USING btree (is_active);


--
-- Name: branch_info_idx_branch_info_default; Type: INDEX; Schema: public; Owner: postgres
--

CREATE INDEX branch_info_idx_branch_info_default ON public.branch_info USING btree (is_default);


--
-- Name: branch_info_idx_branch_info_type; Type: INDEX; Schema: public; Owner: postgres
--

CREATE INDEX branch_info_idx_branch_info_type ON public.branch_info USING btree (branch_type);


--
-- Name: categories_idx_icon; Type: INDEX; Schema: public; Owner: postgres
--

CREATE INDEX categories_idx_icon ON public.categories USING btree (icon);


--
-- Name: chart_of_accounts_idx_account_code; Type: INDEX; Schema: public; Owner: postgres
--

CREATE INDEX chart_of_accounts_idx_account_code ON public.chart_of_accounts USING btree (account_code);


--
-- Name: chart_of_accounts_idx_account_type; Type: INDEX; Schema: public; Owner: postgres
--

CREATE INDEX chart_of_accounts_idx_account_type ON public.chart_of_accounts USING btree (account_type);


--
-- Name: chart_of_accounts_idx_is_active; Type: INDEX; Schema: public; Owner: postgres
--

CREATE INDEX chart_of_accounts_idx_is_active ON public.chart_of_accounts USING btree (is_active);


--
-- Name: chart_of_accounts_idx_store_id; Type: INDEX; Schema: public; Owner: postgres
--

CREATE INDEX chart_of_accounts_idx_store_id ON public.chart_of_accounts USING btree (store_id);


--
-- Name: cheque_books_idx_cheque_books_bank; Type: INDEX; Schema: public; Owner: postgres
--

CREATE INDEX cheque_books_idx_cheque_books_bank ON public.cheque_books USING btree (bank_account_id);


--
-- Name: cheque_books_idx_cheque_books_branch; Type: INDEX; Schema: public; Owner: postgres
--

CREATE INDEX cheque_books_idx_cheque_books_branch ON public.cheque_books USING btree (branch_id);


--
-- Name: cheques_idx_cheques_book; Type: INDEX; Schema: public; Owner: postgres
--

CREATE INDEX cheques_idx_cheques_book ON public.cheques USING btree (cheque_book_id);


--
-- Name: cheques_idx_cheques_branch; Type: INDEX; Schema: public; Owner: postgres
--

CREATE INDEX cheques_idx_cheques_branch ON public.cheques USING btree (branch_id);


--
-- Name: cheques_idx_cheques_sale; Type: INDEX; Schema: public; Owner: postgres
--

CREATE INDEX cheques_idx_cheques_sale ON public.cheques USING btree (sale_id);


--
-- Name: cheques_idx_cheques_status; Type: INDEX; Schema: public; Owner: postgres
--

CREATE INDEX cheques_idx_cheques_status ON public.cheques USING btree (status);


--
-- Name: cus_outstanding_customer_id; Type: INDEX; Schema: public; Owner: postgres
--

CREATE INDEX cus_outstanding_customer_id ON public.cus_outstanding USING btree (customer_id);


--
-- Name: cus_outstanding_sale_id; Type: INDEX; Schema: public; Owner: postgres
--

CREATE INDEX cus_outstanding_sale_id ON public.cus_outstanding USING btree (sale_id);


--
-- Name: cus_payments_customer_id; Type: INDEX; Schema: public; Owner: postgres
--

CREATE INDEX cus_payments_customer_id ON public.cus_payments USING btree (customer_id);


--
-- Name: cus_payments_idx_cus_payments_balance_entry_id; Type: INDEX; Schema: public; Owner: postgres
--

CREATE INDEX cus_payments_idx_cus_payments_balance_entry_id ON public.cus_payments USING btree (balance_entry_id);


--
-- Name: cus_payments_idx_cus_payments_store_id; Type: INDEX; Schema: public; Owner: postgres
--

CREATE INDEX cus_payments_idx_cus_payments_store_id ON public.cus_payments USING btree (store_id);


--
-- Name: cus_payments_sale_id; Type: INDEX; Schema: public; Owner: postgres
--

CREATE INDEX cus_payments_sale_id ON public.cus_payments USING btree (sale_id);


--
-- Name: customer_balance_entries_idx_customer_balance_customer; Type: INDEX; Schema: public; Owner: postgres
--

CREATE INDEX customer_balance_entries_idx_customer_balance_customer ON public.customer_balance_entries USING btree (customer_id);


--
-- Name: customer_balance_entries_idx_customer_balance_status; Type: INDEX; Schema: public; Owner: postgres
--

CREATE INDEX customer_balance_entries_idx_customer_balance_status ON public.customer_balance_entries USING btree (status);


--
-- Name: customer_balance_entries_idx_customer_balance_type; Type: INDEX; Schema: public; Owner: postgres
--

CREATE INDEX customer_balance_entries_idx_customer_balance_type ON public.customer_balance_entries USING btree (entry_type);


--
-- Name: customer_subscription_invoices_idx_customer_subscription_invoic; Type: INDEX; Schema: public; Owner: postgres
--

CREATE INDEX customer_subscription_invoices_idx_customer_subscription_invoic ON public.customer_subscription_invoices USING btree (period_end);


--
-- Name: customer_subscriptions_idx_customer_subscriptions_customer_id; Type: INDEX; Schema: public; Owner: postgres
--

CREATE INDEX customer_subscriptions_idx_customer_subscriptions_customer_id ON public.customer_subscriptions USING btree (customer_id);


--
-- Name: customer_subscriptions_idx_customer_subscriptions_item_id; Type: INDEX; Schema: public; Owner: postgres
--

CREATE INDEX customer_subscriptions_idx_customer_subscriptions_item_id ON public.customer_subscriptions USING btree (item_id);


--
-- Name: customer_subscriptions_idx_customer_subscriptions_period_end; Type: INDEX; Schema: public; Owner: postgres
--

CREATE INDEX customer_subscriptions_idx_customer_subscriptions_period_end ON public.customer_subscriptions USING btree (current_period_end);


--
-- Name: customer_subscriptions_idx_customer_subscriptions_plan_id; Type: INDEX; Schema: public; Owner: postgres
--

CREATE INDEX customer_subscriptions_idx_customer_subscriptions_plan_id ON public.customer_subscriptions USING btree (subscription_plan_id);


--
-- Name: customer_subscriptions_idx_customer_subscriptions_renewal_date; Type: INDEX; Schema: public; Owner: postgres
--

CREATE INDEX customer_subscriptions_idx_customer_subscriptions_renewal_date ON public.customer_subscriptions USING btree (next_renewal_date);


--
-- Name: customer_subscriptions_idx_customer_subscriptions_status; Type: INDEX; Schema: public; Owner: postgres
--

CREATE INDEX customer_subscriptions_idx_customer_subscriptions_status ON public.customer_subscriptions USING btree (status);


--
-- Name: customer_subscriptions_idx_customer_subscriptions_store_id; Type: INDEX; Schema: public; Owner: postgres
--

CREATE INDEX customer_subscriptions_idx_customer_subscriptions_store_id ON public.customer_subscriptions USING btree (store_id);


--
-- Name: customers_idx_customers_is_walk_in; Type: INDEX; Schema: public; Owner: postgres
--

CREATE INDEX customers_idx_customers_is_walk_in ON public.customers USING btree (is_walk_in);


--
-- Name: customers_idx_customers_name; Type: INDEX; Schema: public; Owner: postgres
--

CREATE INDEX customers_idx_customers_name ON public.customers USING btree (name);


--
-- Name: customers_idx_customers_store_id; Type: INDEX; Schema: public; Owner: postgres
--

CREATE INDEX customers_idx_customers_store_id ON public.customers USING btree (primary_store_id);


--
-- Name: deal_items_category_id; Type: INDEX; Schema: public; Owner: postgres
--

CREATE INDEX deal_items_category_id ON public.deal_items USING btree (category_id);


--
-- Name: deal_items_deal_id; Type: INDEX; Schema: public; Owner: postgres
--

CREATE INDEX deal_items_deal_id ON public.deal_items USING btree (deal_id);


--
-- Name: deal_items_item_id; Type: INDEX; Schema: public; Owner: postgres
--

CREATE INDEX deal_items_item_id ON public.deal_items USING btree (item_id);


--
-- Name: deal_items_selection_type; Type: INDEX; Schema: public; Owner: postgres
--

CREATE INDEX deal_items_selection_type ON public.deal_items USING btree (selection_type);


--
-- Name: deal_items_sub_category_id; Type: INDEX; Schema: public; Owner: postgres
--

CREATE INDEX deal_items_sub_category_id ON public.deal_items USING btree (sub_category_id);


--
-- Name: deals_is_active; Type: INDEX; Schema: public; Owner: postgres
--

CREATE INDEX deals_is_active ON public.deals USING btree (is_active);


--
-- Name: delivery_orders_customer_id; Type: INDEX; Schema: public; Owner: postgres
--

CREATE INDEX delivery_orders_customer_id ON public.delivery_orders USING btree (customer_id);


--
-- Name: delivery_orders_idx_delivery_orders_created; Type: INDEX; Schema: public; Owner: postgres
--

CREATE INDEX delivery_orders_idx_delivery_orders_created ON public.delivery_orders USING btree (created_at);


--
-- Name: delivery_orders_idx_delivery_orders_store_id; Type: INDEX; Schema: public; Owner: postgres
--

CREATE INDEX delivery_orders_idx_delivery_orders_store_id ON public.delivery_orders USING btree (store_id);


--
-- Name: delivery_orders_rider_id; Type: INDEX; Schema: public; Owner: postgres
--

CREATE INDEX delivery_orders_rider_id ON public.delivery_orders USING btree (rider_id);


--
-- Name: delivery_orders_sale_id; Type: INDEX; Schema: public; Owner: postgres
--

CREATE INDEX delivery_orders_sale_id ON public.delivery_orders USING btree (sale_id);


--
-- Name: delivery_riders_idx_delivery_riders_store_id; Type: INDEX; Schema: public; Owner: postgres
--

CREATE INDEX delivery_riders_idx_delivery_riders_store_id ON public.delivery_riders USING btree (assigned_store_id);


--
-- Name: dinein_floors_idx_dinein_floors_store_id; Type: INDEX; Schema: public; Owner: postgres
--

CREATE INDEX dinein_floors_idx_dinein_floors_store_id ON public.dinein_floors USING btree (store_id);


--
-- Name: dinein_tables_floor_id; Type: INDEX; Schema: public; Owner: postgres
--

CREATE INDEX dinein_tables_floor_id ON public.dinein_tables USING btree (floor_id);


--
-- Name: dinein_tables_idx_dinein_tables_store_id; Type: INDEX; Schema: public; Owner: postgres
--

CREATE INDEX dinein_tables_idx_dinein_tables_store_id ON public.dinein_tables USING btree (store_id);


--
-- Name: discounts_idx_category_id; Type: INDEX; Schema: public; Owner: postgres
--

CREATE INDEX discounts_idx_category_id ON public.discounts USING btree (category_id);


--
-- Name: expense_accounts_category_id; Type: INDEX; Schema: public; Owner: postgres
--

CREATE INDEX expense_accounts_category_id ON public.expense_accounts USING btree (category_id);


--
-- Name: expense_accounts_idx_chart_of_account_id; Type: INDEX; Schema: public; Owner: postgres
--

CREATE INDEX expense_accounts_idx_chart_of_account_id ON public.expense_accounts USING btree (chart_of_account_id);


--
-- Name: expense_accounts_idx_mapped_at; Type: INDEX; Schema: public; Owner: postgres
--

CREATE INDEX expense_accounts_idx_mapped_at ON public.expense_accounts USING btree (mapped_at);


--
-- Name: expense_accounts_subcategory_id; Type: INDEX; Schema: public; Owner: postgres
--

CREATE INDEX expense_accounts_subcategory_id ON public.expense_accounts USING btree (subcategory_id);


--
-- Name: expense_subcategories_category_id; Type: INDEX; Schema: public; Owner: postgres
--

CREATE INDEX expense_subcategories_category_id ON public.expense_subcategories USING btree (category_id);


--
-- Name: expenses_account_id; Type: INDEX; Schema: public; Owner: postgres
--

CREATE INDEX expenses_account_id ON public.expenses USING btree (account_id);


--
-- Name: expenses_bank_account_id; Type: INDEX; Schema: public; Owner: postgres
--

CREATE INDEX expenses_bank_account_id ON public.expenses USING btree (bank_account_id);


--
-- Name: expenses_idx_expenses_approved_at; Type: INDEX; Schema: public; Owner: postgres
--

CREATE INDEX expenses_idx_expenses_approved_at ON public.expenses USING btree (approved_at);


--
-- Name: expenses_idx_expenses_approved_by; Type: INDEX; Schema: public; Owner: postgres
--

CREATE INDEX expenses_idx_expenses_approved_by ON public.expenses USING btree (approved_by);


--
-- Name: expenses_idx_expenses_shift_id; Type: INDEX; Schema: public; Owner: postgres
--

CREATE INDEX expenses_idx_expenses_shift_id ON public.expenses USING btree (shift_id);


--
-- Name: expenses_idx_expenses_status; Type: INDEX; Schema: public; Owner: postgres
--

CREATE INDEX expenses_idx_expenses_status ON public.expenses USING btree (status);


--
-- Name: expenses_idx_expenses_store_id; Type: INDEX; Schema: public; Owner: postgres
--

CREATE INDEX expenses_idx_expenses_store_id ON public.expenses USING btree (store_id);


--
-- Name: expenses_idx_reversal_journal; Type: INDEX; Schema: public; Owner: postgres
--

CREATE INDEX expenses_idx_reversal_journal ON public.expenses USING btree (reversal_journal_id);


--
-- Name: expenses_idx_status; Type: INDEX; Schema: public; Owner: postgres
--

CREATE INDEX expenses_idx_status ON public.expenses USING btree (status);


--
-- Name: expenses_journal_entry_id; Type: INDEX; Schema: public; Owner: postgres
--

CREATE INDEX expenses_journal_entry_id ON public.expenses USING btree (journal_entry_id);


--
-- Name: fbr_digital_invoices_sale_id; Type: INDEX; Schema: public; Owner: postgres
--

CREATE INDEX fbr_digital_invoices_sale_id ON public.fbr_digital_invoices USING btree (sale_id);


--
-- Name: fbr_digital_logs_sale_id; Type: INDEX; Schema: public; Owner: postgres
--

CREATE INDEX fbr_digital_logs_sale_id ON public.fbr_digital_logs USING btree (sale_id);


--
-- Name: fbr_digital_scenarios_scenario_id_uq; Type: INDEX; Schema: public; Owner: postgres
--

CREATE UNIQUE INDEX fbr_digital_scenarios_scenario_id_uq ON public.fbr_digital_scenarios USING btree (scenario_id);


--
-- Name: fbr_invoices_sale_id; Type: INDEX; Schema: public; Owner: postgres
--

CREATE INDEX fbr_invoices_sale_id ON public.fbr_invoices USING btree (sale_id);


--
-- Name: fiscal_period_setup_idx_open_year; Type: INDEX; Schema: public; Owner: postgres
--

CREATE INDEX fiscal_period_setup_idx_open_year ON public.fiscal_period_setup USING btree (open_year);


--
-- Name: fiscal_periods_idx_end_date; Type: INDEX; Schema: public; Owner: postgres
--

CREATE INDEX fiscal_periods_idx_end_date ON public.fiscal_periods USING btree (end_date);


--
-- Name: fiscal_periods_idx_is_closed; Type: INDEX; Schema: public; Owner: postgres
--

CREATE INDEX fiscal_periods_idx_is_closed ON public.fiscal_periods USING btree (is_closed);


--
-- Name: fiscal_periods_idx_period_status; Type: INDEX; Schema: public; Owner: postgres
--

CREATE INDEX fiscal_periods_idx_period_status ON public.fiscal_periods USING btree (period_status);


--
-- Name: fiscal_periods_idx_start_date; Type: INDEX; Schema: public; Owner: postgres
--

CREATE INDEX fiscal_periods_idx_start_date ON public.fiscal_periods USING btree (start_date);


--
-- Name: hold_items_idx_hold_id_item; Type: INDEX; Schema: public; Owner: postgres
--

CREATE INDEX hold_items_idx_hold_id_item ON public.hold_items USING btree (hold_id, item_id);


--
-- Name: hold_items_idx_hold_items_store_id; Type: INDEX; Schema: public; Owner: postgres
--

CREATE INDEX hold_items_idx_hold_items_store_id ON public.hold_items USING btree (store_id);


--
-- Name: hold_items_idx_hold_void; Type: INDEX; Schema: public; Owner: postgres
--

CREATE INDEX hold_items_idx_hold_void ON public.hold_items USING btree (hold_id, void_status);


--
-- Name: hold_items_idx_is_deal; Type: INDEX; Schema: public; Owner: postgres
--

CREATE INDEX hold_items_idx_is_deal ON public.hold_items USING btree (is_deal);


--
-- Name: hold_items_idx_void_status; Type: INDEX; Schema: public; Owner: postgres
--

CREATE INDEX hold_items_idx_void_status ON public.hold_items USING btree (void_status);


--
-- Name: hold_orders_idx_customer_id; Type: INDEX; Schema: public; Owner: postgres
--

CREATE INDEX hold_orders_idx_customer_id ON public.hold_orders USING btree (customer_id);


--
-- Name: hold_orders_idx_discount_id; Type: INDEX; Schema: public; Owner: postgres
--

CREATE INDEX hold_orders_idx_discount_id ON public.hold_orders USING btree (discount_id);


--
-- Name: hold_orders_idx_hold_orders_store_id; Type: INDEX; Schema: public; Owner: postgres
--

CREATE INDEX hold_orders_idx_hold_orders_store_id ON public.hold_orders USING btree (store_id);


--
-- Name: hold_orders_idx_order_mode_table; Type: INDEX; Schema: public; Owner: postgres
--

CREATE INDEX hold_orders_idx_order_mode_table ON public.hold_orders USING btree (order_mode, table_id);


--
-- Name: hold_orders_idx_order_taker_id; Type: INDEX; Schema: public; Owner: postgres
--

CREATE INDEX hold_orders_idx_order_taker_id ON public.hold_orders USING btree (order_taker_id);


--
-- Name: hold_orders_idx_shift_id; Type: INDEX; Schema: public; Owner: postgres
--

CREATE INDEX hold_orders_idx_shift_id ON public.hold_orders USING btree (shift_id);


--
-- Name: hold_orders_idx_table_id_created; Type: INDEX; Schema: public; Owner: postgres
--

CREATE INDEX hold_orders_idx_table_id_created ON public.hold_orders USING btree (table_id, created_at);


--
-- Name: hold_orders_idx_token_shift; Type: INDEX; Schema: public; Owner: postgres
--

CREATE INDEX hold_orders_idx_token_shift ON public.hold_orders USING btree (shift_id, token_number);


--
-- Name: idx_branch_access_branch; Type: INDEX; Schema: public; Owner: postgres
--

CREATE INDEX idx_branch_access_branch ON public.branch_access USING btree (branch_id);


--
-- Name: idx_branch_access_user; Type: INDEX; Schema: public; Owner: postgres
--

CREATE INDEX idx_branch_access_user ON public.branch_access USING btree (user_id);


--
-- Name: inventory_lots_idx_branch_status; Type: INDEX; Schema: public; Owner: postgres
--

CREATE INDEX inventory_lots_idx_branch_status ON public.inventory_lots USING btree (branch_id, status_code);


--
-- Name: inventory_lots_idx_expiry_on_hand; Type: INDEX; Schema: public; Owner: postgres
--

CREATE INDEX inventory_lots_idx_expiry_on_hand ON public.inventory_lots USING btree (expiry_date) WHERE (qty_on_hand > (0)::numeric);


--
-- Name: inventory_lots_idx_item_store_expiry; Type: INDEX; Schema: public; Owner: postgres
--

CREATE INDEX inventory_lots_idx_item_store_expiry ON public.inventory_lots USING btree (item_id, store_id, expiry_date);


--
-- Name: inventory_lots_idx_purchase_item; Type: INDEX; Schema: public; Owner: postgres
--

CREATE INDEX inventory_lots_idx_purchase_item ON public.inventory_lots USING btree (purchase_item_id) WHERE (purchase_item_id IS NOT NULL);


--
-- Name: inventory_movements_idx_inventory_movements_branch_id; Type: INDEX; Schema: public; Owner: postgres
--

CREATE INDEX inventory_movements_idx_inventory_movements_branch_id ON public.inventory_movements USING btree (branch_id);


--
-- Name: inventory_movements_idx_inventory_movements_branch_store; Type: INDEX; Schema: public; Owner: postgres
--

CREATE INDEX inventory_movements_idx_inventory_movements_branch_store ON public.inventory_movements USING btree (branch_id, store_id);


--
-- Name: inventory_movements_idx_inventory_movements_created_at; Type: INDEX; Schema: public; Owner: postgres
--

CREATE INDEX inventory_movements_idx_inventory_movements_created_at ON public.inventory_movements USING btree (created_at);


--
-- Name: inventory_movements_idx_inventory_movements_item_reference; Type: INDEX; Schema: public; Owner: postgres
--

CREATE INDEX inventory_movements_idx_inventory_movements_item_reference ON public.inventory_movements USING btree (item_id, reference_type, reference_id);


--
-- Name: inventory_movements_idx_inventory_movements_reference; Type: INDEX; Schema: public; Owner: postgres
--

CREATE INDEX inventory_movements_idx_inventory_movements_reference ON public.inventory_movements USING btree (reference_type, reference_id);


--
-- Name: inventory_movements_item_id; Type: INDEX; Schema: public; Owner: postgres
--

CREATE INDEX inventory_movements_item_id ON public.inventory_movements USING btree (item_id);


--
-- Name: inventory_movements_store_id; Type: INDEX; Schema: public; Owner: postgres
--

CREATE INDEX inventory_movements_store_id ON public.inventory_movements USING btree (store_id);


--
-- Name: item_barcodes_idx_item_barcodes_item_active; Type: INDEX; Schema: public; Owner: postgres
--

CREATE INDEX item_barcodes_idx_item_barcodes_item_active ON public.item_barcodes USING btree (item_id, is_active);


--
-- Name: item_barcodes_idx_item_barcodes_item_id; Type: INDEX; Schema: public; Owner: postgres
--

CREATE INDEX item_barcodes_idx_item_barcodes_item_id ON public.item_barcodes USING btree (item_id);


--
-- Name: item_line_discounts_idx_item_line_discounts_active_dates; Type: INDEX; Schema: public; Owner: postgres
--

CREATE INDEX item_line_discounts_idx_item_line_discounts_active_dates ON public.item_line_discounts USING btree (is_active, expires_at, starts_at);


--
-- Name: item_modifier_group_assignments_item_id; Type: INDEX; Schema: public; Owner: postgres
--

CREATE INDEX item_modifier_group_assignments_item_id ON public.item_modifier_group_assignments USING btree (item_id);


--
-- Name: item_modifier_group_assignments_modifier_group_id; Type: INDEX; Schema: public; Owner: postgres
--

CREATE INDEX item_modifier_group_assignments_modifier_group_id ON public.item_modifier_group_assignments USING btree (modifier_group_id);


--
-- Name: item_modifier_groups_is_active; Type: INDEX; Schema: public; Owner: postgres
--

CREATE INDEX item_modifier_groups_is_active ON public.item_modifier_groups USING btree (is_active);


--
-- Name: item_modifier_groups_sort_order; Type: INDEX; Schema: public; Owner: postgres
--

CREATE INDEX item_modifier_groups_sort_order ON public.item_modifier_groups USING btree (sort_order);


--
-- Name: item_modifiers_is_active; Type: INDEX; Schema: public; Owner: postgres
--

CREATE INDEX item_modifiers_is_active ON public.item_modifiers USING btree (is_active);


--
-- Name: item_modifiers_sort_order; Type: INDEX; Schema: public; Owner: postgres
--

CREATE INDEX item_modifiers_sort_order ON public.item_modifiers USING btree (sort_order);


--
-- Name: item_serial_transactions_idx_st_doc; Type: INDEX; Schema: public; Owner: postgres
--

CREATE INDEX item_serial_transactions_idx_st_doc ON public.item_serial_transactions USING btree (doc_type, doc_id);


--
-- Name: item_serial_transactions_idx_st_item; Type: INDEX; Schema: public; Owner: postgres
--

CREATE INDEX item_serial_transactions_idx_st_item ON public.item_serial_transactions USING btree (item_id);


--
-- Name: item_serial_transactions_idx_st_serial; Type: INDEX; Schema: public; Owner: postgres
--

CREATE INDEX item_serial_transactions_idx_st_serial ON public.item_serial_transactions USING btree (serial_id);


--
-- Name: item_serial_transactions_idx_st_type; Type: INDEX; Schema: public; Owner: postgres
--

CREATE INDEX item_serial_transactions_idx_st_type ON public.item_serial_transactions USING btree (trans_type);


--
-- Name: item_serials_idx_serial_branch; Type: INDEX; Schema: public; Owner: postgres
--

CREATE INDEX item_serials_idx_serial_branch ON public.item_serials USING btree (branch_id);


--
-- Name: item_serials_idx_serial_item; Type: INDEX; Schema: public; Owner: postgres
--

CREATE INDEX item_serials_idx_serial_item ON public.item_serials USING btree (item_id);


--
-- Name: item_serials_idx_serial_no; Type: INDEX; Schema: public; Owner: postgres
--

CREATE INDEX item_serials_idx_serial_no ON public.item_serials USING btree (serial_no);


--
-- Name: item_serials_idx_serial_status; Type: INDEX; Schema: public; Owner: postgres
--

CREATE INDEX item_serials_idx_serial_status ON public.item_serials USING btree (status_code);


--
-- Name: items_category_id; Type: INDEX; Schema: public; Owner: postgres
--

CREATE INDEX items_category_id ON public.items USING btree (category_id);


--
-- Name: items_idx_display_color; Type: INDEX; Schema: public; Owner: postgres
--

CREATE INDEX items_idx_display_color ON public.items USING btree (display_color);


--
-- Name: items_idx_items_category_id; Type: INDEX; Schema: public; Owner: postgres
--

CREATE INDEX items_idx_items_category_id ON public.items USING btree (category_id);


--
-- Name: items_idx_items_is_active; Type: INDEX; Schema: public; Owner: postgres
--

CREATE INDEX items_idx_items_is_active ON public.items USING btree (is_active);


--
-- Name: items_idx_items_is_serialized; Type: INDEX; Schema: public; Owner: postgres
--

CREATE INDEX items_idx_items_is_serialized ON public.items USING btree (is_serialized);


--
-- Name: items_idx_items_item_code; Type: INDEX; Schema: public; Owner: postgres
--

CREATE INDEX items_idx_items_item_code ON public.items USING btree (item_code);


--
-- Name: items_idx_items_item_role; Type: INDEX; Schema: public; Owner: postgres
--

CREATE INDEX items_idx_items_item_role ON public.items USING btree (item_role);


--
-- Name: items_idx_items_name; Type: INDEX; Schema: public; Owner: postgres
--

CREATE INDEX items_idx_items_name ON public.items USING btree (name);


--
-- Name: items_idx_items_sub_category_id; Type: INDEX; Schema: public; Owner: postgres
--

CREATE INDEX items_idx_items_sub_category_id ON public.items USING btree (sub_category_id);


--
-- Name: items_idx_items_supplier_id; Type: INDEX; Schema: public; Owner: postgres
--

CREATE INDEX items_idx_items_supplier_id ON public.items USING btree (supplier_id);


--
-- Name: items_sub_category_id; Type: INDEX; Schema: public; Owner: postgres
--

CREATE INDEX items_sub_category_id ON public.items USING btree (sub_category_id);


--
-- Name: items_tax_rate_id; Type: INDEX; Schema: public; Owner: postgres
--

CREATE INDEX items_tax_rate_id ON public.items USING btree (tax_rate_id);


--
-- Name: items_uom_id; Type: INDEX; Schema: public; Owner: postgres
--

CREATE INDEX items_uom_id ON public.items USING btree (uom_id);


--
-- Name: journal_entries_idx_branch_id; Type: INDEX; Schema: public; Owner: postgres
--

CREATE INDEX journal_entries_idx_branch_id ON public.journal_entries USING btree (branch_id);


--
-- Name: journal_entries_idx_entry_date; Type: INDEX; Schema: public; Owner: postgres
--

CREATE INDEX journal_entries_idx_entry_date ON public.journal_entries USING btree (entry_date);


--
-- Name: journal_entries_idx_entry_number; Type: INDEX; Schema: public; Owner: postgres
--

CREATE INDEX journal_entries_idx_entry_number ON public.journal_entries USING btree (entry_number);


--
-- Name: journal_entries_idx_period_id; Type: INDEX; Schema: public; Owner: postgres
--

CREATE INDEX journal_entries_idx_period_id ON public.journal_entries USING btree (period_id);


--
-- Name: journal_entries_idx_reference_id; Type: INDEX; Schema: public; Owner: postgres
--

CREATE INDEX journal_entries_idx_reference_id ON public.journal_entries USING btree (reference_id);


--
-- Name: journal_entries_idx_source_type; Type: INDEX; Schema: public; Owner: postgres
--

CREATE INDEX journal_entries_idx_source_type ON public.journal_entries USING btree (source_type);


--
-- Name: journal_entries_idx_status; Type: INDEX; Schema: public; Owner: postgres
--

CREATE INDEX journal_entries_idx_status ON public.journal_entries USING btree (status);


--
-- Name: journal_entries_idx_store_id; Type: INDEX; Schema: public; Owner: postgres
--

CREATE INDEX journal_entries_idx_store_id ON public.journal_entries USING btree (store_id);


--
-- Name: journal_entries_idx_user_id; Type: INDEX; Schema: public; Owner: postgres
--

CREATE INDEX journal_entries_idx_user_id ON public.journal_entries USING btree (user_id);


--
-- Name: journal_entry_lines_idx_account_id; Type: INDEX; Schema: public; Owner: postgres
--

CREATE INDEX journal_entry_lines_idx_account_id ON public.journal_entry_lines USING btree (account_id);


--
-- Name: journal_entry_lines_idx_journal_entry_id; Type: INDEX; Schema: public; Owner: postgres
--

CREATE INDEX journal_entry_lines_idx_journal_entry_id ON public.journal_entry_lines USING btree (journal_entry_id);


--
-- Name: kds_activity_log_created_at; Type: INDEX; Schema: public; Owner: postgres
--

CREATE INDEX kds_activity_log_created_at ON public.kds_activity_log USING btree (created_at);


--
-- Name: kds_activity_log_idx_kds_activity_log_store_id; Type: INDEX; Schema: public; Owner: postgres
--

CREATE INDEX kds_activity_log_idx_kds_activity_log_store_id ON public.kds_activity_log USING btree (store_id);


--
-- Name: kds_activity_log_kds_order_id; Type: INDEX; Schema: public; Owner: postgres
--

CREATE INDEX kds_activity_log_kds_order_id ON public.kds_activity_log USING btree (kds_order_id);


--
-- Name: kds_activity_log_kds_order_item_id; Type: INDEX; Schema: public; Owner: postgres
--

CREATE INDEX kds_activity_log_kds_order_item_id ON public.kds_activity_log USING btree (kds_order_item_id);


--
-- Name: kds_activity_log_user_id; Type: INDEX; Schema: public; Owner: postgres
--

CREATE INDEX kds_activity_log_user_id ON public.kds_activity_log USING btree (user_id);


--
-- Name: kds_cleanup_log_idx_cleanup_date; Type: INDEX; Schema: public; Owner: postgres
--

CREATE INDEX kds_cleanup_log_idx_cleanup_date ON public.kds_cleanup_log USING btree (cleanup_date);


--
-- Name: kds_cleanup_log_idx_status; Type: INDEX; Schema: public; Owner: postgres
--

CREATE INDEX kds_cleanup_log_idx_status ON public.kds_cleanup_log USING btree (status);


--
-- Name: kds_order_items_hold_item_id; Type: INDEX; Schema: public; Owner: postgres
--

CREATE INDEX kds_order_items_hold_item_id ON public.kds_order_items USING btree (hold_item_id);


--
-- Name: kds_order_items_idx_kds_order_items_store_id; Type: INDEX; Schema: public; Owner: postgres
--

CREATE INDEX kds_order_items_idx_kds_order_items_store_id ON public.kds_order_items USING btree (store_id);


--
-- Name: kds_order_items_item_id; Type: INDEX; Schema: public; Owner: postgres
--

CREATE INDEX kds_order_items_item_id ON public.kds_order_items USING btree (item_id);


--
-- Name: kds_order_items_item_status; Type: INDEX; Schema: public; Owner: postgres
--

CREATE INDEX kds_order_items_item_status ON public.kds_order_items USING btree (item_status);


--
-- Name: kds_order_items_kds_order_id; Type: INDEX; Schema: public; Owner: postgres
--

CREATE INDEX kds_order_items_kds_order_id ON public.kds_order_items USING btree (kds_order_id);


--
-- Name: kds_order_items_sale_item_id; Type: INDEX; Schema: public; Owner: postgres
--

CREATE INDEX kds_order_items_sale_item_id ON public.kds_order_items USING btree (sale_item_id);


--
-- Name: kds_orders_created_at; Type: INDEX; Schema: public; Owner: postgres
--

CREATE INDEX kds_orders_created_at ON public.kds_orders USING btree (created_at);


--
-- Name: kds_orders_hold_id; Type: INDEX; Schema: public; Owner: postgres
--

CREATE INDEX kds_orders_hold_id ON public.kds_orders USING btree (hold_id);


--
-- Name: kds_orders_idx_kds_orders_store_id; Type: INDEX; Schema: public; Owner: postgres
--

CREATE INDEX kds_orders_idx_kds_orders_store_id ON public.kds_orders USING btree (store_id);


--
-- Name: kds_orders_idx_order_taker_id; Type: INDEX; Schema: public; Owner: postgres
--

CREATE INDEX kds_orders_idx_order_taker_id ON public.kds_orders USING btree (order_taker_id);


--
-- Name: kds_orders_idx_parent_order; Type: INDEX; Schema: public; Owner: postgres
--

CREATE INDEX kds_orders_idx_parent_order ON public.kds_orders USING btree (parent_order_id);


--
-- Name: kds_orders_idx_sequence; Type: INDEX; Schema: public; Owner: postgres
--

CREATE INDEX kds_orders_idx_sequence ON public.kds_orders USING btree (order_sequence);


--
-- Name: kds_orders_order_status; Type: INDEX; Schema: public; Owner: postgres
--

CREATE INDEX kds_orders_order_status ON public.kds_orders USING btree (order_status);


--
-- Name: kds_orders_priority; Type: INDEX; Schema: public; Owner: postgres
--

CREATE INDEX kds_orders_priority ON public.kds_orders USING btree (priority);


--
-- Name: kds_orders_sale_id; Type: INDEX; Schema: public; Owner: postgres
--

CREATE INDEX kds_orders_sale_id ON public.kds_orders USING btree (sale_id);


--
-- Name: kds_settings_idx_kds_settings_store_id; Type: INDEX; Schema: public; Owner: postgres
--

CREATE INDEX kds_settings_idx_kds_settings_store_id ON public.kds_settings USING btree (store_id);


--
-- Name: kds_station_items_idx_kds_station_items_store_id; Type: INDEX; Schema: public; Owner: postgres
--

CREATE INDEX kds_station_items_idx_kds_station_items_store_id ON public.kds_station_items USING btree (store_id);


--
-- Name: kds_station_items_item_id; Type: INDEX; Schema: public; Owner: postgres
--

CREATE INDEX kds_station_items_item_id ON public.kds_station_items USING btree (item_id);


--
-- Name: kds_station_items_station_id; Type: INDEX; Schema: public; Owner: postgres
--

CREATE INDEX kds_station_items_station_id ON public.kds_station_items USING btree (station_id);


--
-- Name: kds_stations_idx_kds_stations_store_id; Type: INDEX; Schema: public; Owner: postgres
--

CREATE INDEX kds_stations_idx_kds_stations_store_id ON public.kds_stations USING btree (store_id);


--
-- Name: kds_stations_idx_printer_id; Type: INDEX; Schema: public; Owner: postgres
--

CREATE INDEX kds_stations_idx_printer_id ON public.kds_stations USING btree (printer_id);


--
-- Name: kpra_invoices_sale_id; Type: INDEX; Schema: public; Owner: postgres
--

CREATE INDEX kpra_invoices_sale_id ON public.kpra_invoices USING btree (sale_id);


--
-- Name: kpra_logs_sale_id; Type: INDEX; Schema: public; Owner: postgres
--

CREATE INDEX kpra_logs_sale_id ON public.kpra_logs USING btree (sale_id);


--
-- Name: line_discount_rules_idx_active_dates; Type: INDEX; Schema: public; Owner: postgres
--

CREATE INDEX line_discount_rules_idx_active_dates ON public.line_discount_rules USING btree (scope_type, is_active, expires_at, starts_at);


--
-- Name: line_discount_rules_uk_scope; Type: INDEX; Schema: public; Owner: postgres
--

CREATE UNIQUE INDEX line_discount_rules_uk_scope ON public.line_discount_rules USING btree (scope_type, scope_id);


--
-- Name: modifier_group_assignments_modifier_group_id; Type: INDEX; Schema: public; Owner: postgres
--

CREATE INDEX modifier_group_assignments_modifier_group_id ON public.modifier_group_assignments USING btree (modifier_group_id);


--
-- Name: modifier_group_assignments_modifier_id; Type: INDEX; Schema: public; Owner: postgres
--

CREATE INDEX modifier_group_assignments_modifier_id ON public.modifier_group_assignments USING btree (modifier_id);


--
-- Name: order_takers_idx_employee_id; Type: INDEX; Schema: public; Owner: postgres
--

CREATE INDEX order_takers_idx_employee_id ON public.order_takers USING btree (employee_id);


--
-- Name: order_takers_idx_order_takers_store_id; Type: INDEX; Schema: public; Owner: postgres
--

CREATE INDEX order_takers_idx_order_takers_store_id ON public.order_takers USING btree (assigned_store_id);


--
-- Name: order_takers_idx_user_id; Type: INDEX; Schema: public; Owner: postgres
--

CREATE INDEX order_takers_idx_user_id ON public.order_takers USING btree (user_id);


--
-- Name: print_devices_idx_print_devices_active; Type: INDEX; Schema: public; Owner: postgres
--

CREATE INDEX print_devices_idx_print_devices_active ON public.print_devices USING btree (is_active);


--
-- Name: print_devices_idx_print_devices_default; Type: INDEX; Schema: public; Owner: postgres
--

CREATE INDEX print_devices_idx_print_devices_default ON public.print_devices USING btree (is_default);


--
-- Name: print_devices_idx_print_devices_type; Type: INDEX; Schema: public; Owner: postgres
--

CREATE INDEX print_devices_idx_print_devices_type ON public.print_devices USING btree (print_type);


--
-- Name: print_devices_idx_terminal_id; Type: INDEX; Schema: public; Owner: postgres
--

CREATE INDEX print_devices_idx_terminal_id ON public.print_devices USING btree (terminal_id);


--
-- Name: production_cost_lines_idx_production_cost_lines_item; Type: INDEX; Schema: public; Owner: postgres
--

CREATE INDEX production_cost_lines_idx_production_cost_lines_item ON public.production_cost_lines USING btree (production_item_id);


--
-- Name: production_items_finish_store_id; Type: INDEX; Schema: public; Owner: postgres
--

CREATE INDEX production_items_finish_store_id ON public.production_items USING btree (finish_store_id);


--
-- Name: production_items_item_id; Type: INDEX; Schema: public; Owner: postgres
--

CREATE INDEX production_items_item_id ON public.production_items USING btree (item_id);


--
-- Name: production_items_material_store_id; Type: INDEX; Schema: public; Owner: postgres
--

CREATE INDEX production_items_material_store_id ON public.production_items USING btree (material_store_id);


--
-- Name: production_items_production_order_id; Type: INDEX; Schema: public; Owner: postgres
--

CREATE INDEX production_items_production_order_id ON public.production_items USING btree (production_order_id);


--
-- Name: production_items_status; Type: INDEX; Schema: public; Owner: postgres
--

CREATE INDEX production_items_status ON public.production_items USING btree (status);


--
-- Name: production_materials_material_item_id; Type: INDEX; Schema: public; Owner: postgres
--

CREATE INDEX production_materials_material_item_id ON public.production_materials USING btree (material_item_id);


--
-- Name: production_materials_production_item_id; Type: INDEX; Schema: public; Owner: postgres
--

CREATE INDEX production_materials_production_item_id ON public.production_materials USING btree (production_item_id);


--
-- Name: production_orders_created_by; Type: INDEX; Schema: public; Owner: postgres
--

CREATE INDEX production_orders_created_by ON public.production_orders USING btree (created_by);


--
-- Name: production_orders_production_date; Type: INDEX; Schema: public; Owner: postgres
--

CREATE INDEX production_orders_production_date ON public.production_orders USING btree (production_date);


--
-- Name: production_orders_status; Type: INDEX; Schema: public; Owner: postgres
--

CREATE INDEX production_orders_status ON public.production_orders USING btree (status);


--
-- Name: purchase_items_idx_purchase_items_store_id; Type: INDEX; Schema: public; Owner: postgres
--

CREATE INDEX purchase_items_idx_purchase_items_store_id ON public.purchase_items USING btree (store_id);


--
-- Name: purchase_items_item_id; Type: INDEX; Schema: public; Owner: postgres
--

CREATE INDEX purchase_items_item_id ON public.purchase_items USING btree (item_id);


--
-- Name: purchase_items_purchase_id; Type: INDEX; Schema: public; Owner: postgres
--

CREATE INDEX purchase_items_purchase_id ON public.purchase_items USING btree (purchase_id);


--
-- Name: purchase_order_items_idx_poi_item; Type: INDEX; Schema: public; Owner: postgres
--

CREATE INDEX purchase_order_items_idx_poi_item ON public.purchase_order_items USING btree (item_id);


--
-- Name: purchase_order_items_idx_poi_po; Type: INDEX; Schema: public; Owner: postgres
--

CREATE INDEX purchase_order_items_idx_poi_po ON public.purchase_order_items USING btree (purchase_order_id);


--
-- Name: purchase_orders_idx_po_branch_store; Type: INDEX; Schema: public; Owner: postgres
--

CREATE INDEX purchase_orders_idx_po_branch_store ON public.purchase_orders USING btree (branch_id, store_id);


--
-- Name: purchase_orders_idx_po_status; Type: INDEX; Schema: public; Owner: postgres
--

CREATE INDEX purchase_orders_idx_po_status ON public.purchase_orders USING btree (status);


--
-- Name: purchase_orders_idx_po_vendor; Type: INDEX; Schema: public; Owner: postgres
--

CREATE INDEX purchase_orders_idx_po_vendor ON public.purchase_orders USING btree (vendor_id);


--
-- Name: purchase_return_items_item_id; Type: INDEX; Schema: public; Owner: postgres
--

CREATE INDEX purchase_return_items_item_id ON public.purchase_return_items USING btree (item_id);


--
-- Name: purchase_return_items_purchase_return_id; Type: INDEX; Schema: public; Owner: postgres
--

CREATE INDEX purchase_return_items_purchase_return_id ON public.purchase_return_items USING btree (purchase_return_id);


--
-- Name: purchase_returns_idx_purchase_returns_store_id; Type: INDEX; Schema: public; Owner: postgres
--

CREATE INDEX purchase_returns_idx_purchase_returns_store_id ON public.purchase_returns USING btree (store_id);


--
-- Name: purchase_returns_purchase_id; Type: INDEX; Schema: public; Owner: postgres
--

CREATE INDEX purchase_returns_purchase_id ON public.purchase_returns USING btree (purchase_id);


--
-- Name: purchase_returns_vendor_id; Type: INDEX; Schema: public; Owner: postgres
--

CREATE INDEX purchase_returns_vendor_id ON public.purchase_returns USING btree (vendor_id);


--
-- Name: purchases_idx_purchases_branch_id; Type: INDEX; Schema: public; Owner: postgres
--

CREATE INDEX purchases_idx_purchases_branch_id ON public.purchases USING btree (branch_id);


--
-- Name: purchases_idx_purchases_branch_store; Type: INDEX; Schema: public; Owner: postgres
--

CREATE INDEX purchases_idx_purchases_branch_store ON public.purchases USING btree (branch_id, store_id);


--
-- Name: purchases_idx_purchases_source_po_id; Type: INDEX; Schema: public; Owner: postgres
--

CREATE INDEX purchases_idx_purchases_source_po_id ON public.purchases USING btree (source_po_id);


--
-- Name: purchases_idx_purchases_store_id; Type: INDEX; Schema: public; Owner: postgres
--

CREATE INDEX purchases_idx_purchases_store_id ON public.purchases USING btree (store_id);


--
-- Name: purchases_vendor_id; Type: INDEX; Schema: public; Owner: postgres
--

CREATE INDEX purchases_vendor_id ON public.purchases USING btree (vendor_id);


--
-- Name: quotation_items_item_id; Type: INDEX; Schema: public; Owner: postgres
--

CREATE INDEX quotation_items_item_id ON public.quotation_items USING btree (item_id);


--
-- Name: quotation_items_quotation_id; Type: INDEX; Schema: public; Owner: postgres
--

CREATE INDEX quotation_items_quotation_id ON public.quotation_items USING btree (quotation_id);


--
-- Name: quotations_idx_quotations_customer_id; Type: INDEX; Schema: public; Owner: postgres
--

CREATE INDEX quotations_idx_quotations_customer_id ON public.quotations USING btree (customer_id);


--
-- Name: quotations_idx_quotations_status; Type: INDEX; Schema: public; Owner: postgres
--

CREATE INDEX quotations_idx_quotations_status ON public.quotations USING btree (status);


--
-- Name: quotations_idx_quotations_store_id; Type: INDEX; Schema: public; Owner: postgres
--

CREATE INDEX quotations_idx_quotations_store_id ON public.quotations USING btree (store_id);


--
-- Name: role_rights_right_id; Type: INDEX; Schema: public; Owner: postgres
--

CREATE INDEX role_rights_right_id ON public.role_rights USING btree (right_id);


--
-- Name: sale_item_modifiers_modifier_group_id; Type: INDEX; Schema: public; Owner: postgres
--

CREATE INDEX sale_item_modifiers_modifier_group_id ON public.sale_item_modifiers USING btree (modifier_group_id);


--
-- Name: sale_item_modifiers_modifier_id; Type: INDEX; Schema: public; Owner: postgres
--

CREATE INDEX sale_item_modifiers_modifier_id ON public.sale_item_modifiers USING btree (modifier_id);


--
-- Name: sale_item_modifiers_sale_item_id; Type: INDEX; Schema: public; Owner: postgres
--

CREATE INDEX sale_item_modifiers_sale_item_id ON public.sale_item_modifiers USING btree (sale_item_id);


--
-- Name: sale_items_idx_is_deal; Type: INDEX; Schema: public; Owner: postgres
--

CREATE INDEX sale_items_idx_is_deal ON public.sale_items USING btree (is_deal);


--
-- Name: sale_items_idx_sale_items_item_id; Type: INDEX; Schema: public; Owner: postgres
--

CREATE INDEX sale_items_idx_sale_items_item_id ON public.sale_items USING btree (item_id);


--
-- Name: sale_items_idx_sale_items_item_sale; Type: INDEX; Schema: public; Owner: postgres
--

CREATE INDEX sale_items_idx_sale_items_item_sale ON public.sale_items USING btree (item_id, sale_id);


--
-- Name: sale_items_idx_sale_items_sale_id; Type: INDEX; Schema: public; Owner: postgres
--

CREATE INDEX sale_items_idx_sale_items_sale_id ON public.sale_items USING btree (sale_id);


--
-- Name: sale_items_idx_sale_items_store_id; Type: INDEX; Schema: public; Owner: postgres
--

CREATE INDEX sale_items_idx_sale_items_store_id ON public.sale_items USING btree (store_id);


--
-- Name: sale_items_item_id; Type: INDEX; Schema: public; Owner: postgres
--

CREATE INDEX sale_items_item_id ON public.sale_items USING btree (item_id);


--
-- Name: sale_items_sale_id; Type: INDEX; Schema: public; Owner: postgres
--

CREATE INDEX sale_items_sale_id ON public.sale_items USING btree (sale_id);


--
-- Name: sale_return_items_item_id; Type: INDEX; Schema: public; Owner: postgres
--

CREATE INDEX sale_return_items_item_id ON public.sale_return_items USING btree (item_id);


--
-- Name: sale_return_items_sale_return_id; Type: INDEX; Schema: public; Owner: postgres
--

CREATE INDEX sale_return_items_sale_return_id ON public.sale_return_items USING btree (sale_return_id);


--
-- Name: sale_returns_customer_id; Type: INDEX; Schema: public; Owner: postgres
--

CREATE INDEX sale_returns_customer_id ON public.sale_returns USING btree (customer_id);


--
-- Name: sale_returns_idx_sale_returns_bank_account; Type: INDEX; Schema: public; Owner: postgres
--

CREATE INDEX sale_returns_idx_sale_returns_bank_account ON public.sale_returns USING btree (bank_account_id);


--
-- Name: sale_returns_idx_sale_returns_store_id; Type: INDEX; Schema: public; Owner: postgres
--

CREATE INDEX sale_returns_idx_sale_returns_store_id ON public.sale_returns USING btree (store_id);


--
-- Name: sale_returns_sale_id; Type: INDEX; Schema: public; Owner: postgres
--

CREATE INDEX sale_returns_sale_id ON public.sale_returns USING btree (sale_id);


--
-- Name: sales_idx_customer_id; Type: INDEX; Schema: public; Owner: postgres
--

CREATE INDEX sales_idx_customer_id ON public.sales USING btree (customer_id);


--
-- Name: sales_idx_discount_id; Type: INDEX; Schema: public; Owner: postgres
--

CREATE INDEX sales_idx_discount_id ON public.sales USING btree (discount_id);


--
-- Name: sales_idx_kpra_enabled; Type: INDEX; Schema: public; Owner: postgres
--

CREATE INDEX sales_idx_kpra_enabled ON public.sales USING btree (is_kpra_enabled);


--
-- Name: sales_idx_number_of_guests; Type: INDEX; Schema: public; Owner: postgres
--

CREATE INDEX sales_idx_number_of_guests ON public.sales USING btree (number_of_guests);


--
-- Name: sales_idx_order_taker_id; Type: INDEX; Schema: public; Owner: postgres
--

CREATE INDEX sales_idx_order_taker_id ON public.sales USING btree (order_taker_id);


--
-- Name: sales_idx_payment_method; Type: INDEX; Schema: public; Owner: postgres
--

CREATE INDEX sales_idx_payment_method ON public.sales USING btree (payment_method);


--
-- Name: sales_idx_sales_branch_id; Type: INDEX; Schema: public; Owner: postgres
--

CREATE INDEX sales_idx_sales_branch_id ON public.sales USING btree (branch_id);


--
-- Name: sales_idx_sales_branch_store; Type: INDEX; Schema: public; Owner: postgres
--

CREATE INDEX sales_idx_sales_branch_store ON public.sales USING btree (branch_id, store_id);


--
-- Name: sales_idx_sales_customer_id; Type: INDEX; Schema: public; Owner: postgres
--

CREATE INDEX sales_idx_sales_customer_id ON public.sales USING btree (customer_id);


--
-- Name: sales_idx_sales_date; Type: INDEX; Schema: public; Owner: postgres
--

CREATE INDEX sales_idx_sales_date ON public.sales USING btree (sale_date);


--
-- Name: sales_idx_sales_invoice_number; Type: INDEX; Schema: public; Owner: postgres
--

CREATE INDEX sales_idx_sales_invoice_number ON public.sales USING btree (invoice_number);


--
-- Name: sales_idx_sales_order_mode; Type: INDEX; Schema: public; Owner: postgres
--

CREATE INDEX sales_idx_sales_order_mode ON public.sales USING btree (order_mode);


--
-- Name: sales_idx_sales_sale_date; Type: INDEX; Schema: public; Owner: postgres
--

CREATE INDEX sales_idx_sales_sale_date ON public.sales USING btree (sale_date);


--
-- Name: sales_idx_sales_store_id; Type: INDEX; Schema: public; Owner: postgres
--

CREATE INDEX sales_idx_sales_store_id ON public.sales USING btree (store_id);


--
-- Name: sales_idx_sales_terminal_id; Type: INDEX; Schema: public; Owner: postgres
--

CREATE INDEX sales_idx_sales_terminal_id ON public.sales USING btree (terminal_id);


--
-- Name: sales_idx_sales_zatca_phase2_invoice_id; Type: INDEX; Schema: public; Owner: postgres
--

CREATE INDEX sales_idx_sales_zatca_phase2_invoice_id ON public.sales USING btree (zatca_phase2_invoice_id);


--
-- Name: sales_idx_tip_amount; Type: INDEX; Schema: public; Owner: postgres
--

CREATE INDEX sales_idx_tip_amount ON public.sales USING btree (tip_amount);


--
-- Name: setting_options_setting_id; Type: INDEX; Schema: public; Owner: postgres
--

CREATE INDEX setting_options_setting_id ON public.setting_options USING btree (setting_id);


--
-- Name: settings_category_id; Type: INDEX; Schema: public; Owner: postgres
--

CREATE INDEX settings_category_id ON public.settings USING btree (category_id);


--
-- Name: settings_idx_settings_store_id; Type: INDEX; Schema: public; Owner: postgres
--

CREATE INDEX settings_idx_settings_store_id ON public.settings USING btree (store_id);


--
-- Name: shift_logs_idx_shift_logs_store_id; Type: INDEX; Schema: public; Owner: postgres
--

CREATE INDEX shift_logs_idx_shift_logs_store_id ON public.shift_logs USING btree (store_id);


--
-- Name: shifts_fk_shifts_branch; Type: INDEX; Schema: public; Owner: postgres
--

CREATE INDEX shifts_fk_shifts_branch ON public.shifts USING btree (branch_id);


--
-- Name: shifts_idx_shifts_store_id; Type: INDEX; Schema: public; Owner: postgres
--

CREATE INDEX shifts_idx_shifts_store_id ON public.shifts USING btree (store_id);


--
-- Name: site_installation_singleton; Type: INDEX; Schema: public; Owner: postgres
--

CREATE UNIQUE INDEX site_installation_singleton ON public.site_installation USING btree ((true));


--
-- Name: stock_adjustment_items_adjustment_id; Type: INDEX; Schema: public; Owner: postgres
--

CREATE INDEX stock_adjustment_items_adjustment_id ON public.stock_adjustment_items USING btree (adjustment_id);


--
-- Name: stock_adjustment_items_item_id; Type: INDEX; Schema: public; Owner: postgres
--

CREATE INDEX stock_adjustment_items_item_id ON public.stock_adjustment_items USING btree (item_id);


--
-- Name: stock_adjustments_adjustment_date; Type: INDEX; Schema: public; Owner: postgres
--

CREATE INDEX stock_adjustments_adjustment_date ON public.stock_adjustments USING btree (adjustment_date);


--
-- Name: stock_adjustments_created_by; Type: INDEX; Schema: public; Owner: postgres
--

CREATE INDEX stock_adjustments_created_by ON public.stock_adjustments USING btree (created_by);


--
-- Name: stock_adjustments_journal_entry_id; Type: INDEX; Schema: public; Owner: postgres
--

CREATE INDEX stock_adjustments_journal_entry_id ON public.stock_adjustments USING btree (journal_entry_id);


--
-- Name: stock_adjustments_store_id; Type: INDEX; Schema: public; Owner: postgres
--

CREATE INDEX stock_adjustments_store_id ON public.stock_adjustments USING btree (store_id);


--
-- Name: stock_transfer_items_idx_stock_transfer_items_from_store_id; Type: INDEX; Schema: public; Owner: postgres
--

CREATE INDEX stock_transfer_items_idx_stock_transfer_items_from_store_id ON public.stock_transfer_items USING btree (from_store_id);


--
-- Name: stock_transfer_items_idx_stock_transfer_items_to_store_id; Type: INDEX; Schema: public; Owner: postgres
--

CREATE INDEX stock_transfer_items_idx_stock_transfer_items_to_store_id ON public.stock_transfer_items USING btree (to_store_id);


--
-- Name: stock_transfer_items_item_id; Type: INDEX; Schema: public; Owner: postgres
--

CREATE INDEX stock_transfer_items_item_id ON public.stock_transfer_items USING btree (item_id);


--
-- Name: stock_transfer_items_transfer_id; Type: INDEX; Schema: public; Owner: postgres
--

CREATE INDEX stock_transfer_items_transfer_id ON public.stock_transfer_items USING btree (transfer_id);


--
-- Name: stock_transfers_from_store_id; Type: INDEX; Schema: public; Owner: postgres
--

CREATE INDEX stock_transfers_from_store_id ON public.stock_transfers USING btree (from_store_id);


--
-- Name: stock_transfers_status; Type: INDEX; Schema: public; Owner: postgres
--

CREATE INDEX stock_transfers_status ON public.stock_transfers USING btree (status);


--
-- Name: stock_transfers_to_store_id; Type: INDEX; Schema: public; Owner: postgres
--

CREATE INDEX stock_transfers_to_store_id ON public.stock_transfers USING btree (to_store_id);


--
-- Name: store_inventory_item_id; Type: INDEX; Schema: public; Owner: postgres
--

CREATE INDEX store_inventory_item_id ON public.store_inventory USING btree (item_id);


--
-- Name: store_inventory_store_id; Type: INDEX; Schema: public; Owner: postgres
--

CREATE INDEX store_inventory_store_id ON public.store_inventory USING btree (store_id);


--
-- Name: stores_idx_stores_active; Type: INDEX; Schema: public; Owner: postgres
--

CREATE INDEX stores_idx_stores_active ON public.stores USING btree (is_active);


--
-- Name: stores_idx_stores_branch_id; Type: INDEX; Schema: public; Owner: postgres
--

CREATE INDEX stores_idx_stores_branch_id ON public.stores USING btree (branch_id);


--
-- Name: sub_categories_category_id; Type: INDEX; Schema: public; Owner: postgres
--

CREATE INDEX sub_categories_category_id ON public.sub_categories USING btree (category_id);


--
-- Name: sub_categories_idx_display_color; Type: INDEX; Schema: public; Owner: postgres
--

CREATE INDEX sub_categories_idx_display_color ON public.sub_categories USING btree (display_color);


--
-- Name: subscription_plans_idx_subscription_plans_billing_interval; Type: INDEX; Schema: public; Owner: postgres
--

CREATE INDEX subscription_plans_idx_subscription_plans_billing_interval ON public.subscription_plans USING btree (billing_interval);


--
-- Name: subscription_plans_idx_subscription_plans_is_active; Type: INDEX; Schema: public; Owner: postgres
--

CREATE INDEX subscription_plans_idx_subscription_plans_is_active ON public.subscription_plans USING btree (is_active);


--
-- Name: subscription_plans_idx_subscription_plans_store_id; Type: INDEX; Schema: public; Owner: postgres
--

CREATE INDEX subscription_plans_idx_subscription_plans_store_id ON public.subscription_plans USING btree (store_id);


--
-- Name: sup_payments_idx_sup_payments_balance_entry_id; Type: INDEX; Schema: public; Owner: postgres
--

CREATE INDEX sup_payments_idx_sup_payments_balance_entry_id ON public.sup_payments USING btree (balance_entry_id);


--
-- Name: sup_payments_idx_sup_payments_store_id; Type: INDEX; Schema: public; Owner: postgres
--

CREATE INDEX sup_payments_idx_sup_payments_store_id ON public.sup_payments USING btree (store_id);


--
-- Name: supplier_balance_entries_idx_supplier_balance_status; Type: INDEX; Schema: public; Owner: postgres
--

CREATE INDEX supplier_balance_entries_idx_supplier_balance_status ON public.supplier_balance_entries USING btree (status);


--
-- Name: supplier_balance_entries_idx_supplier_balance_type; Type: INDEX; Schema: public; Owner: postgres
--

CREATE INDEX supplier_balance_entries_idx_supplier_balance_type ON public.supplier_balance_entries USING btree (entry_type);


--
-- Name: supplier_balance_entries_idx_supplier_balance_vendor; Type: INDEX; Schema: public; Owner: postgres
--

CREATE INDEX supplier_balance_entries_idx_supplier_balance_vendor ON public.supplier_balance_entries USING btree (vendor_id);


--
-- Name: table_transfer_logs_idx_created_at; Type: INDEX; Schema: public; Owner: postgres
--

CREATE INDEX table_transfer_logs_idx_created_at ON public.table_transfer_logs USING btree (created_at);


--
-- Name: table_transfer_logs_idx_hold_order; Type: INDEX; Schema: public; Owner: postgres
--

CREATE INDEX table_transfer_logs_idx_hold_order ON public.table_transfer_logs USING btree (hold_order_id);


--
-- Name: table_transfer_logs_idx_source_table; Type: INDEX; Schema: public; Owner: postgres
--

CREATE INDEX table_transfer_logs_idx_source_table ON public.table_transfer_logs USING btree (source_table_id);


--
-- Name: table_transfer_logs_idx_target_table; Type: INDEX; Schema: public; Owner: postgres
--

CREATE INDEX table_transfer_logs_idx_target_table ON public.table_transfer_logs USING btree (target_table_id);


--
-- Name: table_transfer_logs_idx_transfer_type; Type: INDEX; Schema: public; Owner: postgres
--

CREATE INDEX table_transfer_logs_idx_transfer_type ON public.table_transfer_logs USING btree (transfer_type);


--
-- Name: table_transfer_logs_idx_transferred_by; Type: INDEX; Schema: public; Owner: postgres
--

CREATE INDEX table_transfer_logs_idx_transferred_by ON public.table_transfer_logs USING btree (transferred_by);


--
-- Name: tax_rates_idx_tax_rates_id; Type: INDEX; Schema: public; Owner: postgres
--

CREATE INDEX tax_rates_idx_tax_rates_id ON public.tax_rates USING btree (id);


--
-- Name: terminals_idx_branch_id; Type: INDEX; Schema: public; Owner: postgres
--

CREATE INDEX terminals_idx_branch_id ON public.terminals USING btree (branch_id);


--
-- Name: terminals_idx_is_active; Type: INDEX; Schema: public; Owner: postgres
--

CREATE INDEX terminals_idx_is_active ON public.terminals USING btree (is_active);


--
-- Name: terminals_idx_store_id; Type: INDEX; Schema: public; Owner: postgres
--

CREATE INDEX terminals_idx_store_id ON public.terminals USING btree (store_id);


--
-- Name: translations_key; Type: INDEX; Schema: public; Owner: postgres
--

CREATE INDEX translations_key ON public.translations USING btree (key);


--
-- Name: translations_language_code; Type: INDEX; Schema: public; Owner: postgres
--

CREATE INDEX translations_language_code ON public.translations USING btree (language_code);


--
-- Name: uoms_group_id; Type: INDEX; Schema: public; Owner: postgres
--

CREATE INDEX uoms_group_id ON public.uoms USING btree (group_id);


--
-- Name: user_language_preferences_language_code; Type: INDEX; Schema: public; Owner: postgres
--

CREATE INDEX user_language_preferences_language_code ON public.user_language_preferences USING btree (language_code);


--
-- Name: users_idx_email; Type: INDEX; Schema: public; Owner: postgres
--

CREATE INDEX users_idx_email ON public.users USING btree (email);


--
-- Name: users_idx_is_active; Type: INDEX; Schema: public; Owner: postgres
--

CREATE INDEX users_idx_is_active ON public.users USING btree (is_active);


--
-- Name: users_idx_profile_picture; Type: INDEX; Schema: public; Owner: postgres
--

CREATE INDEX users_idx_profile_picture ON public.users USING btree (profile_picture);


--
-- Name: users_idx_username; Type: INDEX; Schema: public; Owner: postgres
--

CREATE INDEX users_idx_username ON public.users USING btree (username);


--
-- Name: users_idx_users_default_branch_id; Type: INDEX; Schema: public; Owner: postgres
--

CREATE INDEX users_idx_users_default_branch_id ON public.users USING btree (default_branch_id);


--
-- Name: users_idx_users_store_id; Type: INDEX; Schema: public; Owner: postgres
--

CREATE INDEX users_idx_users_store_id ON public.users USING btree (assigned_store_id);


--
-- Name: users_role_id; Type: INDEX; Schema: public; Owner: postgres
--

CREATE INDEX users_role_id ON public.users USING btree (role_id);


--
-- Name: vendors_idx_vendors_active; Type: INDEX; Schema: public; Owner: postgres
--

CREATE INDEX vendors_idx_vendors_active ON public.vendors USING btree (is_active);


--
-- Name: vendors_idx_vendors_store_id; Type: INDEX; Schema: public; Owner: postgres
--

CREATE INDEX vendors_idx_vendors_store_id ON public.vendors USING btree (primary_store_id);


--
-- Name: void_items_idx_item_id; Type: INDEX; Schema: public; Owner: postgres
--

CREATE INDEX void_items_idx_item_id ON public.void_items USING btree (item_id);


--
-- Name: void_items_idx_source; Type: INDEX; Schema: public; Owner: postgres
--

CREATE INDEX void_items_idx_source ON public.void_items USING btree (source_type, source_id);


--
-- Name: void_items_idx_void_reason; Type: INDEX; Schema: public; Owner: postgres
--

CREATE INDEX void_items_idx_void_reason ON public.void_items USING btree (void_reason_id);


--
-- Name: void_items_idx_voided_at; Type: INDEX; Schema: public; Owner: postgres
--

CREATE INDEX void_items_idx_voided_at ON public.void_items USING btree (voided_at);


--
-- Name: void_items_idx_voided_by; Type: INDEX; Schema: public; Owner: postgres
--

CREATE INDEX void_items_idx_voided_by ON public.void_items USING btree (voided_by);


--
-- Name: void_orders_idx_void_orders_store_id; Type: INDEX; Schema: public; Owner: postgres
--

CREATE INDEX void_orders_idx_void_orders_store_id ON public.void_orders USING btree (store_id);


--
-- Name: void_orders_sale_id; Type: INDEX; Schema: public; Owner: postgres
--

CREATE INDEX void_orders_sale_id ON public.void_orders USING btree (sale_id);


--
-- Name: void_orders_void_reason_id; Type: INDEX; Schema: public; Owner: postgres
--

CREATE INDEX void_orders_void_reason_id ON public.void_orders USING btree (void_reason_id);


--
-- Name: void_orders_voided_by; Type: INDEX; Schema: public; Owner: postgres
--

CREATE INDEX void_orders_voided_by ON public.void_orders USING btree (voided_by);


--
-- Name: wastage_branch_id; Type: INDEX; Schema: public; Owner: postgres
--

CREATE INDEX wastage_branch_id ON public.wastage USING btree (branch_id);


--
-- Name: wastage_created_by; Type: INDEX; Schema: public; Owner: postgres
--

CREATE INDEX wastage_created_by ON public.wastage USING btree (created_by);


--
-- Name: wastage_items_item_id; Type: INDEX; Schema: public; Owner: postgres
--

CREATE INDEX wastage_items_item_id ON public.wastage_items USING btree (item_id);


--
-- Name: wastage_items_wastage_id; Type: INDEX; Schema: public; Owner: postgres
--

CREATE INDEX wastage_items_wastage_id ON public.wastage_items USING btree (wastage_id);


--
-- Name: wastage_journal_entry_id; Type: INDEX; Schema: public; Owner: postgres
--

CREATE INDEX wastage_journal_entry_id ON public.wastage USING btree (journal_entry_id);


--
-- Name: wastage_store_id; Type: INDEX; Schema: public; Owner: postgres
--

CREATE INDEX wastage_store_id ON public.wastage USING btree (store_id);


--
-- Name: wastage_wastage_date; Type: INDEX; Schema: public; Owner: postgres
--

CREATE INDEX wastage_wastage_date ON public.wastage USING btree (wastage_date);


--
-- Name: zatca_invoices_invoice_date; Type: INDEX; Schema: public; Owner: postgres
--

CREATE INDEX zatca_invoices_invoice_date ON public.zatca_invoices USING btree (invoice_date);


--
-- Name: zatca_invoices_invoice_number; Type: INDEX; Schema: public; Owner: postgres
--

CREATE INDEX zatca_invoices_invoice_number ON public.zatca_invoices USING btree (invoice_number);


--
-- Name: zatca_invoices_invoice_type; Type: INDEX; Schema: public; Owner: postgres
--

CREATE INDEX zatca_invoices_invoice_type ON public.zatca_invoices USING btree (invoice_type);


--
-- Name: zatca_invoices_sale_id; Type: INDEX; Schema: public; Owner: postgres
--

CREATE INDEX zatca_invoices_sale_id ON public.zatca_invoices USING btree (sale_id);


--
-- Name: zatca_phase2_api_logs_idx_zatca_p2_api_created; Type: INDEX; Schema: public; Owner: postgres
--

CREATE INDEX zatca_phase2_api_logs_idx_zatca_p2_api_created ON public.zatca_phase2_api_logs USING btree (created_at);


--
-- Name: zatca_phase2_api_logs_idx_zatca_p2_api_invoice; Type: INDEX; Schema: public; Owner: postgres
--

CREATE INDEX zatca_phase2_api_logs_idx_zatca_p2_api_invoice ON public.zatca_phase2_api_logs USING btree (zatca_phase2_invoice_id);


--
-- Name: zatca_phase2_api_logs_idx_zatca_p2_api_status; Type: INDEX; Schema: public; Owner: postgres
--

CREATE INDEX zatca_phase2_api_logs_idx_zatca_p2_api_status ON public.zatca_phase2_api_logs USING btree (response_status);


--
-- Name: zatca_phase2_certificates_idx_zatca_p2_cert_active; Type: INDEX; Schema: public; Owner: postgres
--

CREATE INDEX zatca_phase2_certificates_idx_zatca_p2_cert_active ON public.zatca_phase2_certificates USING btree (is_active);


--
-- Name: zatca_phase2_certificates_idx_zatca_p2_cert_env; Type: INDEX; Schema: public; Owner: postgres
--

CREATE INDEX zatca_phase2_certificates_idx_zatca_p2_cert_env ON public.zatca_phase2_certificates USING btree (environment);


--
-- Name: zatca_phase2_certificates_idx_zatca_p2_cert_store; Type: INDEX; Schema: public; Owner: postgres
--

CREATE INDEX zatca_phase2_certificates_idx_zatca_p2_cert_store ON public.zatca_phase2_certificates USING btree (store_id);


--
-- Name: zatca_phase2_device_state_idx_zatca_p2_device_store; Type: INDEX; Schema: public; Owner: postgres
--

CREATE INDEX zatca_phase2_device_state_idx_zatca_p2_device_store ON public.zatca_phase2_device_state USING btree (store_id);


--
-- Name: zatca_phase2_invoices_idx_zatca_p2_created_at; Type: INDEX; Schema: public; Owner: postgres
--

CREATE INDEX zatca_phase2_invoices_idx_zatca_p2_created_at ON public.zatca_phase2_invoices USING btree (created_at);


--
-- Name: zatca_phase2_invoices_idx_zatca_p2_invoice_number; Type: INDEX; Schema: public; Owner: postgres
--

CREATE INDEX zatca_phase2_invoices_idx_zatca_p2_invoice_number ON public.zatca_phase2_invoices USING btree (invoice_number);


--
-- Name: zatca_phase2_invoices_idx_zatca_p2_next_retry_at; Type: INDEX; Schema: public; Owner: postgres
--

CREATE INDEX zatca_phase2_invoices_idx_zatca_p2_next_retry_at ON public.zatca_phase2_invoices USING btree (next_retry_at);


--
-- Name: zatca_phase2_invoices_idx_zatca_p2_sale_id; Type: INDEX; Schema: public; Owner: postgres
--

CREATE INDEX zatca_phase2_invoices_idx_zatca_p2_sale_id ON public.zatca_phase2_invoices USING btree (sale_id);


--
-- Name: zatca_phase2_invoices_idx_zatca_p2_status; Type: INDEX; Schema: public; Owner: postgres
--

CREATE INDEX zatca_phase2_invoices_idx_zatca_p2_status ON public.zatca_phase2_invoices USING btree (status);


--
-- Name: zatca_phase2_jobs_idx_zatca_p2_jobs_invoice; Type: INDEX; Schema: public; Owner: postgres
--

CREATE INDEX zatca_phase2_jobs_idx_zatca_p2_jobs_invoice ON public.zatca_phase2_jobs USING btree (zatca_phase2_invoice_id);


--
-- Name: zatca_phase2_jobs_idx_zatca_p2_jobs_locked; Type: INDEX; Schema: public; Owner: postgres
--

CREATE INDEX zatca_phase2_jobs_idx_zatca_p2_jobs_locked ON public.zatca_phase2_jobs USING btree (locked_at);


--
-- Name: zatca_phase2_jobs_idx_zatca_p2_jobs_status_run; Type: INDEX; Schema: public; Owner: postgres
--

CREATE INDEX zatca_phase2_jobs_idx_zatca_p2_jobs_status_run ON public.zatca_phase2_jobs USING btree (status, run_after);


--
-- Name: zatca_phase2_status_history_idx_zatca_p2_hist_created; Type: INDEX; Schema: public; Owner: postgres
--

CREATE INDEX zatca_phase2_status_history_idx_zatca_p2_hist_created ON public.zatca_phase2_status_history USING btree (created_at);


--
-- Name: zatca_phase2_status_history_idx_zatca_p2_hist_invoice; Type: INDEX; Schema: public; Owner: postgres
--

CREATE INDEX zatca_phase2_status_history_idx_zatca_p2_hist_invoice ON public.zatca_phase2_status_history USING btree (zatca_phase2_invoice_id);


--
-- Name: item_barcodes fk_item_barcodes_item; Type: FK CONSTRAINT; Schema: public; Owner: postgres
--

ALTER TABLE ONLY public.item_barcodes
    ADD CONSTRAINT fk_item_barcodes_item FOREIGN KEY (item_id) REFERENCES public.items(id) ON DELETE CASCADE;


--
-- Name: item_line_discounts fk_item_line_discounts_item; Type: FK CONSTRAINT; Schema: public; Owner: postgres
--

ALTER TABLE ONLY public.item_line_discounts
    ADD CONSTRAINT fk_item_line_discounts_item FOREIGN KEY (item_id) REFERENCES public.items(id) ON UPDATE CASCADE ON DELETE CASCADE;


--
-- Name: item_serial_transactions fk_serial_trans_serial; Type: FK CONSTRAINT; Schema: public; Owner: postgres
--

ALTER TABLE ONLY public.item_serial_transactions
    ADD CONSTRAINT fk_serial_trans_serial FOREIGN KEY (serial_id) REFERENCES public.item_serials(id) ON DELETE CASCADE;


--
-- Name: inventory_lots inventory_lots_item_id_fkey; Type: FK CONSTRAINT; Schema: public; Owner: postgres
--

ALTER TABLE ONLY public.inventory_lots
    ADD CONSTRAINT inventory_lots_item_id_fkey FOREIGN KEY (item_id) REFERENCES public.items(id) ON DELETE RESTRICT;


--
-- Name: inventory_lots inventory_lots_purchase_id_fkey; Type: FK CONSTRAINT; Schema: public; Owner: postgres
--

ALTER TABLE ONLY public.inventory_lots
    ADD CONSTRAINT inventory_lots_purchase_id_fkey FOREIGN KEY (purchase_id) REFERENCES public.purchases(id) ON DELETE SET NULL;


--
-- Name: inventory_lots inventory_lots_purchase_item_id_fkey; Type: FK CONSTRAINT; Schema: public; Owner: postgres
--

ALTER TABLE ONLY public.inventory_lots
    ADD CONSTRAINT inventory_lots_purchase_item_id_fkey FOREIGN KEY (purchase_item_id) REFERENCES public.purchase_items(id) ON DELETE SET NULL;


--
-- Name: inventory_lots inventory_lots_store_id_fkey; Type: FK CONSTRAINT; Schema: public; Owner: postgres
--

ALTER TABLE ONLY public.inventory_lots
    ADD CONSTRAINT inventory_lots_store_id_fkey FOREIGN KEY (store_id) REFERENCES public.stores(id) ON DELETE SET NULL;


--
-- Name: TABLE account_mappings; Type: ACL; Schema: public; Owner: postgres
--

GRANT SELECT,INSERT,DELETE,UPDATE ON TABLE public.account_mappings TO itresources;


--
-- Name: SEQUENCE account_mappings_id_seq; Type: ACL; Schema: public; Owner: postgres
--

GRANT SELECT,USAGE ON SEQUENCE public.account_mappings_id_seq TO itresources;


--
-- Name: TABLE card_types; Type: ACL; Schema: public; Owner: postgres
--

GRANT SELECT,INSERT,DELETE,UPDATE ON TABLE public.card_types TO itresources;


--
-- Name: SEQUENCE card_types_id_seq; Type: ACL; Schema: public; Owner: postgres
--

GRANT SELECT,USAGE ON SEQUENCE public.card_types_id_seq TO itresources;


--
-- Name: TABLE chart_of_accounts; Type: ACL; Schema: public; Owner: postgres
--

GRANT SELECT,INSERT,DELETE,UPDATE ON TABLE public.chart_of_accounts TO itresources;


--
-- Name: SEQUENCE chart_of_accounts_id_seq; Type: ACL; Schema: public; Owner: postgres
--

GRANT SELECT,USAGE ON SEQUENCE public.chart_of_accounts_id_seq TO itresources;


--
-- Name: TABLE fbr_digital_invoices; Type: ACL; Schema: public; Owner: postgres
--

GRANT SELECT,INSERT,DELETE,UPDATE ON TABLE public.fbr_digital_invoices TO itresources;


--
-- Name: SEQUENCE fbr_digital_invoices_id_seq; Type: ACL; Schema: public; Owner: postgres
--

GRANT SELECT,USAGE ON SEQUENCE public.fbr_digital_invoices_id_seq TO itresources;


--
-- Name: TABLE fbr_digital_logs; Type: ACL; Schema: public; Owner: postgres
--

GRANT SELECT,INSERT,DELETE,UPDATE ON TABLE public.fbr_digital_logs TO itresources;


--
-- Name: SEQUENCE fbr_digital_logs_id_seq; Type: ACL; Schema: public; Owner: postgres
--

GRANT SELECT,USAGE ON SEQUENCE public.fbr_digital_logs_id_seq TO itresources;


--
-- Name: TABLE fbr_digital_scenarios; Type: ACL; Schema: public; Owner: postgres
--

GRANT SELECT,INSERT,DELETE,UPDATE ON TABLE public.fbr_digital_scenarios TO itresources;


--
-- Name: SEQUENCE fbr_digital_scenarios_id_seq; Type: ACL; Schema: public; Owner: postgres
--

GRANT SELECT,USAGE ON SEQUENCE public.fbr_digital_scenarios_id_seq TO itresources;


--
-- Name: TABLE inventory_lots; Type: ACL; Schema: public; Owner: postgres
--

GRANT SELECT,INSERT,DELETE,UPDATE ON TABLE public.inventory_lots TO itresources;


--
-- Name: SEQUENCE inventory_lots_id_seq; Type: ACL; Schema: public; Owner: postgres
--

GRANT SELECT,USAGE ON SEQUENCE public.inventory_lots_id_seq TO itresources;


--
-- Name: TABLE line_discount_rules; Type: ACL; Schema: public; Owner: postgres
--

GRANT SELECT,INSERT,DELETE,UPDATE ON TABLE public.line_discount_rules TO itresources;


--
-- Name: SEQUENCE line_discount_rules_id_seq; Type: ACL; Schema: public; Owner: postgres
--

GRANT SELECT,USAGE ON SEQUENCE public.line_discount_rules_id_seq TO itresources;


--
-- Name: TABLE purchases; Type: ACL; Schema: public; Owner: postgres
--

GRANT SELECT,INSERT,DELETE,UPDATE ON TABLE public.purchases TO itresources;


--
-- Name: TABLE site_installation; Type: ACL; Schema: public; Owner: postgres
--

GRANT SELECT,INSERT,DELETE,UPDATE ON TABLE public.site_installation TO itresources;


--
-- Name: SEQUENCE site_installation_id_seq; Type: ACL; Schema: public; Owner: postgres
--

GRANT SELECT,USAGE ON SEQUENCE public.site_installation_id_seq TO itresources;


--
-- Name: DEFAULT PRIVILEGES FOR SEQUENCES; Type: DEFAULT ACL; Schema: public; Owner: postgres
--

ALTER DEFAULT PRIVILEGES FOR ROLE postgres IN SCHEMA public GRANT SELECT,USAGE ON SEQUENCES TO itresources;


--
-- Name: DEFAULT PRIVILEGES FOR TABLES; Type: DEFAULT ACL; Schema: public; Owner: postgres
--

ALTER DEFAULT PRIVILEGES FOR ROLE postgres IN SCHEMA public GRANT SELECT,INSERT,DELETE,UPDATE ON TABLES TO itresources;


--
--

\unrestrict rBB5DxqVw70zvbBK7VzxKI4g3YUbgMrz9xLwVdF8GBGgivVpuNWTY7fbklyvosn

